{"id":14543,"date":"2022-01-22T10:21:53","date_gmt":"2022-01-22T09:21:53","guid":{"rendered":"https:\/\/demoweb.info\/sexshop001\/producto\/panteras\/"},"modified":"2022-01-22T10:22:09","modified_gmt":"2022-01-22T09:22:09","slug":"panteras","status":"publish","type":"product","link":"https:\/\/demoweb.info\/sexshop001\/producto\/panteras\/","title":{"rendered":"PANTERAS"},"content":{"rendered":"<p><strong>PANTERAS<\/strong><\/p>\n<p>Lema Valenti.<\/p>\n<p>\u00bfQu\u00e9 le queda a una mujer cuando la acusan por un delito que no ha cometido? \u00bfEn qu\u00e9 puede apoyarse una dama cuando los hombros que deb\u00edan consolarla desaparecen? \u00bfC\u00f3mo recompone una joven enamorada su coraz\u00f3n hecho a\u00f1icos? Muchos pensar\u00e9is que esa pobre desgraciada que vivi\u00f3 en la \u00e9poca georgiana, pisoteada por los hombres, no tuvo un buen final. Pero de haber sido as\u00ed, no os podr\u00eda contar esta historia, ni jam\u00e1s conocer\u00edais a las espl\u00e9ndidas mujeres que ocupan estas p\u00e1ginas, ni sabr\u00edais del club clandestino que se fund\u00f3 en pleno coraz\u00f3n de Inglaterra, desafiando a todo y a todos.<\/p>\n<p>506 P\u00e1ginas.<\/p>\n<p>ISBN: 978-84-01-34232-5<\/p>\n<p>Tapa blanda con solapa 23 x 15,2 cm. .<\/p>\n","protected":false},"excerpt":{"rendered":"<p>PANTERAS Lema Valenti. \u00bfQu\u00e9 le queda a una mujer cuando la acusan por un delito que no ha cometido? \u00bfEn<\/p>\n","protected":false},"featured_media":14544,"comment_status":"open","ping_status":"open","template":"","meta":[],"product_cat":[713],"product_tag":[792,415],"class_list":["post-14543","product","type-product","status-publish","has-post-thumbnail","hentry","product_cat-libros-lectura","product_tag-plaza-janes","product_tag-random-house"],"bundled_by":[],"bundle_stock_status":"instock","bundle_stock_quantity":2,"bundle_virtual":false,"bundle_layout":"","bundle_add_to_cart_form_location":"","bundle_editable_in_cart":false,"bundle_sold_individually_context":"","bundle_item_grouping":"","bundle_min_size":"","bundle_max_size":"","bundled_items":[],"yoast_head":"<!-- This site is optimized with the Yoast SEO plugin v20.6 - https:\/\/yoast.com\/wordpress\/plugins\/seo\/ -->\n<title>PANTERAS - Tienda Er\u00f3tica<\/title>\n<meta name=\"robots\" content=\"noindex, follow, max-snippet:-1, max-image-preview:large, max-video-preview:-1\" \/>\n<meta property=\"og:locale\" content=\"es_ES\" \/>\n<meta property=\"og:type\" content=\"article\" \/>\n<meta property=\"og:title\" content=\"PANTERAS - Tienda Er\u00f3tica\" \/>\n<meta property=\"og:description\" content=\"PANTERAS Lema Valenti. \u00bfQu\u00e9 le queda a una mujer cuando la acusan por un delito que no ha cometido? \u00bfEn\" \/>\n<meta property=\"og:url\" content=\"https:\/\/demoweb.info\/sexshop001\/producto\/panteras\/\" \/>\n<meta property=\"og:site_name\" content=\"Tienda Er\u00f3tica\" \/>\n<meta property=\"article:modified_time\" content=\"2022-01-22T09:22:09+00:00\" \/>\n<meta property=\"og:image\" content=\"https:\/\/demoweb.info\/sexshop001\/wp-content\/uploads\/2022\/01\/PANTERAS.jpg\" \/>\n\t<meta property=\"og:image:width\" content=\"550\" \/>\n\t<meta property=\"og:image:height\" content=\"550\" \/>\n\t<meta property=\"og:image:type\" content=\"image\/jpeg\" \/>\n<meta name=\"twitter:card\" content=\"summary_large_image\" \/>\n<meta name=\"twitter:label1\" content=\"Tiempo de lectura\" \/>\n\t<meta name=\"twitter:data1\" content=\"1 minuto\" \/>\n<script type=\"application\/ld+json\" class=\"yoast-schema-graph\">{\"@context\":\"https:\/\/schema.org\",\"@graph\":[{\"@type\":\"WebPage\",\"@id\":\"https:\/\/demoweb.info\/sexshop001\/producto\/panteras\/\",\"url\":\"https:\/\/demoweb.info\/sexshop001\/producto\/panteras\/\",\"name\":\"PANTERAS - Tienda Er\u00f3tica\",\"isPartOf\":{\"@id\":\"https:\/\/demoweb.info\/sexshop001\/#website\"},\"datePublished\":\"2022-01-22T09:21:53+00:00\",\"dateModified\":\"2022-01-22T09:22:09+00:00\",\"breadcrumb\":{\"@id\":\"https:\/\/demoweb.info\/sexshop001\/producto\/panteras\/#breadcrumb\"},\"inLanguage\":\"es\",\"potentialAction\":[{\"@type\":\"ReadAction\",\"target\":[\"https:\/\/demoweb.info\/sexshop001\/producto\/panteras\/\"]}]},{\"@type\":\"BreadcrumbList\",\"@id\":\"https:\/\/demoweb.info\/sexshop001\/producto\/panteras\/#breadcrumb\",\"itemListElement\":[{\"@type\":\"ListItem\",\"position\":1,\"name\":\"Portada\",\"item\":\"https:\/\/demoweb.info\/sexshop001\/\"},{\"@type\":\"ListItem\",\"position\":2,\"name\":\"Tienda\",\"item\":\"https:\/\/demoweb.info\/sexshop001\/tienda\/\"},{\"@type\":\"ListItem\",\"position\":3,\"name\":\"PANTERAS\"}]},{\"@type\":\"WebSite\",\"@id\":\"https:\/\/demoweb.info\/sexshop001\/#website\",\"url\":\"https:\/\/demoweb.info\/sexshop001\/\",\"name\":\"Tienda Er\u00f3tica\",\"description\":\"DEMOWEB SL\",\"potentialAction\":[{\"@type\":\"SearchAction\",\"target\":{\"@type\":\"EntryPoint\",\"urlTemplate\":\"https:\/\/demoweb.info\/sexshop001\/?s={search_term_string}\"},\"query-input\":\"required name=search_term_string\"}],\"inLanguage\":\"es\"}]}<\/script>\n<!-- \/ Yoast SEO plugin. -->","yoast_head_json":{"title":"PANTERAS - Tienda Er\u00f3tica","robots":{"index":"noindex","follow":"follow","max-snippet":"max-snippet:-1","max-image-preview":"max-image-preview:large","max-video-preview":"max-video-preview:-1"},"og_locale":"es_ES","og_type":"article","og_title":"PANTERAS - Tienda Er\u00f3tica","og_description":"PANTERAS Lema Valenti. \u00bfQu\u00e9 le queda a una mujer cuando la acusan por un delito que no ha cometido? \u00bfEn","og_url":"https:\/\/demoweb.info\/sexshop001\/producto\/panteras\/","og_site_name":"Tienda Er\u00f3tica","article_modified_time":"2022-01-22T09:22:09+00:00","og_image":[{"width":550,"height":550,"url":"https:\/\/demoweb.info\/sexshop001\/wp-content\/uploads\/2022\/01\/PANTERAS.jpg","type":"image\/jpeg"}],"twitter_card":"summary_large_image","twitter_misc":{"Tiempo de lectura":"1 minuto"},"schema":{"@context":"https:\/\/schema.org","@graph":[{"@type":"WebPage","@id":"https:\/\/demoweb.info\/sexshop001\/producto\/panteras\/","url":"https:\/\/demoweb.info\/sexshop001\/producto\/panteras\/","name":"PANTERAS - Tienda Er\u00f3tica","isPartOf":{"@id":"https:\/\/demoweb.info\/sexshop001\/#website"},"datePublished":"2022-01-22T09:21:53+00:00","dateModified":"2022-01-22T09:22:09+00:00","breadcrumb":{"@id":"https:\/\/demoweb.info\/sexshop001\/producto\/panteras\/#breadcrumb"},"inLanguage":"es","potentialAction":[{"@type":"ReadAction","target":["https:\/\/demoweb.info\/sexshop001\/producto\/panteras\/"]}]},{"@type":"BreadcrumbList","@id":"https:\/\/demoweb.info\/sexshop001\/producto\/panteras\/#breadcrumb","itemListElement":[{"@type":"ListItem","position":1,"name":"Portada","item":"https:\/\/demoweb.info\/sexshop001\/"},{"@type":"ListItem","position":2,"name":"Tienda","item":"https:\/\/demoweb.info\/sexshop001\/tienda\/"},{"@type":"ListItem","position":3,"name":"PANTERAS"}]},{"@type":"WebSite","@id":"https:\/\/demoweb.info\/sexshop001\/#website","url":"https:\/\/demoweb.info\/sexshop001\/","name":"Tienda Er\u00f3tica","description":"DEMOWEB SL","potentialAction":[{"@type":"SearchAction","target":{"@type":"EntryPoint","urlTemplate":"https:\/\/demoweb.info\/sexshop001\/?s={search_term_string}"},"query-input":"required name=search_term_string"}],"inLanguage":"es"}]}},"_links":{"self":[{"href":"https:\/\/demoweb.info\/sexshop001\/wp-json\/wp\/v3\/product\/14543","targetHints":{"allow":["GET"]}}],"collection":[{"href":"https:\/\/demoweb.info\/sexshop001\/wp-json\/wp\/v3\/product"}],"about":[{"href":"https:\/\/demoweb.info\/sexshop001\/wp-json\/wp\/v2\/types\/product"}],"replies":[{"embeddable":true,"href":"https:\/\/demoweb.info\/sexshop001\/wp-json\/wp\/v2\/comments?post=14543"}],"wp:featuredmedia":[{"embeddable":true,"href":"https:\/\/demoweb.info\/sexshop001\/wp-json\/wp\/v2\/media\/14544"}],"wp:attachment":[{"href":"https:\/\/demoweb.info\/sexshop001\/wp-json\/wp\/v2\/media?parent=14543"}],"wp:term":[{"taxonomy":"product_cat","embeddable":true,"href":"https:\/\/demoweb.info\/sexshop001\/wp-json\/wp\/v2\/product_cat?post=14543"},{"taxonomy":"product_tag","embeddable":true,"href":"https:\/\/demoweb.info\/sexshop001\/wp-json\/wp\/v2\/product_tag?post=14543"}],"curies":[{"name":"wp","href":"https:\/\/api.w.org\/{rel}","templated":true}]}}