{"id":14314,"date":"2022-01-22T10:20:15","date_gmt":"2022-01-22T09:20:15","guid":{"rendered":"https:\/\/demoweb.info\/sexshop001\/producto\/dildos-flexible-de-silicona-carne\/"},"modified":"2022-01-22T10:20:25","modified_gmt":"2022-01-22T09:20:25","slug":"dildos-flexible-de-silicona-carne","status":"publish","type":"product","link":"https:\/\/demoweb.info\/sexshop001\/producto\/dildos-flexible-de-silicona-carne\/","title":{"rendered":"DILDOS FLEXIBLE DE SILICONA &#8211; CARNE"},"content":{"rendered":"<p><strong>SQUEEZABLE PHALLIC DILDO &#8211; FLESH<\/strong><\/p>\n<p>\u00a1Apri\u00e9talo, d\u00f3blalo, emp\u00fajalo!<\/p>\n<p>\u00a1Este dong de \u00faltima generaci\u00f3n es ultra flexible para que pueda cumplir con sus demandas!<\/p>\n<p>Disfruta de la forma f\u00e1lica con su cabeza abultada, o apl\u00e1stala en otra forma. Hecho con tecnolog\u00eda Thermo-Reactive, se puede enfriar en un refrigerador hasta que est\u00e9 listo para usarlo, haci\u00e9ndolo fr\u00edo y duro, o se puede calentar en un microondas o agua hirviendo para que sea c\u00e1lido y c\u00f3modo.<\/p>\n<p>Succione la base hacia una superficie lisa para un viaje con manos libres, o arn\u00e9selo para jugar con correa con un compa\u00f1ero.<\/p>\n<p>El material de silicona premium no es poroso y no contiene ftalato, pero no es compatible con lubricantes de silicona.<\/p>\n<p>Limpie despu\u00e9s de usar con jab\u00f3n suave o limpiador de juguetes.<\/p>\n<p>Hecho con una f\u00f3rmula revolucionaria patentada para una sensaci\u00f3n realista.<\/p>\n<ul>\n<li>Peso embalaje 287 gram<\/li>\n<li>Dimensiones del producto 16,2 x 3,8 x 3,9 cm<\/li>\n<li>Peso del producto 209 gram<\/li>\n<li>Longitud insertable 14,7 cm<\/li>\n<li>Materiales Silexpan silicone<\/li>\n<\/ul>\n","protected":false},"excerpt":{"rendered":"<p>SQUEEZABLE PHALLIC DILDO &#8211; FLESH \u00a1Apri\u00e9talo, d\u00f3blalo, emp\u00fajalo! \u00a1Este dong de \u00faltima generaci\u00f3n es ultra flexible para que pueda cumplir<\/p>\n","protected":false},"featured_media":14315,"comment_status":"open","ping_status":"open","template":"","meta":[],"product_cat":[340],"product_tag":[787,274],"class_list":["post-14314","product","type-product","status-publish","has-post-thumbnail","hentry","product_cat-silicona-dildos","product_tag-squeeze-it","product_tag-xr-brands"],"bundled_by":[],"bundle_stock_status":"instock","bundle_stock_quantity":1,"bundle_virtual":false,"bundle_layout":"","bundle_add_to_cart_form_location":"","bundle_editable_in_cart":false,"bundle_sold_individually_context":"","bundle_item_grouping":"","bundle_min_size":"","bundle_max_size":"","bundled_items":[],"yoast_head":"<!-- This site is optimized with the Yoast SEO plugin v20.6 - https:\/\/yoast.com\/wordpress\/plugins\/seo\/ -->\n<title>DILDOS FLEXIBLE DE SILICONA - CARNE - Tienda Er\u00f3tica<\/title>\n<meta name=\"robots\" content=\"noindex, follow, max-snippet:-1, max-image-preview:large, max-video-preview:-1\" \/>\n<meta property=\"og:locale\" content=\"es_ES\" \/>\n<meta property=\"og:type\" content=\"article\" \/>\n<meta property=\"og:title\" content=\"DILDOS FLEXIBLE DE SILICONA - CARNE - Tienda Er\u00f3tica\" \/>\n<meta property=\"og:description\" content=\"SQUEEZABLE PHALLIC DILDO &#8211; FLESH \u00a1Apri\u00e9talo, d\u00f3blalo, emp\u00fajalo! \u00a1Este dong de \u00faltima generaci\u00f3n es ultra flexible para que pueda cumplir\" \/>\n<meta property=\"og:url\" content=\"https:\/\/demoweb.info\/sexshop001\/producto\/dildos-flexible-de-silicona-carne\/\" \/>\n<meta property=\"og:site_name\" content=\"Tienda Er\u00f3tica\" \/>\n<meta property=\"article:modified_time\" content=\"2022-01-22T09:20:25+00:00\" \/>\n<meta property=\"og:image\" content=\"https:\/\/demoweb.info\/sexshop001\/wp-content\/uploads\/2022\/01\/DILDOS-FLEXIBLE-DE-SILICONA-CARNE.jpg\" \/>\n\t<meta property=\"og:image:width\" content=\"550\" \/>\n\t<meta property=\"og:image:height\" content=\"550\" \/>\n\t<meta property=\"og:image:type\" content=\"image\/jpeg\" \/>\n<meta name=\"twitter:card\" content=\"summary_large_image\" \/>\n<meta name=\"twitter:label1\" content=\"Tiempo de lectura\" \/>\n\t<meta name=\"twitter:data1\" content=\"1 minuto\" \/>\n<script type=\"application\/ld+json\" class=\"yoast-schema-graph\">{\"@context\":\"https:\/\/schema.org\",\"@graph\":[{\"@type\":\"WebPage\",\"@id\":\"https:\/\/demoweb.info\/sexshop001\/producto\/dildos-flexible-de-silicona-carne\/\",\"url\":\"https:\/\/demoweb.info\/sexshop001\/producto\/dildos-flexible-de-silicona-carne\/\",\"name\":\"DILDOS FLEXIBLE DE SILICONA - CARNE - Tienda Er\u00f3tica\",\"isPartOf\":{\"@id\":\"https:\/\/demoweb.info\/sexshop001\/#website\"},\"datePublished\":\"2022-01-22T09:20:15+00:00\",\"dateModified\":\"2022-01-22T09:20:25+00:00\",\"breadcrumb\":{\"@id\":\"https:\/\/demoweb.info\/sexshop001\/producto\/dildos-flexible-de-silicona-carne\/#breadcrumb\"},\"inLanguage\":\"es\",\"potentialAction\":[{\"@type\":\"ReadAction\",\"target\":[\"https:\/\/demoweb.info\/sexshop001\/producto\/dildos-flexible-de-silicona-carne\/\"]}]},{\"@type\":\"BreadcrumbList\",\"@id\":\"https:\/\/demoweb.info\/sexshop001\/producto\/dildos-flexible-de-silicona-carne\/#breadcrumb\",\"itemListElement\":[{\"@type\":\"ListItem\",\"position\":1,\"name\":\"Portada\",\"item\":\"https:\/\/demoweb.info\/sexshop001\/\"},{\"@type\":\"ListItem\",\"position\":2,\"name\":\"Tienda\",\"item\":\"https:\/\/demoweb.info\/sexshop001\/tienda\/\"},{\"@type\":\"ListItem\",\"position\":3,\"name\":\"DILDOS FLEXIBLE DE SILICONA &#8211; CARNE\"}]},{\"@type\":\"WebSite\",\"@id\":\"https:\/\/demoweb.info\/sexshop001\/#website\",\"url\":\"https:\/\/demoweb.info\/sexshop001\/\",\"name\":\"Tienda Er\u00f3tica\",\"description\":\"DEMOWEB SL\",\"potentialAction\":[{\"@type\":\"SearchAction\",\"target\":{\"@type\":\"EntryPoint\",\"urlTemplate\":\"https:\/\/demoweb.info\/sexshop001\/?s={search_term_string}\"},\"query-input\":\"required name=search_term_string\"}],\"inLanguage\":\"es\"}]}<\/script>\n<!-- \/ Yoast SEO plugin. -->","yoast_head_json":{"title":"DILDOS FLEXIBLE DE SILICONA - CARNE - Tienda Er\u00f3tica","robots":{"index":"noindex","follow":"follow","max-snippet":"max-snippet:-1","max-image-preview":"max-image-preview:large","max-video-preview":"max-video-preview:-1"},"og_locale":"es_ES","og_type":"article","og_title":"DILDOS FLEXIBLE DE SILICONA - CARNE - Tienda Er\u00f3tica","og_description":"SQUEEZABLE PHALLIC DILDO &#8211; FLESH \u00a1Apri\u00e9talo, d\u00f3blalo, emp\u00fajalo! \u00a1Este dong de \u00faltima generaci\u00f3n es ultra flexible para que pueda cumplir","og_url":"https:\/\/demoweb.info\/sexshop001\/producto\/dildos-flexible-de-silicona-carne\/","og_site_name":"Tienda Er\u00f3tica","article_modified_time":"2022-01-22T09:20:25+00:00","og_image":[{"width":550,"height":550,"url":"https:\/\/demoweb.info\/sexshop001\/wp-content\/uploads\/2022\/01\/DILDOS-FLEXIBLE-DE-SILICONA-CARNE.jpg","type":"image\/jpeg"}],"twitter_card":"summary_large_image","twitter_misc":{"Tiempo de lectura":"1 minuto"},"schema":{"@context":"https:\/\/schema.org","@graph":[{"@type":"WebPage","@id":"https:\/\/demoweb.info\/sexshop001\/producto\/dildos-flexible-de-silicona-carne\/","url":"https:\/\/demoweb.info\/sexshop001\/producto\/dildos-flexible-de-silicona-carne\/","name":"DILDOS FLEXIBLE DE SILICONA - CARNE - Tienda Er\u00f3tica","isPartOf":{"@id":"https:\/\/demoweb.info\/sexshop001\/#website"},"datePublished":"2022-01-22T09:20:15+00:00","dateModified":"2022-01-22T09:20:25+00:00","breadcrumb":{"@id":"https:\/\/demoweb.info\/sexshop001\/producto\/dildos-flexible-de-silicona-carne\/#breadcrumb"},"inLanguage":"es","potentialAction":[{"@type":"ReadAction","target":["https:\/\/demoweb.info\/sexshop001\/producto\/dildos-flexible-de-silicona-carne\/"]}]},{"@type":"BreadcrumbList","@id":"https:\/\/demoweb.info\/sexshop001\/producto\/dildos-flexible-de-silicona-carne\/#breadcrumb","itemListElement":[{"@type":"ListItem","position":1,"name":"Portada","item":"https:\/\/demoweb.info\/sexshop001\/"},{"@type":"ListItem","position":2,"name":"Tienda","item":"https:\/\/demoweb.info\/sexshop001\/tienda\/"},{"@type":"ListItem","position":3,"name":"DILDOS FLEXIBLE DE SILICONA &#8211; CARNE"}]},{"@type":"WebSite","@id":"https:\/\/demoweb.info\/sexshop001\/#website","url":"https:\/\/demoweb.info\/sexshop001\/","name":"Tienda Er\u00f3tica","description":"DEMOWEB SL","potentialAction":[{"@type":"SearchAction","target":{"@type":"EntryPoint","urlTemplate":"https:\/\/demoweb.info\/sexshop001\/?s={search_term_string}"},"query-input":"required name=search_term_string"}],"inLanguage":"es"}]}},"_links":{"self":[{"href":"https:\/\/demoweb.info\/sexshop001\/wp-json\/wp\/v3\/product\/14314","targetHints":{"allow":["GET"]}}],"collection":[{"href":"https:\/\/demoweb.info\/sexshop001\/wp-json\/wp\/v3\/product"}],"about":[{"href":"https:\/\/demoweb.info\/sexshop001\/wp-json\/wp\/v2\/types\/product"}],"replies":[{"embeddable":true,"href":"https:\/\/demoweb.info\/sexshop001\/wp-json\/wp\/v2\/comments?post=14314"}],"wp:featuredmedia":[{"embeddable":true,"href":"https:\/\/demoweb.info\/sexshop001\/wp-json\/wp\/v2\/media\/14315"}],"wp:attachment":[{"href":"https:\/\/demoweb.info\/sexshop001\/wp-json\/wp\/v2\/media?parent=14314"}],"wp:term":[{"taxonomy":"product_cat","embeddable":true,"href":"https:\/\/demoweb.info\/sexshop001\/wp-json\/wp\/v2\/product_cat?post=14314"},{"taxonomy":"product_tag","embeddable":true,"href":"https:\/\/demoweb.info\/sexshop001\/wp-json\/wp\/v2\/product_tag?post=14314"}],"curies":[{"name":"wp","href":"https:\/\/api.w.org\/{rel}","templated":true}]}}