{"id":13705,"date":"2022-01-22T10:15:09","date_gmt":"2022-01-22T09:15:09","guid":{"rendered":"https:\/\/demoweb.info\/sexshop001\/producto\/fetish-fantasy-maquina-del-amor-portatil\/"},"modified":"2022-01-22T10:15:43","modified_gmt":"2022-01-22T09:15:43","slug":"fetish-fantasy-maquina-del-amor-portatil","status":"publish","type":"product","link":"https:\/\/demoweb.info\/sexshop001\/producto\/fetish-fantasy-maquina-del-amor-portatil\/","title":{"rendered":"FETISH FANTASY MAQUINA DEL AMOR PORTATIL"},"content":{"rendered":"<p><strong>FETISH FANTASY PORTABLE SEX MACHINE<\/strong><\/p>\n<p>M\u00e1quina sexual apta para viajes, puede funcionar en cualquier corriente el\u00e9ctrica del mundo, la <strong>Sex Machine Portable Fetish Fantasy Series International <\/strong>es la elecci\u00f3n perfecta para la satisfacci\u00f3n inmediata. Este estimulador de sexo port\u00e1til cabe f\u00e1cilmente en su maleta y cuenta con un <strong>adaptador de corriente universal. <\/strong>Con un<strong> estabilizador de tensi\u00f3n incorporado<\/strong>, el convertidor mundial le permite disfrutar de un rendimiento de plug-in de gran alcance y port\u00e1til en cualquier parte del mundo!<\/p>\n<p>\nCon tan solo 25 cm de largo y un peso de s\u00f3lo 3,25 kg, este pist\u00f3n-accionado <strong>Sex Machine <\/strong>cuenta con:<\/p>\n<p>&#8211; <strong>2 dildos <\/strong>libres de ftalatos intercambiables que se adhieren f\u00e1cilmente al eje del pist\u00f3n.<br \/>\n&#8211; <strong>2 tiras de velcro ajustables<\/strong> para sujetar tus pies.<br \/>\n&#8211; <strong>4 ultra potentes ventosas<\/strong> se pegan a casi cualquier superficie plana &#8211; pisos, mesas, sillas, mostradores, paredes o baldosas.<br \/>\n&#8211; Una c\u00f3moda<strong> bolsa de viaje<\/strong> de cuero c\u00f3modo con una cerradura.<br \/>\n<strong>&#8211; Potente vibrador plug-in<\/strong> con conexi\u00f3n <strong>USB<\/strong>. Perfecto para la estimulaci\u00f3n interna o externa, la super-fuerte vibraci\u00f3n del controlador est\u00e1 hecho de silicona, respeta tu cuerpo y cuenta con controles separados para el poder de la onda y la intensidad de la m\u00e1quina.<br \/>\n&#8211; <strong>Tickler pluma.<\/strong><br \/>\n<strong>&#8211; M\u00e1scara Satin Love.<br \/>\n&#8211; Incluye muestras de lubricante diferentes a las ofertadas.<\/strong><\/p>\n<p>Cuenta con un cable de alimentaci\u00f3n de EE.UU. integrada e incluye un adaptador de corriente universal que hace que la m\u00e1quina compatible, pero no limitado a, Europa, Reino Unido, China, Jap\u00f3n, M\u00e9xico, Am\u00e9rica del Sur y Australia. The Sex Machine funciona con 100 &#8211; 240 V, y por la elecci\u00f3n de diferentes variaciones de enchufe en el adaptador universal, la m\u00e1quina de sexo port\u00e1til <strong>se adaptar\u00e1 f\u00e1cilmente<\/strong> a los requisitos de voltaje de cualquier pa\u00eds.<\/p>\n<p>El <strong>empuje suave y r\u00edtmico<\/strong> del eje de alta potencia accionados por pist\u00f3n est\u00e1 programado para golpear el punto correcto en todo momento! A la velocidad m\u00e1s lenta, la <strong>Sex Machine cuenta con 75 compresiones por minuto<\/strong>. A la velocidad m\u00e1s r\u00e1pida, es <strong>183 compresiones por minuto<\/strong>.<\/p>\n<p>Elija la velocidad que sea m\u00e1s adecuada para usted y deje que m\u00e1quina del amor le transporte lejos!<\/p><\/p>\n","protected":false},"excerpt":{"rendered":"<p>FETISH FANTASY PORTABLE SEX MACHINE M\u00e1quina sexual apta para viajes, puede funcionar en cualquier corriente el\u00e9ctrica del mundo, la Sex<\/p>\n","protected":false},"featured_media":13706,"comment_status":"open","ping_status":"open","template":"","meta":[],"product_cat":[680],"product_tag":[260,259],"class_list":["post-13705","product","type-product","status-publish","has-post-thumbnail","hentry","product_cat-maquinas-del-amor","product_tag-fetish-fantasy-series","product_tag-pipedream"],"bundled_by":[],"bundle_stock_status":"instock","bundle_stock_quantity":1,"bundle_virtual":false,"bundle_layout":"","bundle_add_to_cart_form_location":"","bundle_editable_in_cart":false,"bundle_sold_individually_context":"","bundle_item_grouping":"","bundle_min_size":"","bundle_max_size":"","bundled_items":[],"yoast_head":"<!-- This site is optimized with the Yoast SEO plugin v20.6 - https:\/\/yoast.com\/wordpress\/plugins\/seo\/ -->\n<title>FETISH FANTASY MAQUINA DEL AMOR PORTATIL - Tienda Er\u00f3tica<\/title>\n<meta name=\"robots\" content=\"noindex, follow, max-snippet:-1, max-image-preview:large, max-video-preview:-1\" \/>\n<meta property=\"og:locale\" content=\"es_ES\" \/>\n<meta property=\"og:type\" content=\"article\" \/>\n<meta property=\"og:title\" content=\"FETISH FANTASY MAQUINA DEL AMOR PORTATIL - Tienda Er\u00f3tica\" \/>\n<meta property=\"og:description\" content=\"FETISH FANTASY PORTABLE SEX MACHINE M\u00e1quina sexual apta para viajes, puede funcionar en cualquier corriente el\u00e9ctrica del mundo, la Sex\" \/>\n<meta property=\"og:url\" content=\"https:\/\/demoweb.info\/sexshop001\/producto\/fetish-fantasy-maquina-del-amor-portatil\/\" \/>\n<meta property=\"og:site_name\" content=\"Tienda Er\u00f3tica\" \/>\n<meta property=\"article:modified_time\" content=\"2022-01-22T09:15:43+00:00\" \/>\n<meta property=\"og:image\" content=\"https:\/\/demoweb.info\/sexshop001\/wp-content\/uploads\/2022\/01\/FETISH-FANTASY-MAQUINA-DEL-AMOR-PORTATIL.jpg\" \/>\n\t<meta property=\"og:image:width\" content=\"550\" \/>\n\t<meta property=\"og:image:height\" content=\"550\" \/>\n\t<meta property=\"og:image:type\" content=\"image\/jpeg\" \/>\n<meta name=\"twitter:card\" content=\"summary_large_image\" \/>\n<meta name=\"twitter:label1\" content=\"Tiempo de lectura\" \/>\n\t<meta name=\"twitter:data1\" content=\"2 minutos\" \/>\n<script type=\"application\/ld+json\" class=\"yoast-schema-graph\">{\"@context\":\"https:\/\/schema.org\",\"@graph\":[{\"@type\":\"WebPage\",\"@id\":\"https:\/\/demoweb.info\/sexshop001\/producto\/fetish-fantasy-maquina-del-amor-portatil\/\",\"url\":\"https:\/\/demoweb.info\/sexshop001\/producto\/fetish-fantasy-maquina-del-amor-portatil\/\",\"name\":\"FETISH FANTASY MAQUINA DEL AMOR PORTATIL - Tienda Er\u00f3tica\",\"isPartOf\":{\"@id\":\"https:\/\/demoweb.info\/sexshop001\/#website\"},\"datePublished\":\"2022-01-22T09:15:09+00:00\",\"dateModified\":\"2022-01-22T09:15:43+00:00\",\"breadcrumb\":{\"@id\":\"https:\/\/demoweb.info\/sexshop001\/producto\/fetish-fantasy-maquina-del-amor-portatil\/#breadcrumb\"},\"inLanguage\":\"es\",\"potentialAction\":[{\"@type\":\"ReadAction\",\"target\":[\"https:\/\/demoweb.info\/sexshop001\/producto\/fetish-fantasy-maquina-del-amor-portatil\/\"]}]},{\"@type\":\"BreadcrumbList\",\"@id\":\"https:\/\/demoweb.info\/sexshop001\/producto\/fetish-fantasy-maquina-del-amor-portatil\/#breadcrumb\",\"itemListElement\":[{\"@type\":\"ListItem\",\"position\":1,\"name\":\"Portada\",\"item\":\"https:\/\/demoweb.info\/sexshop001\/\"},{\"@type\":\"ListItem\",\"position\":2,\"name\":\"Tienda\",\"item\":\"https:\/\/demoweb.info\/sexshop001\/tienda\/\"},{\"@type\":\"ListItem\",\"position\":3,\"name\":\"FETISH FANTASY MAQUINA DEL AMOR PORTATIL\"}]},{\"@type\":\"WebSite\",\"@id\":\"https:\/\/demoweb.info\/sexshop001\/#website\",\"url\":\"https:\/\/demoweb.info\/sexshop001\/\",\"name\":\"Tienda Er\u00f3tica\",\"description\":\"DEMOWEB SL\",\"potentialAction\":[{\"@type\":\"SearchAction\",\"target\":{\"@type\":\"EntryPoint\",\"urlTemplate\":\"https:\/\/demoweb.info\/sexshop001\/?s={search_term_string}\"},\"query-input\":\"required name=search_term_string\"}],\"inLanguage\":\"es\"}]}<\/script>\n<!-- \/ Yoast SEO plugin. -->","yoast_head_json":{"title":"FETISH FANTASY MAQUINA DEL AMOR PORTATIL - Tienda Er\u00f3tica","robots":{"index":"noindex","follow":"follow","max-snippet":"max-snippet:-1","max-image-preview":"max-image-preview:large","max-video-preview":"max-video-preview:-1"},"og_locale":"es_ES","og_type":"article","og_title":"FETISH FANTASY MAQUINA DEL AMOR PORTATIL - Tienda Er\u00f3tica","og_description":"FETISH FANTASY PORTABLE SEX MACHINE M\u00e1quina sexual apta para viajes, puede funcionar en cualquier corriente el\u00e9ctrica del mundo, la Sex","og_url":"https:\/\/demoweb.info\/sexshop001\/producto\/fetish-fantasy-maquina-del-amor-portatil\/","og_site_name":"Tienda Er\u00f3tica","article_modified_time":"2022-01-22T09:15:43+00:00","og_image":[{"width":550,"height":550,"url":"https:\/\/demoweb.info\/sexshop001\/wp-content\/uploads\/2022\/01\/FETISH-FANTASY-MAQUINA-DEL-AMOR-PORTATIL.jpg","type":"image\/jpeg"}],"twitter_card":"summary_large_image","twitter_misc":{"Tiempo de lectura":"2 minutos"},"schema":{"@context":"https:\/\/schema.org","@graph":[{"@type":"WebPage","@id":"https:\/\/demoweb.info\/sexshop001\/producto\/fetish-fantasy-maquina-del-amor-portatil\/","url":"https:\/\/demoweb.info\/sexshop001\/producto\/fetish-fantasy-maquina-del-amor-portatil\/","name":"FETISH FANTASY MAQUINA DEL AMOR PORTATIL - Tienda Er\u00f3tica","isPartOf":{"@id":"https:\/\/demoweb.info\/sexshop001\/#website"},"datePublished":"2022-01-22T09:15:09+00:00","dateModified":"2022-01-22T09:15:43+00:00","breadcrumb":{"@id":"https:\/\/demoweb.info\/sexshop001\/producto\/fetish-fantasy-maquina-del-amor-portatil\/#breadcrumb"},"inLanguage":"es","potentialAction":[{"@type":"ReadAction","target":["https:\/\/demoweb.info\/sexshop001\/producto\/fetish-fantasy-maquina-del-amor-portatil\/"]}]},{"@type":"BreadcrumbList","@id":"https:\/\/demoweb.info\/sexshop001\/producto\/fetish-fantasy-maquina-del-amor-portatil\/#breadcrumb","itemListElement":[{"@type":"ListItem","position":1,"name":"Portada","item":"https:\/\/demoweb.info\/sexshop001\/"},{"@type":"ListItem","position":2,"name":"Tienda","item":"https:\/\/demoweb.info\/sexshop001\/tienda\/"},{"@type":"ListItem","position":3,"name":"FETISH FANTASY MAQUINA DEL AMOR PORTATIL"}]},{"@type":"WebSite","@id":"https:\/\/demoweb.info\/sexshop001\/#website","url":"https:\/\/demoweb.info\/sexshop001\/","name":"Tienda Er\u00f3tica","description":"DEMOWEB SL","potentialAction":[{"@type":"SearchAction","target":{"@type":"EntryPoint","urlTemplate":"https:\/\/demoweb.info\/sexshop001\/?s={search_term_string}"},"query-input":"required name=search_term_string"}],"inLanguage":"es"}]}},"_links":{"self":[{"href":"https:\/\/demoweb.info\/sexshop001\/wp-json\/wp\/v3\/product\/13705","targetHints":{"allow":["GET"]}}],"collection":[{"href":"https:\/\/demoweb.info\/sexshop001\/wp-json\/wp\/v3\/product"}],"about":[{"href":"https:\/\/demoweb.info\/sexshop001\/wp-json\/wp\/v2\/types\/product"}],"replies":[{"embeddable":true,"href":"https:\/\/demoweb.info\/sexshop001\/wp-json\/wp\/v2\/comments?post=13705"}],"wp:featuredmedia":[{"embeddable":true,"href":"https:\/\/demoweb.info\/sexshop001\/wp-json\/wp\/v2\/media\/13706"}],"wp:attachment":[{"href":"https:\/\/demoweb.info\/sexshop001\/wp-json\/wp\/v2\/media?parent=13705"}],"wp:term":[{"taxonomy":"product_cat","embeddable":true,"href":"https:\/\/demoweb.info\/sexshop001\/wp-json\/wp\/v2\/product_cat?post=13705"},{"taxonomy":"product_tag","embeddable":true,"href":"https:\/\/demoweb.info\/sexshop001\/wp-json\/wp\/v2\/product_tag?post=13705"}],"curies":[{"name":"wp","href":"https:\/\/api.w.org\/{rel}","templated":true}]}}