{"id":13307,"date":"2022-01-22T10:12:34","date_gmt":"2022-01-22T09:12:34","guid":{"rendered":"https:\/\/demoweb.info\/sexshop001\/producto\/tampones-originales-profesional-50-unid\/"},"modified":"2022-01-22T10:12:38","modified_gmt":"2022-01-22T09:12:38","slug":"tampones-originales-profesional-50-unid","status":"publish","type":"product","link":"https:\/\/demoweb.info\/sexshop001\/producto\/tampones-originales-profesional-50-unid\/","title":{"rendered":"TAMPONES ORIGINALES PROFESIONAL (50 Unid)"},"content":{"rendered":"<p><strong>ORIGINAL SOFT-TAMPONS PROFESSIONAL<\/strong>, tampones higi\u00e9nicos <strong>de f\u00e1cil aplicaci\u00f3n sin hilo<\/strong>, especialmente dise\u00f1ados para proporcionar la m\u00e1xima protecci\u00f3n, comodidad y discreci\u00f3n.<\/p>\n<p>Los Tampones Soft Original son ideales para esos momentos muy especiales. Le permite disfrutar de todos los momentos m\u00e1s bonitos de la vida de manera segura, discreta y confortable. Gracias a su capacidad de adaptaci\u00f3n y su c\u00f3modo <strong>uso sin cord\u00f3n<\/strong>, se adec\u00faan <strong>optimamente para un juego amoroso higi\u00e9nico durante la menstruaci\u00f3n<\/strong>.<\/p>\n<p>&#8211; Ideal para la utilizaci\u00f3n de espermicidas<br \/>\n&#8211; Casi imprescindibles para la pareja durante el juego amoroso<br \/>\n&#8211; Adaptaci\u00f3n perfecta a la anatom\u00eda femenina<br \/>\n&#8211; Muy c\u00f3modos y agradables de utilizar<br \/>\n&#8211; Para la sauna o la nataci\u00f3n<br \/>\n&#8211; Fabricados de material higi\u00e9nico<br \/>\n&#8211; Comprobado dermatol\u00f3gica y cl\u00ednicamente<br \/>\n&#8211; Gran poder de absorci\u00f3n<br \/>\n&#8211; Sin cord\u00f3n &#8211; no visibles desde el exterior.<br \/>\n&#8211; SIn sustancias qu\u00edmicas no contaminan el medio ambiente.<br \/>\n&#8211; Cada caja incluye un muestra de AQUAglide y un calendario del ciclo mestrual.<\/p>\n<p>Caja de 50 tampones.<\/p>\n","protected":false},"excerpt":{"rendered":"<p>ORIGINAL SOFT-TAMPONS PROFESSIONAL, tampones higi\u00e9nicos de f\u00e1cil aplicaci\u00f3n sin hilo, especialmente dise\u00f1ados para proporcionar la m\u00e1xima protecci\u00f3n, comodidad y discreci\u00f3n.<\/p>\n","protected":false},"featured_media":13308,"comment_status":"open","ping_status":"open","template":"","meta":[],"product_cat":[720],"product_tag":[725,735],"class_list":["post-13307","product","type-product","status-publish","has-post-thumbnail","hentry","product_cat-tampones-menstruacion","product_tag-joydivision","product_tag-soft-tampons"],"bundled_by":[],"bundle_stock_status":"instock","bundle_stock_quantity":6,"bundle_virtual":false,"bundle_layout":"","bundle_add_to_cart_form_location":"","bundle_editable_in_cart":false,"bundle_sold_individually_context":"","bundle_item_grouping":"","bundle_min_size":"","bundle_max_size":"","bundled_items":[],"yoast_head":"<!-- This site is optimized with the Yoast SEO plugin v20.6 - https:\/\/yoast.com\/wordpress\/plugins\/seo\/ -->\n<title>TAMPONES ORIGINALES PROFESIONAL (50 Unid) - Tienda Er\u00f3tica<\/title>\n<meta name=\"robots\" content=\"noindex, follow, max-snippet:-1, max-image-preview:large, max-video-preview:-1\" \/>\n<meta property=\"og:locale\" content=\"es_ES\" \/>\n<meta property=\"og:type\" content=\"article\" \/>\n<meta property=\"og:title\" content=\"TAMPONES ORIGINALES PROFESIONAL (50 Unid) - Tienda Er\u00f3tica\" \/>\n<meta property=\"og:description\" content=\"ORIGINAL SOFT-TAMPONS PROFESSIONAL, tampones higi\u00e9nicos de f\u00e1cil aplicaci\u00f3n sin hilo, especialmente dise\u00f1ados para proporcionar la m\u00e1xima protecci\u00f3n, comodidad y discreci\u00f3n.\" \/>\n<meta property=\"og:url\" content=\"https:\/\/demoweb.info\/sexshop001\/producto\/tampones-originales-profesional-50-unid\/\" \/>\n<meta property=\"og:site_name\" content=\"Tienda Er\u00f3tica\" \/>\n<meta property=\"article:modified_time\" content=\"2022-01-22T09:12:38+00:00\" \/>\n<meta property=\"og:image\" content=\"https:\/\/demoweb.info\/sexshop001\/wp-content\/uploads\/2022\/01\/TAMPONES-ORIGINALES-PROFESIONAL-50-Unid.jpg\" \/>\n\t<meta property=\"og:image:width\" content=\"550\" \/>\n\t<meta property=\"og:image:height\" content=\"550\" \/>\n\t<meta property=\"og:image:type\" content=\"image\/jpeg\" \/>\n<meta name=\"twitter:card\" content=\"summary_large_image\" \/>\n<meta name=\"twitter:label1\" content=\"Tiempo de lectura\" \/>\n\t<meta name=\"twitter:data1\" content=\"1 minuto\" \/>\n<script type=\"application\/ld+json\" class=\"yoast-schema-graph\">{\"@context\":\"https:\/\/schema.org\",\"@graph\":[{\"@type\":\"WebPage\",\"@id\":\"https:\/\/demoweb.info\/sexshop001\/producto\/tampones-originales-profesional-50-unid\/\",\"url\":\"https:\/\/demoweb.info\/sexshop001\/producto\/tampones-originales-profesional-50-unid\/\",\"name\":\"TAMPONES ORIGINALES PROFESIONAL (50 Unid) - Tienda Er\u00f3tica\",\"isPartOf\":{\"@id\":\"https:\/\/demoweb.info\/sexshop001\/#website\"},\"datePublished\":\"2022-01-22T09:12:34+00:00\",\"dateModified\":\"2022-01-22T09:12:38+00:00\",\"breadcrumb\":{\"@id\":\"https:\/\/demoweb.info\/sexshop001\/producto\/tampones-originales-profesional-50-unid\/#breadcrumb\"},\"inLanguage\":\"es\",\"potentialAction\":[{\"@type\":\"ReadAction\",\"target\":[\"https:\/\/demoweb.info\/sexshop001\/producto\/tampones-originales-profesional-50-unid\/\"]}]},{\"@type\":\"BreadcrumbList\",\"@id\":\"https:\/\/demoweb.info\/sexshop001\/producto\/tampones-originales-profesional-50-unid\/#breadcrumb\",\"itemListElement\":[{\"@type\":\"ListItem\",\"position\":1,\"name\":\"Portada\",\"item\":\"https:\/\/demoweb.info\/sexshop001\/\"},{\"@type\":\"ListItem\",\"position\":2,\"name\":\"Tienda\",\"item\":\"https:\/\/demoweb.info\/sexshop001\/tienda\/\"},{\"@type\":\"ListItem\",\"position\":3,\"name\":\"TAMPONES ORIGINALES PROFESIONAL (50 Unid)\"}]},{\"@type\":\"WebSite\",\"@id\":\"https:\/\/demoweb.info\/sexshop001\/#website\",\"url\":\"https:\/\/demoweb.info\/sexshop001\/\",\"name\":\"Tienda Er\u00f3tica\",\"description\":\"DEMOWEB SL\",\"potentialAction\":[{\"@type\":\"SearchAction\",\"target\":{\"@type\":\"EntryPoint\",\"urlTemplate\":\"https:\/\/demoweb.info\/sexshop001\/?s={search_term_string}\"},\"query-input\":\"required name=search_term_string\"}],\"inLanguage\":\"es\"}]}<\/script>\n<!-- \/ Yoast SEO plugin. -->","yoast_head_json":{"title":"TAMPONES ORIGINALES PROFESIONAL (50 Unid) - Tienda Er\u00f3tica","robots":{"index":"noindex","follow":"follow","max-snippet":"max-snippet:-1","max-image-preview":"max-image-preview:large","max-video-preview":"max-video-preview:-1"},"og_locale":"es_ES","og_type":"article","og_title":"TAMPONES ORIGINALES PROFESIONAL (50 Unid) - Tienda Er\u00f3tica","og_description":"ORIGINAL SOFT-TAMPONS PROFESSIONAL, tampones higi\u00e9nicos de f\u00e1cil aplicaci\u00f3n sin hilo, especialmente dise\u00f1ados para proporcionar la m\u00e1xima protecci\u00f3n, comodidad y discreci\u00f3n.","og_url":"https:\/\/demoweb.info\/sexshop001\/producto\/tampones-originales-profesional-50-unid\/","og_site_name":"Tienda Er\u00f3tica","article_modified_time":"2022-01-22T09:12:38+00:00","og_image":[{"width":550,"height":550,"url":"https:\/\/demoweb.info\/sexshop001\/wp-content\/uploads\/2022\/01\/TAMPONES-ORIGINALES-PROFESIONAL-50-Unid.jpg","type":"image\/jpeg"}],"twitter_card":"summary_large_image","twitter_misc":{"Tiempo de lectura":"1 minuto"},"schema":{"@context":"https:\/\/schema.org","@graph":[{"@type":"WebPage","@id":"https:\/\/demoweb.info\/sexshop001\/producto\/tampones-originales-profesional-50-unid\/","url":"https:\/\/demoweb.info\/sexshop001\/producto\/tampones-originales-profesional-50-unid\/","name":"TAMPONES ORIGINALES PROFESIONAL (50 Unid) - Tienda Er\u00f3tica","isPartOf":{"@id":"https:\/\/demoweb.info\/sexshop001\/#website"},"datePublished":"2022-01-22T09:12:34+00:00","dateModified":"2022-01-22T09:12:38+00:00","breadcrumb":{"@id":"https:\/\/demoweb.info\/sexshop001\/producto\/tampones-originales-profesional-50-unid\/#breadcrumb"},"inLanguage":"es","potentialAction":[{"@type":"ReadAction","target":["https:\/\/demoweb.info\/sexshop001\/producto\/tampones-originales-profesional-50-unid\/"]}]},{"@type":"BreadcrumbList","@id":"https:\/\/demoweb.info\/sexshop001\/producto\/tampones-originales-profesional-50-unid\/#breadcrumb","itemListElement":[{"@type":"ListItem","position":1,"name":"Portada","item":"https:\/\/demoweb.info\/sexshop001\/"},{"@type":"ListItem","position":2,"name":"Tienda","item":"https:\/\/demoweb.info\/sexshop001\/tienda\/"},{"@type":"ListItem","position":3,"name":"TAMPONES ORIGINALES PROFESIONAL (50 Unid)"}]},{"@type":"WebSite","@id":"https:\/\/demoweb.info\/sexshop001\/#website","url":"https:\/\/demoweb.info\/sexshop001\/","name":"Tienda Er\u00f3tica","description":"DEMOWEB SL","potentialAction":[{"@type":"SearchAction","target":{"@type":"EntryPoint","urlTemplate":"https:\/\/demoweb.info\/sexshop001\/?s={search_term_string}"},"query-input":"required name=search_term_string"}],"inLanguage":"es"}]}},"_links":{"self":[{"href":"https:\/\/demoweb.info\/sexshop001\/wp-json\/wp\/v3\/product\/13307","targetHints":{"allow":["GET"]}}],"collection":[{"href":"https:\/\/demoweb.info\/sexshop001\/wp-json\/wp\/v3\/product"}],"about":[{"href":"https:\/\/demoweb.info\/sexshop001\/wp-json\/wp\/v2\/types\/product"}],"replies":[{"embeddable":true,"href":"https:\/\/demoweb.info\/sexshop001\/wp-json\/wp\/v2\/comments?post=13307"}],"wp:featuredmedia":[{"embeddable":true,"href":"https:\/\/demoweb.info\/sexshop001\/wp-json\/wp\/v2\/media\/13308"}],"wp:attachment":[{"href":"https:\/\/demoweb.info\/sexshop001\/wp-json\/wp\/v2\/media?parent=13307"}],"wp:term":[{"taxonomy":"product_cat","embeddable":true,"href":"https:\/\/demoweb.info\/sexshop001\/wp-json\/wp\/v2\/product_cat?post=13307"},{"taxonomy":"product_tag","embeddable":true,"href":"https:\/\/demoweb.info\/sexshop001\/wp-json\/wp\/v2\/product_tag?post=13307"}],"curies":[{"name":"wp","href":"https:\/\/api.w.org\/{rel}","templated":true}]}}