{"id":13224,"date":"2022-01-22T10:11:50","date_gmt":"2022-01-22T09:11:50","guid":{"rendered":"https:\/\/demoweb.info\/sexshop001\/producto\/kama-sutra-punto-por-punto\/"},"modified":"2022-01-22T10:11:58","modified_gmt":"2022-01-22T09:11:58","slug":"kama-sutra-punto-por-punto","status":"publish","type":"product","link":"https:\/\/demoweb.info\/sexshop001\/producto\/kama-sutra-punto-por-punto\/","title":{"rendered":"KAMA SUTRA PUNTO POR PUNTO"},"content":{"rendered":"<p><strong>KAMA SUTRA. PUNTO POR PUNTO.<\/strong><\/p>\n<p>\u00bf Qui\u00e9n no ha jugado alguna vez a unir los punto y descubrir qu\u00e9 dibujo se esconde tras la secuencia? \u00bf Y si lo que descubrimos no fuera apto para menores? Saca punta a un l\u00e1piz y a tu vida sexual siguiendo la numeraci\u00f3n hasta completar treinta de las posturas del manual er\u00f3tico m\u00e1s famoso del mundo.<\/p>\n<p>Divertido. Entretenido.Excitante.Sobresaliente.Este libro es una simp\u00e1tica y perspicaz versi\u00f3n del Kama Sutra apta solo para adultos&#8230;con buen pulso.<\/p>\n<p>\nTapa blanda con solapa 15,4 x 15,3 cm. Edici\u00f3n Debolsillo.<\/p>\n","protected":false},"excerpt":{"rendered":"<p>KAMA SUTRA. PUNTO POR PUNTO. \u00bf Qui\u00e9n no ha jugado alguna vez a unir los punto y descubrir qu\u00e9 dibujo<\/p>\n","protected":false},"featured_media":13225,"comment_status":"open","ping_status":"open","template":"","meta":[],"product_cat":[414],"product_tag":[722,415],"class_list":["post-13224","product","type-product","status-publish","has-post-thumbnail","hentry","product_cat-libros","product_tag-debolsillo","product_tag-random-house"],"bundled_by":[],"bundle_stock_status":"instock","bundle_stock_quantity":3,"bundle_virtual":false,"bundle_layout":"","bundle_add_to_cart_form_location":"","bundle_editable_in_cart":false,"bundle_sold_individually_context":"","bundle_item_grouping":"","bundle_min_size":"","bundle_max_size":"","bundled_items":[],"yoast_head":"<!-- This site is optimized with the Yoast SEO plugin v20.6 - https:\/\/yoast.com\/wordpress\/plugins\/seo\/ -->\n<title>KAMA SUTRA PUNTO POR PUNTO - Tienda Er\u00f3tica<\/title>\n<meta name=\"robots\" content=\"noindex, follow, max-snippet:-1, max-image-preview:large, max-video-preview:-1\" \/>\n<meta property=\"og:locale\" content=\"es_ES\" \/>\n<meta property=\"og:type\" content=\"article\" \/>\n<meta property=\"og:title\" content=\"KAMA SUTRA PUNTO POR PUNTO - Tienda Er\u00f3tica\" \/>\n<meta property=\"og:description\" content=\"KAMA SUTRA. PUNTO POR PUNTO. \u00bf Qui\u00e9n no ha jugado alguna vez a unir los punto y descubrir qu\u00e9 dibujo\" \/>\n<meta property=\"og:url\" content=\"https:\/\/demoweb.info\/sexshop001\/producto\/kama-sutra-punto-por-punto\/\" \/>\n<meta property=\"og:site_name\" content=\"Tienda Er\u00f3tica\" \/>\n<meta property=\"article:modified_time\" content=\"2022-01-22T09:11:58+00:00\" \/>\n<meta property=\"og:image\" content=\"https:\/\/demoweb.info\/sexshop001\/wp-content\/uploads\/2022\/01\/KAMA-SUTRA-PUNTO-POR-PUNTO.jpg\" \/>\n\t<meta property=\"og:image:width\" content=\"550\" \/>\n\t<meta property=\"og:image:height\" content=\"550\" \/>\n\t<meta property=\"og:image:type\" content=\"image\/jpeg\" \/>\n<meta name=\"twitter:card\" content=\"summary_large_image\" \/>\n<script type=\"application\/ld+json\" class=\"yoast-schema-graph\">{\"@context\":\"https:\/\/schema.org\",\"@graph\":[{\"@type\":\"WebPage\",\"@id\":\"https:\/\/demoweb.info\/sexshop001\/producto\/kama-sutra-punto-por-punto\/\",\"url\":\"https:\/\/demoweb.info\/sexshop001\/producto\/kama-sutra-punto-por-punto\/\",\"name\":\"KAMA SUTRA PUNTO POR PUNTO - Tienda Er\u00f3tica\",\"isPartOf\":{\"@id\":\"https:\/\/demoweb.info\/sexshop001\/#website\"},\"datePublished\":\"2022-01-22T09:11:50+00:00\",\"dateModified\":\"2022-01-22T09:11:58+00:00\",\"breadcrumb\":{\"@id\":\"https:\/\/demoweb.info\/sexshop001\/producto\/kama-sutra-punto-por-punto\/#breadcrumb\"},\"inLanguage\":\"es\",\"potentialAction\":[{\"@type\":\"ReadAction\",\"target\":[\"https:\/\/demoweb.info\/sexshop001\/producto\/kama-sutra-punto-por-punto\/\"]}]},{\"@type\":\"BreadcrumbList\",\"@id\":\"https:\/\/demoweb.info\/sexshop001\/producto\/kama-sutra-punto-por-punto\/#breadcrumb\",\"itemListElement\":[{\"@type\":\"ListItem\",\"position\":1,\"name\":\"Portada\",\"item\":\"https:\/\/demoweb.info\/sexshop001\/\"},{\"@type\":\"ListItem\",\"position\":2,\"name\":\"Tienda\",\"item\":\"https:\/\/demoweb.info\/sexshop001\/tienda\/\"},{\"@type\":\"ListItem\",\"position\":3,\"name\":\"KAMA SUTRA PUNTO POR PUNTO\"}]},{\"@type\":\"WebSite\",\"@id\":\"https:\/\/demoweb.info\/sexshop001\/#website\",\"url\":\"https:\/\/demoweb.info\/sexshop001\/\",\"name\":\"Tienda Er\u00f3tica\",\"description\":\"DEMOWEB SL\",\"potentialAction\":[{\"@type\":\"SearchAction\",\"target\":{\"@type\":\"EntryPoint\",\"urlTemplate\":\"https:\/\/demoweb.info\/sexshop001\/?s={search_term_string}\"},\"query-input\":\"required name=search_term_string\"}],\"inLanguage\":\"es\"}]}<\/script>\n<!-- \/ Yoast SEO plugin. -->","yoast_head_json":{"title":"KAMA SUTRA PUNTO POR PUNTO - Tienda Er\u00f3tica","robots":{"index":"noindex","follow":"follow","max-snippet":"max-snippet:-1","max-image-preview":"max-image-preview:large","max-video-preview":"max-video-preview:-1"},"og_locale":"es_ES","og_type":"article","og_title":"KAMA SUTRA PUNTO POR PUNTO - Tienda Er\u00f3tica","og_description":"KAMA SUTRA. PUNTO POR PUNTO. \u00bf Qui\u00e9n no ha jugado alguna vez a unir los punto y descubrir qu\u00e9 dibujo","og_url":"https:\/\/demoweb.info\/sexshop001\/producto\/kama-sutra-punto-por-punto\/","og_site_name":"Tienda Er\u00f3tica","article_modified_time":"2022-01-22T09:11:58+00:00","og_image":[{"width":550,"height":550,"url":"https:\/\/demoweb.info\/sexshop001\/wp-content\/uploads\/2022\/01\/KAMA-SUTRA-PUNTO-POR-PUNTO.jpg","type":"image\/jpeg"}],"twitter_card":"summary_large_image","schema":{"@context":"https:\/\/schema.org","@graph":[{"@type":"WebPage","@id":"https:\/\/demoweb.info\/sexshop001\/producto\/kama-sutra-punto-por-punto\/","url":"https:\/\/demoweb.info\/sexshop001\/producto\/kama-sutra-punto-por-punto\/","name":"KAMA SUTRA PUNTO POR PUNTO - Tienda Er\u00f3tica","isPartOf":{"@id":"https:\/\/demoweb.info\/sexshop001\/#website"},"datePublished":"2022-01-22T09:11:50+00:00","dateModified":"2022-01-22T09:11:58+00:00","breadcrumb":{"@id":"https:\/\/demoweb.info\/sexshop001\/producto\/kama-sutra-punto-por-punto\/#breadcrumb"},"inLanguage":"es","potentialAction":[{"@type":"ReadAction","target":["https:\/\/demoweb.info\/sexshop001\/producto\/kama-sutra-punto-por-punto\/"]}]},{"@type":"BreadcrumbList","@id":"https:\/\/demoweb.info\/sexshop001\/producto\/kama-sutra-punto-por-punto\/#breadcrumb","itemListElement":[{"@type":"ListItem","position":1,"name":"Portada","item":"https:\/\/demoweb.info\/sexshop001\/"},{"@type":"ListItem","position":2,"name":"Tienda","item":"https:\/\/demoweb.info\/sexshop001\/tienda\/"},{"@type":"ListItem","position":3,"name":"KAMA SUTRA PUNTO POR PUNTO"}]},{"@type":"WebSite","@id":"https:\/\/demoweb.info\/sexshop001\/#website","url":"https:\/\/demoweb.info\/sexshop001\/","name":"Tienda Er\u00f3tica","description":"DEMOWEB SL","potentialAction":[{"@type":"SearchAction","target":{"@type":"EntryPoint","urlTemplate":"https:\/\/demoweb.info\/sexshop001\/?s={search_term_string}"},"query-input":"required name=search_term_string"}],"inLanguage":"es"}]}},"_links":{"self":[{"href":"https:\/\/demoweb.info\/sexshop001\/wp-json\/wp\/v3\/product\/13224","targetHints":{"allow":["GET"]}}],"collection":[{"href":"https:\/\/demoweb.info\/sexshop001\/wp-json\/wp\/v3\/product"}],"about":[{"href":"https:\/\/demoweb.info\/sexshop001\/wp-json\/wp\/v2\/types\/product"}],"replies":[{"embeddable":true,"href":"https:\/\/demoweb.info\/sexshop001\/wp-json\/wp\/v2\/comments?post=13224"}],"wp:featuredmedia":[{"embeddable":true,"href":"https:\/\/demoweb.info\/sexshop001\/wp-json\/wp\/v2\/media\/13225"}],"wp:attachment":[{"href":"https:\/\/demoweb.info\/sexshop001\/wp-json\/wp\/v2\/media?parent=13224"}],"wp:term":[{"taxonomy":"product_cat","embeddable":true,"href":"https:\/\/demoweb.info\/sexshop001\/wp-json\/wp\/v2\/product_cat?post=13224"},{"taxonomy":"product_tag","embeddable":true,"href":"https:\/\/demoweb.info\/sexshop001\/wp-json\/wp\/v2\/product_tag?post=13224"}],"curies":[{"name":"wp","href":"https:\/\/api.w.org\/{rel}","templated":true}]}}