{"id":12974,"date":"2022-01-22T10:09:49","date_gmt":"2022-01-22T09:09:49","guid":{"rendered":"https:\/\/demoweb.info\/sexshop001\/producto\/eros-all-purpose-limpiador-de-juguetes-sin-alcohol-50-ml\/"},"modified":"2022-01-22T10:09:49","modified_gmt":"2022-01-22T09:09:49","slug":"eros-all-purpose-limpiador-de-juguetes-sin-alcohol-50-ml","status":"publish","type":"product","link":"https:\/\/demoweb.info\/sexshop001\/producto\/eros-all-purpose-limpiador-de-juguetes-sin-alcohol-50-ml\/","title":{"rendered":"EROS ALL PURPOSE LIMPIADOR DE JUGUETES SIN ALCOHOL 50 ML"},"content":{"rendered":"<p><font size=&quot;1&quot;><br \/>\n<b>EROS ALL PURPOSE CLEANER WITHOUT ALCOHOL 50 ML<\/b><\/p>\n<p>\u00bfTiene juguetes sexuales que su superficie es sensible?<\/p>\n<p><b>EROS All Purpose Cleaner<\/b> cuidar\u00e1 de ellos. Este aerosol de limpieza es especialmente recomendable para la limpieza y el cuidado de juguetes er\u00f3ticos con superficies delicadas, gracias a su composici\u00f3n sin alcohol.<br \/> <br \/>\nAumente la vida \u00fatil de sus juguetes favoritos limpi\u00e1ndolos frecuentemente. <b>EROS All Purpose Cleaner<\/b> no deja olor desagradable a alcohol y es muy efectivo en la limpieza.<\/p>\n<p>PROPIEDADES:<br \/>\n\u2022 indicado para mucho tipo de<br \/>\n  material.<br \/>\n\u2022 de aplicaci\u00f3n universal.<br \/>\n\u2022 tiene efecto en segundos.<br \/>\n\u2022 rinde mucho.<br \/>\n\u2022 dosificaci\u00f3n \u00f3ptima.<br \/>\n\u2022 hidrosoluble.<\/p>\n<p>Envase de 50 ml.<\/font><\/p>\n","protected":false},"excerpt":{"rendered":"<p>EROS ALL PURPOSE CLEANER WITHOUT ALCOHOL 50 ML \u00bfTiene juguetes sexuales que su superficie es sensible? EROS All Purpose Cleaner<\/p>\n","protected":false},"featured_media":12975,"comment_status":"open","ping_status":"open","template":"","meta":[],"product_cat":[329],"product_tag":[700,703],"class_list":["post-12974","product","type-product","status-publish","has-post-thumbnail","hentry","product_cat-limpieza-y-conserv","product_tag-eros","product_tag-specials"],"bundled_by":[],"bundle_stock_status":"instock","bundle_stock_quantity":9,"bundle_virtual":false,"bundle_layout":"","bundle_add_to_cart_form_location":"","bundle_editable_in_cart":false,"bundle_sold_individually_context":"","bundle_item_grouping":"","bundle_min_size":"","bundle_max_size":"","bundled_items":[],"yoast_head":"<!-- This site is optimized with the Yoast SEO plugin v20.6 - https:\/\/yoast.com\/wordpress\/plugins\/seo\/ -->\n<title>EROS ALL PURPOSE LIMPIADOR DE JUGUETES SIN ALCOHOL 50 ML - Tienda Er\u00f3tica<\/title>\n<meta name=\"robots\" content=\"noindex, follow, max-snippet:-1, max-image-preview:large, max-video-preview:-1\" \/>\n<meta property=\"og:locale\" content=\"es_ES\" \/>\n<meta property=\"og:type\" content=\"article\" \/>\n<meta property=\"og:title\" content=\"EROS ALL PURPOSE LIMPIADOR DE JUGUETES SIN ALCOHOL 50 ML - Tienda Er\u00f3tica\" \/>\n<meta property=\"og:description\" content=\"EROS ALL PURPOSE CLEANER WITHOUT ALCOHOL 50 ML \u00bfTiene juguetes sexuales que su superficie es sensible? EROS All Purpose Cleaner\" \/>\n<meta property=\"og:url\" content=\"https:\/\/demoweb.info\/sexshop001\/producto\/eros-all-purpose-limpiador-de-juguetes-sin-alcohol-50-ml\/\" \/>\n<meta property=\"og:site_name\" content=\"Tienda Er\u00f3tica\" \/>\n<meta property=\"og:image\" content=\"https:\/\/demoweb.info\/sexshop001\/wp-content\/uploads\/2022\/01\/EROS-ALL-PURPOSE-LIMPIADOR-DE-JUGUETES-SIN-ALCOHOL-50-ML.jpg\" \/>\n\t<meta property=\"og:image:width\" content=\"550\" \/>\n\t<meta property=\"og:image:height\" content=\"550\" \/>\n\t<meta property=\"og:image:type\" content=\"image\/jpeg\" \/>\n<meta name=\"twitter:card\" content=\"summary_large_image\" \/>\n<meta name=\"twitter:label1\" content=\"Tiempo de lectura\" \/>\n\t<meta name=\"twitter:data1\" content=\"1 minuto\" \/>\n<script type=\"application\/ld+json\" class=\"yoast-schema-graph\">{\"@context\":\"https:\/\/schema.org\",\"@graph\":[{\"@type\":\"WebPage\",\"@id\":\"https:\/\/demoweb.info\/sexshop001\/producto\/eros-all-purpose-limpiador-de-juguetes-sin-alcohol-50-ml\/\",\"url\":\"https:\/\/demoweb.info\/sexshop001\/producto\/eros-all-purpose-limpiador-de-juguetes-sin-alcohol-50-ml\/\",\"name\":\"EROS ALL PURPOSE LIMPIADOR DE JUGUETES SIN ALCOHOL 50 ML - Tienda Er\u00f3tica\",\"isPartOf\":{\"@id\":\"https:\/\/demoweb.info\/sexshop001\/#website\"},\"datePublished\":\"2022-01-22T09:09:49+00:00\",\"dateModified\":\"2022-01-22T09:09:49+00:00\",\"breadcrumb\":{\"@id\":\"https:\/\/demoweb.info\/sexshop001\/producto\/eros-all-purpose-limpiador-de-juguetes-sin-alcohol-50-ml\/#breadcrumb\"},\"inLanguage\":\"es\",\"potentialAction\":[{\"@type\":\"ReadAction\",\"target\":[\"https:\/\/demoweb.info\/sexshop001\/producto\/eros-all-purpose-limpiador-de-juguetes-sin-alcohol-50-ml\/\"]}]},{\"@type\":\"BreadcrumbList\",\"@id\":\"https:\/\/demoweb.info\/sexshop001\/producto\/eros-all-purpose-limpiador-de-juguetes-sin-alcohol-50-ml\/#breadcrumb\",\"itemListElement\":[{\"@type\":\"ListItem\",\"position\":1,\"name\":\"Portada\",\"item\":\"https:\/\/demoweb.info\/sexshop001\/\"},{\"@type\":\"ListItem\",\"position\":2,\"name\":\"Tienda\",\"item\":\"https:\/\/demoweb.info\/sexshop001\/tienda\/\"},{\"@type\":\"ListItem\",\"position\":3,\"name\":\"EROS ALL PURPOSE LIMPIADOR DE JUGUETES SIN ALCOHOL 50 ML\"}]},{\"@type\":\"WebSite\",\"@id\":\"https:\/\/demoweb.info\/sexshop001\/#website\",\"url\":\"https:\/\/demoweb.info\/sexshop001\/\",\"name\":\"Tienda Er\u00f3tica\",\"description\":\"DEMOWEB SL\",\"potentialAction\":[{\"@type\":\"SearchAction\",\"target\":{\"@type\":\"EntryPoint\",\"urlTemplate\":\"https:\/\/demoweb.info\/sexshop001\/?s={search_term_string}\"},\"query-input\":\"required name=search_term_string\"}],\"inLanguage\":\"es\"}]}<\/script>\n<!-- \/ Yoast SEO plugin. -->","yoast_head_json":{"title":"EROS ALL PURPOSE LIMPIADOR DE JUGUETES SIN ALCOHOL 50 ML - Tienda Er\u00f3tica","robots":{"index":"noindex","follow":"follow","max-snippet":"max-snippet:-1","max-image-preview":"max-image-preview:large","max-video-preview":"max-video-preview:-1"},"og_locale":"es_ES","og_type":"article","og_title":"EROS ALL PURPOSE LIMPIADOR DE JUGUETES SIN ALCOHOL 50 ML - Tienda Er\u00f3tica","og_description":"EROS ALL PURPOSE CLEANER WITHOUT ALCOHOL 50 ML \u00bfTiene juguetes sexuales que su superficie es sensible? EROS All Purpose Cleaner","og_url":"https:\/\/demoweb.info\/sexshop001\/producto\/eros-all-purpose-limpiador-de-juguetes-sin-alcohol-50-ml\/","og_site_name":"Tienda Er\u00f3tica","og_image":[{"width":550,"height":550,"url":"https:\/\/demoweb.info\/sexshop001\/wp-content\/uploads\/2022\/01\/EROS-ALL-PURPOSE-LIMPIADOR-DE-JUGUETES-SIN-ALCOHOL-50-ML.jpg","type":"image\/jpeg"}],"twitter_card":"summary_large_image","twitter_misc":{"Tiempo de lectura":"1 minuto"},"schema":{"@context":"https:\/\/schema.org","@graph":[{"@type":"WebPage","@id":"https:\/\/demoweb.info\/sexshop001\/producto\/eros-all-purpose-limpiador-de-juguetes-sin-alcohol-50-ml\/","url":"https:\/\/demoweb.info\/sexshop001\/producto\/eros-all-purpose-limpiador-de-juguetes-sin-alcohol-50-ml\/","name":"EROS ALL PURPOSE LIMPIADOR DE JUGUETES SIN ALCOHOL 50 ML - Tienda Er\u00f3tica","isPartOf":{"@id":"https:\/\/demoweb.info\/sexshop001\/#website"},"datePublished":"2022-01-22T09:09:49+00:00","dateModified":"2022-01-22T09:09:49+00:00","breadcrumb":{"@id":"https:\/\/demoweb.info\/sexshop001\/producto\/eros-all-purpose-limpiador-de-juguetes-sin-alcohol-50-ml\/#breadcrumb"},"inLanguage":"es","potentialAction":[{"@type":"ReadAction","target":["https:\/\/demoweb.info\/sexshop001\/producto\/eros-all-purpose-limpiador-de-juguetes-sin-alcohol-50-ml\/"]}]},{"@type":"BreadcrumbList","@id":"https:\/\/demoweb.info\/sexshop001\/producto\/eros-all-purpose-limpiador-de-juguetes-sin-alcohol-50-ml\/#breadcrumb","itemListElement":[{"@type":"ListItem","position":1,"name":"Portada","item":"https:\/\/demoweb.info\/sexshop001\/"},{"@type":"ListItem","position":2,"name":"Tienda","item":"https:\/\/demoweb.info\/sexshop001\/tienda\/"},{"@type":"ListItem","position":3,"name":"EROS ALL PURPOSE LIMPIADOR DE JUGUETES SIN ALCOHOL 50 ML"}]},{"@type":"WebSite","@id":"https:\/\/demoweb.info\/sexshop001\/#website","url":"https:\/\/demoweb.info\/sexshop001\/","name":"Tienda Er\u00f3tica","description":"DEMOWEB SL","potentialAction":[{"@type":"SearchAction","target":{"@type":"EntryPoint","urlTemplate":"https:\/\/demoweb.info\/sexshop001\/?s={search_term_string}"},"query-input":"required name=search_term_string"}],"inLanguage":"es"}]}},"_links":{"self":[{"href":"https:\/\/demoweb.info\/sexshop001\/wp-json\/wp\/v3\/product\/12974","targetHints":{"allow":["GET"]}}],"collection":[{"href":"https:\/\/demoweb.info\/sexshop001\/wp-json\/wp\/v3\/product"}],"about":[{"href":"https:\/\/demoweb.info\/sexshop001\/wp-json\/wp\/v2\/types\/product"}],"replies":[{"embeddable":true,"href":"https:\/\/demoweb.info\/sexshop001\/wp-json\/wp\/v2\/comments?post=12974"}],"wp:featuredmedia":[{"embeddable":true,"href":"https:\/\/demoweb.info\/sexshop001\/wp-json\/wp\/v2\/media\/12975"}],"wp:attachment":[{"href":"https:\/\/demoweb.info\/sexshop001\/wp-json\/wp\/v2\/media?parent=12974"}],"wp:term":[{"taxonomy":"product_cat","embeddable":true,"href":"https:\/\/demoweb.info\/sexshop001\/wp-json\/wp\/v2\/product_cat?post=12974"},{"taxonomy":"product_tag","embeddable":true,"href":"https:\/\/demoweb.info\/sexshop001\/wp-json\/wp\/v2\/product_tag?post=12974"}],"curies":[{"name":"wp","href":"https:\/\/api.w.org\/{rel}","templated":true}]}}