{"id":12859,"date":"2022-01-22T10:08:49","date_gmt":"2022-01-22T09:08:49","guid":{"rendered":"https:\/\/demoweb.info\/sexshop001\/producto\/nuru-aceite-de-masaje-rosas-250-ml\/"},"modified":"2022-01-22T10:09:01","modified_gmt":"2022-01-22T09:09:01","slug":"nuru-aceite-de-masaje-rosas-250-ml","status":"publish","type":"product","link":"https:\/\/demoweb.info\/sexshop001\/producto\/nuru-aceite-de-masaje-rosas-250-ml\/","title":{"rendered":"NURU &#8211; ACEITE DE MASAJE ROSAS 250 ML"},"content":{"rendered":"<p><strong>NURU &#8211; MASSAGE OIL ROSE 250 ML<\/strong><\/p>\n<p>Mejora tu experiencia Nuru con el toque sensual del aceite de masaje Nuru.<\/p>\n<p>Con tres fragancias diferentes, el aceite de masaje nuru le ofrece una relajaci\u00f3n intensa. Adem\u00e1s, gracias a los ingredientes naturales y al extracto de algas, este aceite de masaje cuida tu piel y estimula tus sentidos. La combinaci\u00f3n de estos aceites de alta calidad asegura que su piel se mantenga hidratada, firme y regenerada. Mezclado con un agente anti-envejecimiento, m\u00e1s conocido como los &#39;tesoros del mar&#39;, este aceite de masaje tiene todo lo necesario para un masaje de primera. Adem\u00e1s de actuar como un aceite de masaje sensual, puedes usarlo perfectamente como complemento para los juegos previos.<\/p>\n<p>Las diferentes versiones del aceite de masaje Nuru:<br \/>\n&#8211; Sensual: enriquecido con las mejores algas, extracto de uva e ylang ylang<br \/>\n&#8211; Frutas ex\u00f3ticas: huele maravillosamente fresco y electrizante despu\u00e9s de las frutas ex\u00f3ticas.<br \/>\n&#8211; Rosa: equipada con un cuidado aceite de rosa para una relajaci\u00f3n profunda.<\/p>\n<p>Aceite de alta calidad para masajes er\u00f3ticos<br \/>\n&#8211; Enriquecido con un afrodis\u00edaco erotizante<br \/>\n&#8211; Cuida la piel con ingredientes naturales<br \/>\n&#8211; Fragancias extremadamente sensuales y agradables<br \/>\n&#8211; Contenido: 250 ml<br \/>\n&#8211; Ingredientes: aceite de almendras dulces, aceite de semilla de albaricoque, aceite de germen de trigo, extracto de algas, emulgador isoeste\u00e1rico, aceite de jojoba, aceite de semilla de uva, acetato de tocoferilo (vitamina E), aceite de ylang ylang<\/p>\n","protected":false},"excerpt":{"rendered":"<p>NURU &#8211; MASSAGE OIL ROSE 250 ML Mejora tu experiencia Nuru con el toque sensual del aceite de masaje Nuru.<\/p>\n","protected":false},"featured_media":12860,"comment_status":"open","ping_status":"open","template":"","meta":[],"product_cat":[517],"product_tag":[409,686],"class_list":["post-12859","product","type-product","status-publish","has-post-thumbnail","hentry","product_cat-de-masaje","product_tag-cobeco-pharma","product_tag-nuru"],"bundled_by":[],"bundle_stock_status":"instock","bundle_stock_quantity":2,"bundle_virtual":false,"bundle_layout":"","bundle_add_to_cart_form_location":"","bundle_editable_in_cart":false,"bundle_sold_individually_context":"","bundle_item_grouping":"","bundle_min_size":"","bundle_max_size":"","bundled_items":[],"yoast_head":"<!-- This site is optimized with the Yoast SEO plugin v20.6 - https:\/\/yoast.com\/wordpress\/plugins\/seo\/ -->\n<title>NURU - ACEITE DE MASAJE ROSAS 250 ML - Tienda Er\u00f3tica<\/title>\n<meta name=\"robots\" content=\"noindex, follow, max-snippet:-1, max-image-preview:large, max-video-preview:-1\" \/>\n<meta property=\"og:locale\" content=\"es_ES\" \/>\n<meta property=\"og:type\" content=\"article\" \/>\n<meta property=\"og:title\" content=\"NURU - ACEITE DE MASAJE ROSAS 250 ML - Tienda Er\u00f3tica\" \/>\n<meta property=\"og:description\" content=\"NURU &#8211; MASSAGE OIL ROSE 250 ML Mejora tu experiencia Nuru con el toque sensual del aceite de masaje Nuru.\" \/>\n<meta property=\"og:url\" content=\"https:\/\/demoweb.info\/sexshop001\/producto\/nuru-aceite-de-masaje-rosas-250-ml\/\" \/>\n<meta property=\"og:site_name\" content=\"Tienda Er\u00f3tica\" \/>\n<meta property=\"article:modified_time\" content=\"2022-01-22T09:09:01+00:00\" \/>\n<meta property=\"og:image\" content=\"https:\/\/demoweb.info\/sexshop001\/wp-content\/uploads\/2022\/01\/NURU-ACEITE-DE-MASAJE-ROSAS-250-ML.jpg\" \/>\n\t<meta property=\"og:image:width\" content=\"550\" \/>\n\t<meta property=\"og:image:height\" content=\"550\" \/>\n\t<meta property=\"og:image:type\" content=\"image\/jpeg\" \/>\n<meta name=\"twitter:card\" content=\"summary_large_image\" \/>\n<meta name=\"twitter:label1\" content=\"Tiempo de lectura\" \/>\n\t<meta name=\"twitter:data1\" content=\"1 minuto\" \/>\n<script type=\"application\/ld+json\" class=\"yoast-schema-graph\">{\"@context\":\"https:\/\/schema.org\",\"@graph\":[{\"@type\":\"WebPage\",\"@id\":\"https:\/\/demoweb.info\/sexshop001\/producto\/nuru-aceite-de-masaje-rosas-250-ml\/\",\"url\":\"https:\/\/demoweb.info\/sexshop001\/producto\/nuru-aceite-de-masaje-rosas-250-ml\/\",\"name\":\"NURU - ACEITE DE MASAJE ROSAS 250 ML - Tienda Er\u00f3tica\",\"isPartOf\":{\"@id\":\"https:\/\/demoweb.info\/sexshop001\/#website\"},\"datePublished\":\"2022-01-22T09:08:49+00:00\",\"dateModified\":\"2022-01-22T09:09:01+00:00\",\"breadcrumb\":{\"@id\":\"https:\/\/demoweb.info\/sexshop001\/producto\/nuru-aceite-de-masaje-rosas-250-ml\/#breadcrumb\"},\"inLanguage\":\"es\",\"potentialAction\":[{\"@type\":\"ReadAction\",\"target\":[\"https:\/\/demoweb.info\/sexshop001\/producto\/nuru-aceite-de-masaje-rosas-250-ml\/\"]}]},{\"@type\":\"BreadcrumbList\",\"@id\":\"https:\/\/demoweb.info\/sexshop001\/producto\/nuru-aceite-de-masaje-rosas-250-ml\/#breadcrumb\",\"itemListElement\":[{\"@type\":\"ListItem\",\"position\":1,\"name\":\"Portada\",\"item\":\"https:\/\/demoweb.info\/sexshop001\/\"},{\"@type\":\"ListItem\",\"position\":2,\"name\":\"Tienda\",\"item\":\"https:\/\/demoweb.info\/sexshop001\/tienda\/\"},{\"@type\":\"ListItem\",\"position\":3,\"name\":\"NURU &#8211; ACEITE DE MASAJE ROSAS 250 ML\"}]},{\"@type\":\"WebSite\",\"@id\":\"https:\/\/demoweb.info\/sexshop001\/#website\",\"url\":\"https:\/\/demoweb.info\/sexshop001\/\",\"name\":\"Tienda Er\u00f3tica\",\"description\":\"DEMOWEB SL\",\"potentialAction\":[{\"@type\":\"SearchAction\",\"target\":{\"@type\":\"EntryPoint\",\"urlTemplate\":\"https:\/\/demoweb.info\/sexshop001\/?s={search_term_string}\"},\"query-input\":\"required name=search_term_string\"}],\"inLanguage\":\"es\"}]}<\/script>\n<!-- \/ Yoast SEO plugin. -->","yoast_head_json":{"title":"NURU - ACEITE DE MASAJE ROSAS 250 ML - Tienda Er\u00f3tica","robots":{"index":"noindex","follow":"follow","max-snippet":"max-snippet:-1","max-image-preview":"max-image-preview:large","max-video-preview":"max-video-preview:-1"},"og_locale":"es_ES","og_type":"article","og_title":"NURU - ACEITE DE MASAJE ROSAS 250 ML - Tienda Er\u00f3tica","og_description":"NURU &#8211; MASSAGE OIL ROSE 250 ML Mejora tu experiencia Nuru con el toque sensual del aceite de masaje Nuru.","og_url":"https:\/\/demoweb.info\/sexshop001\/producto\/nuru-aceite-de-masaje-rosas-250-ml\/","og_site_name":"Tienda Er\u00f3tica","article_modified_time":"2022-01-22T09:09:01+00:00","og_image":[{"width":550,"height":550,"url":"https:\/\/demoweb.info\/sexshop001\/wp-content\/uploads\/2022\/01\/NURU-ACEITE-DE-MASAJE-ROSAS-250-ML.jpg","type":"image\/jpeg"}],"twitter_card":"summary_large_image","twitter_misc":{"Tiempo de lectura":"1 minuto"},"schema":{"@context":"https:\/\/schema.org","@graph":[{"@type":"WebPage","@id":"https:\/\/demoweb.info\/sexshop001\/producto\/nuru-aceite-de-masaje-rosas-250-ml\/","url":"https:\/\/demoweb.info\/sexshop001\/producto\/nuru-aceite-de-masaje-rosas-250-ml\/","name":"NURU - ACEITE DE MASAJE ROSAS 250 ML - Tienda Er\u00f3tica","isPartOf":{"@id":"https:\/\/demoweb.info\/sexshop001\/#website"},"datePublished":"2022-01-22T09:08:49+00:00","dateModified":"2022-01-22T09:09:01+00:00","breadcrumb":{"@id":"https:\/\/demoweb.info\/sexshop001\/producto\/nuru-aceite-de-masaje-rosas-250-ml\/#breadcrumb"},"inLanguage":"es","potentialAction":[{"@type":"ReadAction","target":["https:\/\/demoweb.info\/sexshop001\/producto\/nuru-aceite-de-masaje-rosas-250-ml\/"]}]},{"@type":"BreadcrumbList","@id":"https:\/\/demoweb.info\/sexshop001\/producto\/nuru-aceite-de-masaje-rosas-250-ml\/#breadcrumb","itemListElement":[{"@type":"ListItem","position":1,"name":"Portada","item":"https:\/\/demoweb.info\/sexshop001\/"},{"@type":"ListItem","position":2,"name":"Tienda","item":"https:\/\/demoweb.info\/sexshop001\/tienda\/"},{"@type":"ListItem","position":3,"name":"NURU &#8211; ACEITE DE MASAJE ROSAS 250 ML"}]},{"@type":"WebSite","@id":"https:\/\/demoweb.info\/sexshop001\/#website","url":"https:\/\/demoweb.info\/sexshop001\/","name":"Tienda Er\u00f3tica","description":"DEMOWEB SL","potentialAction":[{"@type":"SearchAction","target":{"@type":"EntryPoint","urlTemplate":"https:\/\/demoweb.info\/sexshop001\/?s={search_term_string}"},"query-input":"required name=search_term_string"}],"inLanguage":"es"}]}},"_links":{"self":[{"href":"https:\/\/demoweb.info\/sexshop001\/wp-json\/wp\/v3\/product\/12859","targetHints":{"allow":["GET"]}}],"collection":[{"href":"https:\/\/demoweb.info\/sexshop001\/wp-json\/wp\/v3\/product"}],"about":[{"href":"https:\/\/demoweb.info\/sexshop001\/wp-json\/wp\/v2\/types\/product"}],"replies":[{"embeddable":true,"href":"https:\/\/demoweb.info\/sexshop001\/wp-json\/wp\/v2\/comments?post=12859"}],"wp:featuredmedia":[{"embeddable":true,"href":"https:\/\/demoweb.info\/sexshop001\/wp-json\/wp\/v2\/media\/12860"}],"wp:attachment":[{"href":"https:\/\/demoweb.info\/sexshop001\/wp-json\/wp\/v2\/media?parent=12859"}],"wp:term":[{"taxonomy":"product_cat","embeddable":true,"href":"https:\/\/demoweb.info\/sexshop001\/wp-json\/wp\/v2\/product_cat?post=12859"},{"taxonomy":"product_tag","embeddable":true,"href":"https:\/\/demoweb.info\/sexshop001\/wp-json\/wp\/v2\/product_tag?post=12859"}],"curies":[{"name":"wp","href":"https:\/\/api.w.org\/{rel}","templated":true}]}}