{"id":12633,"date":"2022-01-22T10:07:14","date_gmt":"2022-01-22T09:07:14","guid":{"rendered":"https:\/\/demoweb.info\/sexshop001\/producto\/fetish-fantasy-kit-ataduras-para-la-cama\/"},"modified":"2022-01-22T10:07:25","modified_gmt":"2022-01-22T09:07:25","slug":"fetish-fantasy-kit-ataduras-para-la-cama","status":"publish","type":"product","link":"https:\/\/demoweb.info\/sexshop001\/producto\/fetish-fantasy-kit-ataduras-para-la-cama\/","title":{"rendered":"FETISH FANTASY KIT ATADURAS PARA LA CAMA"},"content":{"rendered":"<p><strong>FETISH FANTASY ULTIMATE BED RESTRAINT SYSTEM<\/strong>, es un kit de bondage para utilizar en la cama, de la colecci\u00f3n <strong>FETISH FANTASY SERIES<\/strong>.<\/p>\n<p>Transforma tu cama en una apasionante con zona de juegos. Este sistema f\u00e1cil de instalar es todo lo que necesitas para disfrutar de una noche de fetiche y diversi\u00f3n en tu propia habitaci\u00f3n, con tu propia cama!<\/p>\n<p>Siempre has so\u00f1ado con ser atado a los postes de la cama, pero \u00bfqu\u00e9 hacer si tu cama no tiene ninguno? Este sistema ofrece dos grandes correas de nylon que se envuelven alrededor de tu cabecero y el pie, y se conecta con 4 correas y esposas. Cada correa cuenta con 6 anillos de metal que te permiten colocar las ataduras en cualquier lugar que desees, creando escenarios elaborados sin nudos ni complicaciones. El kit puede ser utilizado con cualquier tama\u00f1o de colch\u00f3n y se adapta f\u00e1cilmente en minutos.<\/p>\n<p>Es perfecto para las camas sin cabeceros y se puede utilizar en los sof\u00e1s tambi\u00e9n. Simplemente desliza la correa de tu cabecera, tira de la correa hasta que quede apretado, a continuaci\u00f3n cierra la pinza de autobloqueo para mantener la correa en su lugar. Repite los mismos pasos con el pie de cama y ya est\u00e1is listos para disfrutar de una noche de juegos bondage.<\/p>\n<p>Las esposas se ajustan f\u00e1cilmente para adaptarse a las mu\u00f1ecas o los tobillos, lo que te permite explorar nuevas posiciones que nunca pensaste que fueran posible. Usa tu imaginaci\u00f3n y no le pongas l\u00edmite a la diversi\u00f3n!<\/p>\n<p>Incluye m\u00e1scara de regalo.<\/p>\n<p>100% Ajustable.<\/p>\n","protected":false},"excerpt":{"rendered":"<p>FETISH FANTASY ULTIMATE BED RESTRAINT SYSTEM, es un kit de bondage para utilizar en la cama, de la colecci\u00f3n FETISH<\/p>\n","protected":false},"featured_media":12634,"comment_status":"open","ping_status":"open","template":"","meta":[],"product_cat":[679],"product_tag":[260,259],"class_list":["post-12633","product","type-product","status-publish","has-post-thumbnail","hentry","product_cat-para-cama","product_tag-fetish-fantasy-series","product_tag-pipedream"],"bundled_by":[],"bundle_stock_status":"instock","bundle_stock_quantity":1,"bundle_virtual":false,"bundle_layout":"","bundle_add_to_cart_form_location":"","bundle_editable_in_cart":false,"bundle_sold_individually_context":"","bundle_item_grouping":"","bundle_min_size":"","bundle_max_size":"","bundled_items":[],"yoast_head":"<!-- This site is optimized with the Yoast SEO plugin v20.6 - https:\/\/yoast.com\/wordpress\/plugins\/seo\/ -->\n<title>FETISH FANTASY KIT ATADURAS PARA LA CAMA - Tienda Er\u00f3tica<\/title>\n<meta name=\"robots\" content=\"noindex, follow, max-snippet:-1, max-image-preview:large, max-video-preview:-1\" \/>\n<meta property=\"og:locale\" content=\"es_ES\" \/>\n<meta property=\"og:type\" content=\"article\" \/>\n<meta property=\"og:title\" content=\"FETISH FANTASY KIT ATADURAS PARA LA CAMA - Tienda Er\u00f3tica\" \/>\n<meta property=\"og:description\" content=\"FETISH FANTASY ULTIMATE BED RESTRAINT SYSTEM, es un kit de bondage para utilizar en la cama, de la colecci\u00f3n FETISH\" \/>\n<meta property=\"og:url\" content=\"https:\/\/demoweb.info\/sexshop001\/producto\/fetish-fantasy-kit-ataduras-para-la-cama\/\" \/>\n<meta property=\"og:site_name\" content=\"Tienda Er\u00f3tica\" \/>\n<meta property=\"article:modified_time\" content=\"2022-01-22T09:07:25+00:00\" \/>\n<meta property=\"og:image\" content=\"https:\/\/demoweb.info\/sexshop001\/wp-content\/uploads\/2022\/01\/FETISH-FANTASY-KIT-ATADURAS-PARA-LA-CAMA.jpg\" \/>\n\t<meta property=\"og:image:width\" content=\"550\" \/>\n\t<meta property=\"og:image:height\" content=\"550\" \/>\n\t<meta property=\"og:image:type\" content=\"image\/jpeg\" \/>\n<meta name=\"twitter:card\" content=\"summary_large_image\" \/>\n<meta name=\"twitter:label1\" content=\"Tiempo de lectura\" \/>\n\t<meta name=\"twitter:data1\" content=\"1 minuto\" \/>\n<script type=\"application\/ld+json\" class=\"yoast-schema-graph\">{\"@context\":\"https:\/\/schema.org\",\"@graph\":[{\"@type\":\"WebPage\",\"@id\":\"https:\/\/demoweb.info\/sexshop001\/producto\/fetish-fantasy-kit-ataduras-para-la-cama\/\",\"url\":\"https:\/\/demoweb.info\/sexshop001\/producto\/fetish-fantasy-kit-ataduras-para-la-cama\/\",\"name\":\"FETISH FANTASY KIT ATADURAS PARA LA CAMA - Tienda Er\u00f3tica\",\"isPartOf\":{\"@id\":\"https:\/\/demoweb.info\/sexshop001\/#website\"},\"datePublished\":\"2022-01-22T09:07:14+00:00\",\"dateModified\":\"2022-01-22T09:07:25+00:00\",\"breadcrumb\":{\"@id\":\"https:\/\/demoweb.info\/sexshop001\/producto\/fetish-fantasy-kit-ataduras-para-la-cama\/#breadcrumb\"},\"inLanguage\":\"es\",\"potentialAction\":[{\"@type\":\"ReadAction\",\"target\":[\"https:\/\/demoweb.info\/sexshop001\/producto\/fetish-fantasy-kit-ataduras-para-la-cama\/\"]}]},{\"@type\":\"BreadcrumbList\",\"@id\":\"https:\/\/demoweb.info\/sexshop001\/producto\/fetish-fantasy-kit-ataduras-para-la-cama\/#breadcrumb\",\"itemListElement\":[{\"@type\":\"ListItem\",\"position\":1,\"name\":\"Portada\",\"item\":\"https:\/\/demoweb.info\/sexshop001\/\"},{\"@type\":\"ListItem\",\"position\":2,\"name\":\"Tienda\",\"item\":\"https:\/\/demoweb.info\/sexshop001\/tienda\/\"},{\"@type\":\"ListItem\",\"position\":3,\"name\":\"FETISH FANTASY KIT ATADURAS PARA LA CAMA\"}]},{\"@type\":\"WebSite\",\"@id\":\"https:\/\/demoweb.info\/sexshop001\/#website\",\"url\":\"https:\/\/demoweb.info\/sexshop001\/\",\"name\":\"Tienda Er\u00f3tica\",\"description\":\"DEMOWEB SL\",\"potentialAction\":[{\"@type\":\"SearchAction\",\"target\":{\"@type\":\"EntryPoint\",\"urlTemplate\":\"https:\/\/demoweb.info\/sexshop001\/?s={search_term_string}\"},\"query-input\":\"required name=search_term_string\"}],\"inLanguage\":\"es\"}]}<\/script>\n<!-- \/ Yoast SEO plugin. -->","yoast_head_json":{"title":"FETISH FANTASY KIT ATADURAS PARA LA CAMA - Tienda Er\u00f3tica","robots":{"index":"noindex","follow":"follow","max-snippet":"max-snippet:-1","max-image-preview":"max-image-preview:large","max-video-preview":"max-video-preview:-1"},"og_locale":"es_ES","og_type":"article","og_title":"FETISH FANTASY KIT ATADURAS PARA LA CAMA - Tienda Er\u00f3tica","og_description":"FETISH FANTASY ULTIMATE BED RESTRAINT SYSTEM, es un kit de bondage para utilizar en la cama, de la colecci\u00f3n FETISH","og_url":"https:\/\/demoweb.info\/sexshop001\/producto\/fetish-fantasy-kit-ataduras-para-la-cama\/","og_site_name":"Tienda Er\u00f3tica","article_modified_time":"2022-01-22T09:07:25+00:00","og_image":[{"width":550,"height":550,"url":"https:\/\/demoweb.info\/sexshop001\/wp-content\/uploads\/2022\/01\/FETISH-FANTASY-KIT-ATADURAS-PARA-LA-CAMA.jpg","type":"image\/jpeg"}],"twitter_card":"summary_large_image","twitter_misc":{"Tiempo de lectura":"1 minuto"},"schema":{"@context":"https:\/\/schema.org","@graph":[{"@type":"WebPage","@id":"https:\/\/demoweb.info\/sexshop001\/producto\/fetish-fantasy-kit-ataduras-para-la-cama\/","url":"https:\/\/demoweb.info\/sexshop001\/producto\/fetish-fantasy-kit-ataduras-para-la-cama\/","name":"FETISH FANTASY KIT ATADURAS PARA LA CAMA - Tienda Er\u00f3tica","isPartOf":{"@id":"https:\/\/demoweb.info\/sexshop001\/#website"},"datePublished":"2022-01-22T09:07:14+00:00","dateModified":"2022-01-22T09:07:25+00:00","breadcrumb":{"@id":"https:\/\/demoweb.info\/sexshop001\/producto\/fetish-fantasy-kit-ataduras-para-la-cama\/#breadcrumb"},"inLanguage":"es","potentialAction":[{"@type":"ReadAction","target":["https:\/\/demoweb.info\/sexshop001\/producto\/fetish-fantasy-kit-ataduras-para-la-cama\/"]}]},{"@type":"BreadcrumbList","@id":"https:\/\/demoweb.info\/sexshop001\/producto\/fetish-fantasy-kit-ataduras-para-la-cama\/#breadcrumb","itemListElement":[{"@type":"ListItem","position":1,"name":"Portada","item":"https:\/\/demoweb.info\/sexshop001\/"},{"@type":"ListItem","position":2,"name":"Tienda","item":"https:\/\/demoweb.info\/sexshop001\/tienda\/"},{"@type":"ListItem","position":3,"name":"FETISH FANTASY KIT ATADURAS PARA LA CAMA"}]},{"@type":"WebSite","@id":"https:\/\/demoweb.info\/sexshop001\/#website","url":"https:\/\/demoweb.info\/sexshop001\/","name":"Tienda Er\u00f3tica","description":"DEMOWEB SL","potentialAction":[{"@type":"SearchAction","target":{"@type":"EntryPoint","urlTemplate":"https:\/\/demoweb.info\/sexshop001\/?s={search_term_string}"},"query-input":"required name=search_term_string"}],"inLanguage":"es"}]}},"_links":{"self":[{"href":"https:\/\/demoweb.info\/sexshop001\/wp-json\/wp\/v3\/product\/12633","targetHints":{"allow":["GET"]}}],"collection":[{"href":"https:\/\/demoweb.info\/sexshop001\/wp-json\/wp\/v3\/product"}],"about":[{"href":"https:\/\/demoweb.info\/sexshop001\/wp-json\/wp\/v2\/types\/product"}],"replies":[{"embeddable":true,"href":"https:\/\/demoweb.info\/sexshop001\/wp-json\/wp\/v2\/comments?post=12633"}],"wp:featuredmedia":[{"embeddable":true,"href":"https:\/\/demoweb.info\/sexshop001\/wp-json\/wp\/v2\/media\/12634"}],"wp:attachment":[{"href":"https:\/\/demoweb.info\/sexshop001\/wp-json\/wp\/v2\/media?parent=12633"}],"wp:term":[{"taxonomy":"product_cat","embeddable":true,"href":"https:\/\/demoweb.info\/sexshop001\/wp-json\/wp\/v2\/product_cat?post=12633"},{"taxonomy":"product_tag","embeddable":true,"href":"https:\/\/demoweb.info\/sexshop001\/wp-json\/wp\/v2\/product_tag?post=12633"}],"curies":[{"name":"wp","href":"https:\/\/api.w.org\/{rel}","templated":true}]}}