{"id":12460,"date":"2022-01-22T10:05:55","date_gmt":"2022-01-22T09:05:55","guid":{"rendered":"https:\/\/demoweb.info\/sexshop001\/producto\/saninex-intimate-lubricant-massage-gel-provocative-2-in-1-200ml\/"},"modified":"2022-01-22T10:06:09","modified_gmt":"2022-01-22T09:06:09","slug":"saninex-intimate-lubricant-massage-gel-provocative-2-in-1-200ml","status":"publish","type":"product","link":"https:\/\/demoweb.info\/sexshop001\/producto\/saninex-intimate-lubricant-massage-gel-provocative-2-in-1-200ml\/","title":{"rendered":"SANINEX INTIMATE LUBRICANT &#038; MASSAGE GEL PROVOCATIVE 2 in 1 &#8211; 200ML"},"content":{"rendered":"<p><strong>SANINEX INTIMATE LUBRICANT &#038; MASSAGE GEL PROVOCATIVE 2 in 1 &#8211; 200ML <\/strong><\/p>\n<p>Potenciador del placer<\/p>\n<p>Gel lubricante formulado y dise\u00f1ado para provocar el m\u00e1ximo placer mutuo.<\/p>\n<p>Saninex 2 en 1 Gel lubricante \u00edntimo y masaje. Base agua. 200ml<\/p>\n<p>Made in Spain.<\/p>\n<p>Ingredientes : Aqua, Carbomer , glycerin , triethanolamine , phenoxyethanol , methylparaben , Ethylparaben , propylparaben , buthylparaben.<\/p>\n<p>Modo de empleo: aplique una peque\u00f1a cantidad en el \u00e1rea deseada y aumente con un suave masaje y experimente la sensualidad y el erotismo al m\u00e1s alto nivel.<\/p>\n<p>Provoca m\u00e1s placer generando m\u00e1s provocaci\u00f3n sexual. Disfr\u00fatate con la provocaci\u00f3n. Saninex crea para ti un nuevo concepto en forma de lubricante sexual. Elige tu modelo y siente un estallido de t\u00ed.<\/p>\n<p>Contiene: 200 ml<\/p>\n","protected":false},"excerpt":{"rendered":"<p>SANINEX INTIMATE LUBRICANT &#038; MASSAGE GEL PROVOCATIVE 2 in 1 &#8211; 200ML Potenciador del placer Gel lubricante formulado y dise\u00f1ado<\/p>\n","protected":false},"featured_media":12461,"comment_status":"open","ping_status":"open","template":"","meta":[],"product_cat":[268],"product_tag":[673],"class_list":["post-12460","product","type-product","status-publish","has-post-thumbnail","hentry","product_cat-base-agua-lubricantes-aceites-y-lubricantes","product_tag-saninex"],"bundled_by":[],"bundle_stock_status":"instock","bundle_stock_quantity":3,"bundle_virtual":false,"bundle_layout":"","bundle_add_to_cart_form_location":"","bundle_editable_in_cart":false,"bundle_sold_individually_context":"","bundle_item_grouping":"","bundle_min_size":"","bundle_max_size":"","bundled_items":[],"yoast_head":"<!-- This site is optimized with the Yoast SEO plugin v20.6 - https:\/\/yoast.com\/wordpress\/plugins\/seo\/ -->\n<title>SANINEX INTIMATE LUBRICANT &amp; MASSAGE GEL PROVOCATIVE 2 in 1 - 200ML - Tienda Er\u00f3tica<\/title>\n<meta name=\"robots\" content=\"noindex, follow, max-snippet:-1, max-image-preview:large, max-video-preview:-1\" \/>\n<meta property=\"og:locale\" content=\"es_ES\" \/>\n<meta property=\"og:type\" content=\"article\" \/>\n<meta property=\"og:title\" content=\"SANINEX INTIMATE LUBRICANT &amp; MASSAGE GEL PROVOCATIVE 2 in 1 - 200ML - Tienda Er\u00f3tica\" \/>\n<meta property=\"og:description\" content=\"SANINEX INTIMATE LUBRICANT &#038; MASSAGE GEL PROVOCATIVE 2 in 1 &#8211; 200ML Potenciador del placer Gel lubricante formulado y dise\u00f1ado\" \/>\n<meta property=\"og:url\" content=\"https:\/\/demoweb.info\/sexshop001\/producto\/saninex-intimate-lubricant-massage-gel-provocative-2-in-1-200ml\/\" \/>\n<meta property=\"og:site_name\" content=\"Tienda Er\u00f3tica\" \/>\n<meta property=\"article:modified_time\" content=\"2022-01-22T09:06:09+00:00\" \/>\n<meta property=\"og:image\" content=\"https:\/\/demoweb.info\/sexshop001\/wp-content\/uploads\/2022\/01\/SANINEX-INTIMATE-LUBRICANT-MASSAGE-GEL-PROVOCATIVE-2-in-1-200ML.jpg\" \/>\n\t<meta property=\"og:image:width\" content=\"550\" \/>\n\t<meta property=\"og:image:height\" content=\"550\" \/>\n\t<meta property=\"og:image:type\" content=\"image\/jpeg\" \/>\n<meta name=\"twitter:card\" content=\"summary_large_image\" \/>\n<meta name=\"twitter:label1\" content=\"Tiempo de lectura\" \/>\n\t<meta name=\"twitter:data1\" content=\"1 minuto\" \/>\n<script type=\"application\/ld+json\" class=\"yoast-schema-graph\">{\"@context\":\"https:\/\/schema.org\",\"@graph\":[{\"@type\":\"WebPage\",\"@id\":\"https:\/\/demoweb.info\/sexshop001\/producto\/saninex-intimate-lubricant-massage-gel-provocative-2-in-1-200ml\/\",\"url\":\"https:\/\/demoweb.info\/sexshop001\/producto\/saninex-intimate-lubricant-massage-gel-provocative-2-in-1-200ml\/\",\"name\":\"SANINEX INTIMATE LUBRICANT & MASSAGE GEL PROVOCATIVE 2 in 1 - 200ML - Tienda Er\u00f3tica\",\"isPartOf\":{\"@id\":\"https:\/\/demoweb.info\/sexshop001\/#website\"},\"datePublished\":\"2022-01-22T09:05:55+00:00\",\"dateModified\":\"2022-01-22T09:06:09+00:00\",\"breadcrumb\":{\"@id\":\"https:\/\/demoweb.info\/sexshop001\/producto\/saninex-intimate-lubricant-massage-gel-provocative-2-in-1-200ml\/#breadcrumb\"},\"inLanguage\":\"es\",\"potentialAction\":[{\"@type\":\"ReadAction\",\"target\":[\"https:\/\/demoweb.info\/sexshop001\/producto\/saninex-intimate-lubricant-massage-gel-provocative-2-in-1-200ml\/\"]}]},{\"@type\":\"BreadcrumbList\",\"@id\":\"https:\/\/demoweb.info\/sexshop001\/producto\/saninex-intimate-lubricant-massage-gel-provocative-2-in-1-200ml\/#breadcrumb\",\"itemListElement\":[{\"@type\":\"ListItem\",\"position\":1,\"name\":\"Portada\",\"item\":\"https:\/\/demoweb.info\/sexshop001\/\"},{\"@type\":\"ListItem\",\"position\":2,\"name\":\"Tienda\",\"item\":\"https:\/\/demoweb.info\/sexshop001\/tienda\/\"},{\"@type\":\"ListItem\",\"position\":3,\"name\":\"SANINEX INTIMATE LUBRICANT &#038; MASSAGE GEL PROVOCATIVE 2 in 1 &#8211; 200ML\"}]},{\"@type\":\"WebSite\",\"@id\":\"https:\/\/demoweb.info\/sexshop001\/#website\",\"url\":\"https:\/\/demoweb.info\/sexshop001\/\",\"name\":\"Tienda Er\u00f3tica\",\"description\":\"DEMOWEB SL\",\"potentialAction\":[{\"@type\":\"SearchAction\",\"target\":{\"@type\":\"EntryPoint\",\"urlTemplate\":\"https:\/\/demoweb.info\/sexshop001\/?s={search_term_string}\"},\"query-input\":\"required name=search_term_string\"}],\"inLanguage\":\"es\"}]}<\/script>\n<!-- \/ Yoast SEO plugin. -->","yoast_head_json":{"title":"SANINEX INTIMATE LUBRICANT & MASSAGE GEL PROVOCATIVE 2 in 1 - 200ML - Tienda Er\u00f3tica","robots":{"index":"noindex","follow":"follow","max-snippet":"max-snippet:-1","max-image-preview":"max-image-preview:large","max-video-preview":"max-video-preview:-1"},"og_locale":"es_ES","og_type":"article","og_title":"SANINEX INTIMATE LUBRICANT & MASSAGE GEL PROVOCATIVE 2 in 1 - 200ML - Tienda Er\u00f3tica","og_description":"SANINEX INTIMATE LUBRICANT &#038; MASSAGE GEL PROVOCATIVE 2 in 1 &#8211; 200ML Potenciador del placer Gel lubricante formulado y dise\u00f1ado","og_url":"https:\/\/demoweb.info\/sexshop001\/producto\/saninex-intimate-lubricant-massage-gel-provocative-2-in-1-200ml\/","og_site_name":"Tienda Er\u00f3tica","article_modified_time":"2022-01-22T09:06:09+00:00","og_image":[{"width":550,"height":550,"url":"https:\/\/demoweb.info\/sexshop001\/wp-content\/uploads\/2022\/01\/SANINEX-INTIMATE-LUBRICANT-MASSAGE-GEL-PROVOCATIVE-2-in-1-200ML.jpg","type":"image\/jpeg"}],"twitter_card":"summary_large_image","twitter_misc":{"Tiempo de lectura":"1 minuto"},"schema":{"@context":"https:\/\/schema.org","@graph":[{"@type":"WebPage","@id":"https:\/\/demoweb.info\/sexshop001\/producto\/saninex-intimate-lubricant-massage-gel-provocative-2-in-1-200ml\/","url":"https:\/\/demoweb.info\/sexshop001\/producto\/saninex-intimate-lubricant-massage-gel-provocative-2-in-1-200ml\/","name":"SANINEX INTIMATE LUBRICANT & MASSAGE GEL PROVOCATIVE 2 in 1 - 200ML - Tienda Er\u00f3tica","isPartOf":{"@id":"https:\/\/demoweb.info\/sexshop001\/#website"},"datePublished":"2022-01-22T09:05:55+00:00","dateModified":"2022-01-22T09:06:09+00:00","breadcrumb":{"@id":"https:\/\/demoweb.info\/sexshop001\/producto\/saninex-intimate-lubricant-massage-gel-provocative-2-in-1-200ml\/#breadcrumb"},"inLanguage":"es","potentialAction":[{"@type":"ReadAction","target":["https:\/\/demoweb.info\/sexshop001\/producto\/saninex-intimate-lubricant-massage-gel-provocative-2-in-1-200ml\/"]}]},{"@type":"BreadcrumbList","@id":"https:\/\/demoweb.info\/sexshop001\/producto\/saninex-intimate-lubricant-massage-gel-provocative-2-in-1-200ml\/#breadcrumb","itemListElement":[{"@type":"ListItem","position":1,"name":"Portada","item":"https:\/\/demoweb.info\/sexshop001\/"},{"@type":"ListItem","position":2,"name":"Tienda","item":"https:\/\/demoweb.info\/sexshop001\/tienda\/"},{"@type":"ListItem","position":3,"name":"SANINEX INTIMATE LUBRICANT &#038; MASSAGE GEL PROVOCATIVE 2 in 1 &#8211; 200ML"}]},{"@type":"WebSite","@id":"https:\/\/demoweb.info\/sexshop001\/#website","url":"https:\/\/demoweb.info\/sexshop001\/","name":"Tienda Er\u00f3tica","description":"DEMOWEB SL","potentialAction":[{"@type":"SearchAction","target":{"@type":"EntryPoint","urlTemplate":"https:\/\/demoweb.info\/sexshop001\/?s={search_term_string}"},"query-input":"required name=search_term_string"}],"inLanguage":"es"}]}},"_links":{"self":[{"href":"https:\/\/demoweb.info\/sexshop001\/wp-json\/wp\/v3\/product\/12460","targetHints":{"allow":["GET"]}}],"collection":[{"href":"https:\/\/demoweb.info\/sexshop001\/wp-json\/wp\/v3\/product"}],"about":[{"href":"https:\/\/demoweb.info\/sexshop001\/wp-json\/wp\/v2\/types\/product"}],"replies":[{"embeddable":true,"href":"https:\/\/demoweb.info\/sexshop001\/wp-json\/wp\/v2\/comments?post=12460"}],"wp:featuredmedia":[{"embeddable":true,"href":"https:\/\/demoweb.info\/sexshop001\/wp-json\/wp\/v2\/media\/12461"}],"wp:attachment":[{"href":"https:\/\/demoweb.info\/sexshop001\/wp-json\/wp\/v2\/media?parent=12460"}],"wp:term":[{"taxonomy":"product_cat","embeddable":true,"href":"https:\/\/demoweb.info\/sexshop001\/wp-json\/wp\/v2\/product_cat?post=12460"},{"taxonomy":"product_tag","embeddable":true,"href":"https:\/\/demoweb.info\/sexshop001\/wp-json\/wp\/v2\/product_tag?post=12460"}],"curies":[{"name":"wp","href":"https:\/\/api.w.org\/{rel}","templated":true}]}}