{"id":12193,"date":"2022-01-22T10:03:56","date_gmt":"2022-01-22T09:03:56","guid":{"rendered":"https:\/\/demoweb.info\/sexshop001\/producto\/iquiver-set-pequeno-vibrador-7-piezas-rojo-velvet\/"},"modified":"2022-01-22T10:04:14","modified_gmt":"2022-01-22T09:04:14","slug":"iquiver-set-pequeno-vibrador-7-piezas-rojo-velvet","status":"publish","type":"product","link":"https:\/\/demoweb.info\/sexshop001\/producto\/iquiver-set-pequeno-vibrador-7-piezas-rojo-velvet\/","title":{"rendered":"IQUIVER &#8211; SET PEQUE\u00d1O VIBRADOR 7 PIEZAS &#8211; ROJO VELVET"},"content":{"rendered":"<p><strong>IQUIVER &#8211; 7 PIECE SET &#8211; RED VELVET<\/strong><\/p>\n<p>El iVibe Select iQuiver es un innovador vibrador peque\u00f1o con 6 cabezales intercambiables, cada uno de los cuales proporciona una sensaci\u00f3n \u00fanica.<\/p>\n<p>El vibrador hace alarde de 10 patrones de vibraci\u00f3n, que permiten un total de 60 sensaciones individuales.<\/p>\n<p>El tama\u00f1o peque\u00f1o del iQuiver y sus diversas formas de cabeza lo hacen multifuncional, capaz de estimular muchas zonas er\u00f3genas.<\/p>\n<p>Est\u00e1 disponible en b\u00edgaro y terciopelo rojo.<\/p>\n<ul>\n<li>Peso del producto : 70gram<\/li>\n<li>Di\u00e1metro del producto :1,3 cm<\/li>\n<li>Longitud insertable  :4,5 cm<\/li>\n<li>Tipos de velocidad  :10<\/li>\n<li>Recargable :S\u00ed\n\t <\/li>\n<\/ul>\n","protected":false},"excerpt":{"rendered":"<p>IQUIVER &#8211; 7 PIECE SET &#8211; RED VELVET El iVibe Select iQuiver es un innovador vibrador peque\u00f1o con 6 cabezales<\/p>\n","protected":false},"featured_media":12194,"comment_status":"open","ping_status":"open","template":"","meta":[],"product_cat":[478],"product_tag":[460,654],"class_list":["post-12193","product","type-product","status-publish","has-post-thumbnail","hentry","product_cat-kits-vibradores-juguetes-xxx","product_tag-doc-johnson","product_tag-ivibe"],"bundled_by":[],"bundle_stock_status":"instock","bundle_stock_quantity":2,"bundle_virtual":false,"bundle_layout":"","bundle_add_to_cart_form_location":"","bundle_editable_in_cart":false,"bundle_sold_individually_context":"","bundle_item_grouping":"","bundle_min_size":"","bundle_max_size":"","bundled_items":[],"yoast_head":"<!-- This site is optimized with the Yoast SEO plugin v20.6 - https:\/\/yoast.com\/wordpress\/plugins\/seo\/ -->\n<title>IQUIVER - SET PEQUE\u00d1O VIBRADOR 7 PIEZAS - ROJO VELVET - Tienda Er\u00f3tica<\/title>\n<meta name=\"robots\" content=\"noindex, follow, max-snippet:-1, max-image-preview:large, max-video-preview:-1\" \/>\n<meta property=\"og:locale\" content=\"es_ES\" \/>\n<meta property=\"og:type\" content=\"article\" \/>\n<meta property=\"og:title\" content=\"IQUIVER - SET PEQUE\u00d1O VIBRADOR 7 PIEZAS - ROJO VELVET - Tienda Er\u00f3tica\" \/>\n<meta property=\"og:description\" content=\"IQUIVER &#8211; 7 PIECE SET &#8211; RED VELVET El iVibe Select iQuiver es un innovador vibrador peque\u00f1o con 6 cabezales\" \/>\n<meta property=\"og:url\" content=\"https:\/\/demoweb.info\/sexshop001\/producto\/iquiver-set-pequeno-vibrador-7-piezas-rojo-velvet\/\" \/>\n<meta property=\"og:site_name\" content=\"Tienda Er\u00f3tica\" \/>\n<meta property=\"article:modified_time\" content=\"2022-01-22T09:04:14+00:00\" \/>\n<meta property=\"og:image\" content=\"https:\/\/demoweb.info\/sexshop001\/wp-content\/uploads\/2022\/01\/IQUIVER-SET-PEQUENO-VIBRADOR-7-PIEZAS-ROJO-VELVET.jpg\" \/>\n\t<meta property=\"og:image:width\" content=\"550\" \/>\n\t<meta property=\"og:image:height\" content=\"550\" \/>\n\t<meta property=\"og:image:type\" content=\"image\/jpeg\" \/>\n<meta name=\"twitter:card\" content=\"summary_large_image\" \/>\n<script type=\"application\/ld+json\" class=\"yoast-schema-graph\">{\"@context\":\"https:\/\/schema.org\",\"@graph\":[{\"@type\":\"WebPage\",\"@id\":\"https:\/\/demoweb.info\/sexshop001\/producto\/iquiver-set-pequeno-vibrador-7-piezas-rojo-velvet\/\",\"url\":\"https:\/\/demoweb.info\/sexshop001\/producto\/iquiver-set-pequeno-vibrador-7-piezas-rojo-velvet\/\",\"name\":\"IQUIVER - SET PEQUE\u00d1O VIBRADOR 7 PIEZAS - ROJO VELVET - Tienda Er\u00f3tica\",\"isPartOf\":{\"@id\":\"https:\/\/demoweb.info\/sexshop001\/#website\"},\"datePublished\":\"2022-01-22T09:03:56+00:00\",\"dateModified\":\"2022-01-22T09:04:14+00:00\",\"breadcrumb\":{\"@id\":\"https:\/\/demoweb.info\/sexshop001\/producto\/iquiver-set-pequeno-vibrador-7-piezas-rojo-velvet\/#breadcrumb\"},\"inLanguage\":\"es\",\"potentialAction\":[{\"@type\":\"ReadAction\",\"target\":[\"https:\/\/demoweb.info\/sexshop001\/producto\/iquiver-set-pequeno-vibrador-7-piezas-rojo-velvet\/\"]}]},{\"@type\":\"BreadcrumbList\",\"@id\":\"https:\/\/demoweb.info\/sexshop001\/producto\/iquiver-set-pequeno-vibrador-7-piezas-rojo-velvet\/#breadcrumb\",\"itemListElement\":[{\"@type\":\"ListItem\",\"position\":1,\"name\":\"Portada\",\"item\":\"https:\/\/demoweb.info\/sexshop001\/\"},{\"@type\":\"ListItem\",\"position\":2,\"name\":\"Tienda\",\"item\":\"https:\/\/demoweb.info\/sexshop001\/tienda\/\"},{\"@type\":\"ListItem\",\"position\":3,\"name\":\"IQUIVER &#8211; SET PEQUE\u00d1O VIBRADOR 7 PIEZAS &#8211; ROJO VELVET\"}]},{\"@type\":\"WebSite\",\"@id\":\"https:\/\/demoweb.info\/sexshop001\/#website\",\"url\":\"https:\/\/demoweb.info\/sexshop001\/\",\"name\":\"Tienda Er\u00f3tica\",\"description\":\"DEMOWEB SL\",\"potentialAction\":[{\"@type\":\"SearchAction\",\"target\":{\"@type\":\"EntryPoint\",\"urlTemplate\":\"https:\/\/demoweb.info\/sexshop001\/?s={search_term_string}\"},\"query-input\":\"required name=search_term_string\"}],\"inLanguage\":\"es\"}]}<\/script>\n<!-- \/ Yoast SEO plugin. -->","yoast_head_json":{"title":"IQUIVER - SET PEQUE\u00d1O VIBRADOR 7 PIEZAS - ROJO VELVET - Tienda Er\u00f3tica","robots":{"index":"noindex","follow":"follow","max-snippet":"max-snippet:-1","max-image-preview":"max-image-preview:large","max-video-preview":"max-video-preview:-1"},"og_locale":"es_ES","og_type":"article","og_title":"IQUIVER - SET PEQUE\u00d1O VIBRADOR 7 PIEZAS - ROJO VELVET - Tienda Er\u00f3tica","og_description":"IQUIVER &#8211; 7 PIECE SET &#8211; RED VELVET El iVibe Select iQuiver es un innovador vibrador peque\u00f1o con 6 cabezales","og_url":"https:\/\/demoweb.info\/sexshop001\/producto\/iquiver-set-pequeno-vibrador-7-piezas-rojo-velvet\/","og_site_name":"Tienda Er\u00f3tica","article_modified_time":"2022-01-22T09:04:14+00:00","og_image":[{"width":550,"height":550,"url":"https:\/\/demoweb.info\/sexshop001\/wp-content\/uploads\/2022\/01\/IQUIVER-SET-PEQUENO-VIBRADOR-7-PIEZAS-ROJO-VELVET.jpg","type":"image\/jpeg"}],"twitter_card":"summary_large_image","schema":{"@context":"https:\/\/schema.org","@graph":[{"@type":"WebPage","@id":"https:\/\/demoweb.info\/sexshop001\/producto\/iquiver-set-pequeno-vibrador-7-piezas-rojo-velvet\/","url":"https:\/\/demoweb.info\/sexshop001\/producto\/iquiver-set-pequeno-vibrador-7-piezas-rojo-velvet\/","name":"IQUIVER - SET PEQUE\u00d1O VIBRADOR 7 PIEZAS - ROJO VELVET - Tienda Er\u00f3tica","isPartOf":{"@id":"https:\/\/demoweb.info\/sexshop001\/#website"},"datePublished":"2022-01-22T09:03:56+00:00","dateModified":"2022-01-22T09:04:14+00:00","breadcrumb":{"@id":"https:\/\/demoweb.info\/sexshop001\/producto\/iquiver-set-pequeno-vibrador-7-piezas-rojo-velvet\/#breadcrumb"},"inLanguage":"es","potentialAction":[{"@type":"ReadAction","target":["https:\/\/demoweb.info\/sexshop001\/producto\/iquiver-set-pequeno-vibrador-7-piezas-rojo-velvet\/"]}]},{"@type":"BreadcrumbList","@id":"https:\/\/demoweb.info\/sexshop001\/producto\/iquiver-set-pequeno-vibrador-7-piezas-rojo-velvet\/#breadcrumb","itemListElement":[{"@type":"ListItem","position":1,"name":"Portada","item":"https:\/\/demoweb.info\/sexshop001\/"},{"@type":"ListItem","position":2,"name":"Tienda","item":"https:\/\/demoweb.info\/sexshop001\/tienda\/"},{"@type":"ListItem","position":3,"name":"IQUIVER &#8211; SET PEQUE\u00d1O VIBRADOR 7 PIEZAS &#8211; ROJO VELVET"}]},{"@type":"WebSite","@id":"https:\/\/demoweb.info\/sexshop001\/#website","url":"https:\/\/demoweb.info\/sexshop001\/","name":"Tienda Er\u00f3tica","description":"DEMOWEB SL","potentialAction":[{"@type":"SearchAction","target":{"@type":"EntryPoint","urlTemplate":"https:\/\/demoweb.info\/sexshop001\/?s={search_term_string}"},"query-input":"required name=search_term_string"}],"inLanguage":"es"}]}},"_links":{"self":[{"href":"https:\/\/demoweb.info\/sexshop001\/wp-json\/wp\/v3\/product\/12193","targetHints":{"allow":["GET"]}}],"collection":[{"href":"https:\/\/demoweb.info\/sexshop001\/wp-json\/wp\/v3\/product"}],"about":[{"href":"https:\/\/demoweb.info\/sexshop001\/wp-json\/wp\/v2\/types\/product"}],"replies":[{"embeddable":true,"href":"https:\/\/demoweb.info\/sexshop001\/wp-json\/wp\/v2\/comments?post=12193"}],"wp:featuredmedia":[{"embeddable":true,"href":"https:\/\/demoweb.info\/sexshop001\/wp-json\/wp\/v2\/media\/12194"}],"wp:attachment":[{"href":"https:\/\/demoweb.info\/sexshop001\/wp-json\/wp\/v2\/media?parent=12193"}],"wp:term":[{"taxonomy":"product_cat","embeddable":true,"href":"https:\/\/demoweb.info\/sexshop001\/wp-json\/wp\/v2\/product_cat?post=12193"},{"taxonomy":"product_tag","embeddable":true,"href":"https:\/\/demoweb.info\/sexshop001\/wp-json\/wp\/v2\/product_tag?post=12193"}],"curies":[{"name":"wp","href":"https:\/\/api.w.org\/{rel}","templated":true}]}}