{"id":12112,"date":"2022-01-22T10:03:26","date_gmt":"2022-01-22T09:03:26","guid":{"rendered":"https:\/\/demoweb.info\/sexshop001\/producto\/silicone-fusion-anillo-pene-con-electroestimulacion\/"},"modified":"2022-01-22T10:03:38","modified_gmt":"2022-01-22T09:03:38","slug":"silicone-fusion-anillo-pene-con-electroestimulacion","status":"publish","type":"product","link":"https:\/\/demoweb.info\/sexshop001\/producto\/silicone-fusion-anillo-pene-con-electroestimulacion\/","title":{"rendered":"SILICONE FUSION &#8211; ANILLO PENE CON ELECTROESTIMULACI\u00d3N"},"content":{"rendered":"<p><strong>SILICONE FUSION <\/strong><\/p>\n<p>Ya sea que est\u00e9s usando Viper para la masturbaci\u00f3n o juegues con un compa\u00f1ero, este audaz escudo de pene te permite experimentar las sensaciones \u00fanicas del electro sexo en una gran variedad de escenarios.<\/p>\n<p>Hecho de la silicona roja y negra de la gama Fusion, el dise\u00f1o llamativo de Viper levanta y acuna lel pene y las bolas para un contacto el\u00e9ctrico \u00f3ptimo y erecciones mejoradas.<\/p>\n<p>C\u00f3modo de usar y discreto durante el sexo; Viper est\u00e1 dise\u00f1ado para usarse simult\u00e1neamente alrededor del eje y el escroto para la mejor estabilidad y sensaciones durante el uso. La abertura de forma ovalada y la silicona flexible permiten un ajuste c\u00f3modo en la mayor\u00eda de los tama\u00f1os de pene, sin importar c\u00f3mo elija usar Viper.<\/p>\n<p>Para las mejores sensaciones, sugerimos usar una capa delgada de gel conductor en el punto de contacto entre las zonas elevadas negras y su piel. Viper requiere cualquier estimulador ElectraStim (se vende por separado) para experimentar las sensaciones electro.<\/p>\n<ul>\n<li>Dimensiones del producto :7,7 x 7,7 x 1,5 cm<\/li>\n<li>Peso del producto :50 gram<\/li>\n<li>A prueba de agua :S\u00ed<\/li>\n<li>Materiales : Silicona<\/li>\n<\/ul>\n","protected":false},"excerpt":{"rendered":"<p>SILICONE FUSION Ya sea que est\u00e9s usando Viper para la masturbaci\u00f3n o juegues con un compa\u00f1ero, este audaz escudo de<\/p>\n","protected":false},"featured_media":12113,"comment_status":"open","ping_status":"open","template":"","meta":[],"product_cat":[492],"product_tag":[648],"class_list":["post-12112","product","type-product","status-publish","has-post-thumbnail","hentry","product_cat-electroestimulacion","product_tag-electrastim"],"bundled_by":[],"bundle_stock_status":"instock","bundle_stock_quantity":1,"bundle_virtual":false,"bundle_layout":"","bundle_add_to_cart_form_location":"","bundle_editable_in_cart":false,"bundle_sold_individually_context":"","bundle_item_grouping":"","bundle_min_size":"","bundle_max_size":"","bundled_items":[],"yoast_head":"<!-- This site is optimized with the Yoast SEO plugin v20.6 - https:\/\/yoast.com\/wordpress\/plugins\/seo\/ -->\n<title>SILICONE FUSION - ANILLO PENE CON ELECTROESTIMULACI\u00d3N - Tienda Er\u00f3tica<\/title>\n<meta name=\"robots\" content=\"noindex, follow, max-snippet:-1, max-image-preview:large, max-video-preview:-1\" \/>\n<meta property=\"og:locale\" content=\"es_ES\" \/>\n<meta property=\"og:type\" content=\"article\" \/>\n<meta property=\"og:title\" content=\"SILICONE FUSION - ANILLO PENE CON ELECTROESTIMULACI\u00d3N - Tienda Er\u00f3tica\" \/>\n<meta property=\"og:description\" content=\"SILICONE FUSION Ya sea que est\u00e9s usando Viper para la masturbaci\u00f3n o juegues con un compa\u00f1ero, este audaz escudo de\" \/>\n<meta property=\"og:url\" content=\"https:\/\/demoweb.info\/sexshop001\/producto\/silicone-fusion-anillo-pene-con-electroestimulacion\/\" \/>\n<meta property=\"og:site_name\" content=\"Tienda Er\u00f3tica\" \/>\n<meta property=\"article:modified_time\" content=\"2022-01-22T09:03:38+00:00\" \/>\n<meta property=\"og:image\" content=\"https:\/\/demoweb.info\/sexshop001\/wp-content\/uploads\/2022\/01\/SILICONE-FUSION-ANILLO-PENE-CON-ELECTROESTIMULACION.jpg\" \/>\n\t<meta property=\"og:image:width\" content=\"550\" \/>\n\t<meta property=\"og:image:height\" content=\"550\" \/>\n\t<meta property=\"og:image:type\" content=\"image\/jpeg\" \/>\n<meta name=\"twitter:card\" content=\"summary_large_image\" \/>\n<meta name=\"twitter:label1\" content=\"Tiempo de lectura\" \/>\n\t<meta name=\"twitter:data1\" content=\"1 minuto\" \/>\n<script type=\"application\/ld+json\" class=\"yoast-schema-graph\">{\"@context\":\"https:\/\/schema.org\",\"@graph\":[{\"@type\":\"WebPage\",\"@id\":\"https:\/\/demoweb.info\/sexshop001\/producto\/silicone-fusion-anillo-pene-con-electroestimulacion\/\",\"url\":\"https:\/\/demoweb.info\/sexshop001\/producto\/silicone-fusion-anillo-pene-con-electroestimulacion\/\",\"name\":\"SILICONE FUSION - ANILLO PENE CON ELECTROESTIMULACI\u00d3N - Tienda Er\u00f3tica\",\"isPartOf\":{\"@id\":\"https:\/\/demoweb.info\/sexshop001\/#website\"},\"datePublished\":\"2022-01-22T09:03:26+00:00\",\"dateModified\":\"2022-01-22T09:03:38+00:00\",\"breadcrumb\":{\"@id\":\"https:\/\/demoweb.info\/sexshop001\/producto\/silicone-fusion-anillo-pene-con-electroestimulacion\/#breadcrumb\"},\"inLanguage\":\"es\",\"potentialAction\":[{\"@type\":\"ReadAction\",\"target\":[\"https:\/\/demoweb.info\/sexshop001\/producto\/silicone-fusion-anillo-pene-con-electroestimulacion\/\"]}]},{\"@type\":\"BreadcrumbList\",\"@id\":\"https:\/\/demoweb.info\/sexshop001\/producto\/silicone-fusion-anillo-pene-con-electroestimulacion\/#breadcrumb\",\"itemListElement\":[{\"@type\":\"ListItem\",\"position\":1,\"name\":\"Portada\",\"item\":\"https:\/\/demoweb.info\/sexshop001\/\"},{\"@type\":\"ListItem\",\"position\":2,\"name\":\"Tienda\",\"item\":\"https:\/\/demoweb.info\/sexshop001\/tienda\/\"},{\"@type\":\"ListItem\",\"position\":3,\"name\":\"SILICONE FUSION &#8211; ANILLO PENE CON ELECTROESTIMULACI\u00d3N\"}]},{\"@type\":\"WebSite\",\"@id\":\"https:\/\/demoweb.info\/sexshop001\/#website\",\"url\":\"https:\/\/demoweb.info\/sexshop001\/\",\"name\":\"Tienda Er\u00f3tica\",\"description\":\"DEMOWEB SL\",\"potentialAction\":[{\"@type\":\"SearchAction\",\"target\":{\"@type\":\"EntryPoint\",\"urlTemplate\":\"https:\/\/demoweb.info\/sexshop001\/?s={search_term_string}\"},\"query-input\":\"required name=search_term_string\"}],\"inLanguage\":\"es\"}]}<\/script>\n<!-- \/ Yoast SEO plugin. -->","yoast_head_json":{"title":"SILICONE FUSION - ANILLO PENE CON ELECTROESTIMULACI\u00d3N - Tienda Er\u00f3tica","robots":{"index":"noindex","follow":"follow","max-snippet":"max-snippet:-1","max-image-preview":"max-image-preview:large","max-video-preview":"max-video-preview:-1"},"og_locale":"es_ES","og_type":"article","og_title":"SILICONE FUSION - ANILLO PENE CON ELECTROESTIMULACI\u00d3N - Tienda Er\u00f3tica","og_description":"SILICONE FUSION Ya sea que est\u00e9s usando Viper para la masturbaci\u00f3n o juegues con un compa\u00f1ero, este audaz escudo de","og_url":"https:\/\/demoweb.info\/sexshop001\/producto\/silicone-fusion-anillo-pene-con-electroestimulacion\/","og_site_name":"Tienda Er\u00f3tica","article_modified_time":"2022-01-22T09:03:38+00:00","og_image":[{"width":550,"height":550,"url":"https:\/\/demoweb.info\/sexshop001\/wp-content\/uploads\/2022\/01\/SILICONE-FUSION-ANILLO-PENE-CON-ELECTROESTIMULACION.jpg","type":"image\/jpeg"}],"twitter_card":"summary_large_image","twitter_misc":{"Tiempo de lectura":"1 minuto"},"schema":{"@context":"https:\/\/schema.org","@graph":[{"@type":"WebPage","@id":"https:\/\/demoweb.info\/sexshop001\/producto\/silicone-fusion-anillo-pene-con-electroestimulacion\/","url":"https:\/\/demoweb.info\/sexshop001\/producto\/silicone-fusion-anillo-pene-con-electroestimulacion\/","name":"SILICONE FUSION - ANILLO PENE CON ELECTROESTIMULACI\u00d3N - Tienda Er\u00f3tica","isPartOf":{"@id":"https:\/\/demoweb.info\/sexshop001\/#website"},"datePublished":"2022-01-22T09:03:26+00:00","dateModified":"2022-01-22T09:03:38+00:00","breadcrumb":{"@id":"https:\/\/demoweb.info\/sexshop001\/producto\/silicone-fusion-anillo-pene-con-electroestimulacion\/#breadcrumb"},"inLanguage":"es","potentialAction":[{"@type":"ReadAction","target":["https:\/\/demoweb.info\/sexshop001\/producto\/silicone-fusion-anillo-pene-con-electroestimulacion\/"]}]},{"@type":"BreadcrumbList","@id":"https:\/\/demoweb.info\/sexshop001\/producto\/silicone-fusion-anillo-pene-con-electroestimulacion\/#breadcrumb","itemListElement":[{"@type":"ListItem","position":1,"name":"Portada","item":"https:\/\/demoweb.info\/sexshop001\/"},{"@type":"ListItem","position":2,"name":"Tienda","item":"https:\/\/demoweb.info\/sexshop001\/tienda\/"},{"@type":"ListItem","position":3,"name":"SILICONE FUSION &#8211; ANILLO PENE CON ELECTROESTIMULACI\u00d3N"}]},{"@type":"WebSite","@id":"https:\/\/demoweb.info\/sexshop001\/#website","url":"https:\/\/demoweb.info\/sexshop001\/","name":"Tienda Er\u00f3tica","description":"DEMOWEB SL","potentialAction":[{"@type":"SearchAction","target":{"@type":"EntryPoint","urlTemplate":"https:\/\/demoweb.info\/sexshop001\/?s={search_term_string}"},"query-input":"required name=search_term_string"}],"inLanguage":"es"}]}},"_links":{"self":[{"href":"https:\/\/demoweb.info\/sexshop001\/wp-json\/wp\/v3\/product\/12112","targetHints":{"allow":["GET"]}}],"collection":[{"href":"https:\/\/demoweb.info\/sexshop001\/wp-json\/wp\/v3\/product"}],"about":[{"href":"https:\/\/demoweb.info\/sexshop001\/wp-json\/wp\/v2\/types\/product"}],"replies":[{"embeddable":true,"href":"https:\/\/demoweb.info\/sexshop001\/wp-json\/wp\/v2\/comments?post=12112"}],"wp:featuredmedia":[{"embeddable":true,"href":"https:\/\/demoweb.info\/sexshop001\/wp-json\/wp\/v2\/media\/12113"}],"wp:attachment":[{"href":"https:\/\/demoweb.info\/sexshop001\/wp-json\/wp\/v2\/media?parent=12112"}],"wp:term":[{"taxonomy":"product_cat","embeddable":true,"href":"https:\/\/demoweb.info\/sexshop001\/wp-json\/wp\/v2\/product_cat?post=12112"},{"taxonomy":"product_tag","embeddable":true,"href":"https:\/\/demoweb.info\/sexshop001\/wp-json\/wp\/v2\/product_tag?post=12112"}],"curies":[{"name":"wp","href":"https:\/\/api.w.org\/{rel}","templated":true}]}}