{"id":11858,"date":"2022-01-22T10:01:34","date_gmt":"2022-01-22T09:01:34","guid":{"rendered":"https:\/\/demoweb.info\/sexshop001\/producto\/set-de-cambinado-de-molinetes\/"},"modified":"2022-01-22T10:01:37","modified_gmt":"2022-01-22T09:01:37","slug":"set-de-cambinado-de-molinetes","status":"publish","type":"product","link":"https:\/\/demoweb.info\/sexshop001\/producto\/set-de-cambinado-de-molinetes\/","title":{"rendered":"SET DE CAMBINADO DE MOLINETES"},"content":{"rendered":"<p><strong>PINWHEELS COMBO SET<\/strong><\/p>\n<p>\u00bfA ti o a tu pareja les encanta la sensaci\u00f3n punzante que solo puede proporcionar el molinete perfecto?<\/p>\n<p>\u00a1Este juego de 4 molinetes intercambiables seguramente har\u00e1 que su coraz\u00f3n salte un latido!<\/p>\n<p>Cada conjunto de molinete viene completo con un elegante mango cromado y cuatro accesorios er\u00f3ticos de molinete, cada uno con un n\u00famero variable de cabezas para que pueda elegir su arma para adaptarse a la situaci\u00f3n.<\/p>\n<p>Abra la cremallera de la bolsa forrada de terciopelo para revelar este juego de molinete desviado y estar\u00e1 listo para una noche de juego de sensaciones brillantes.<\/p>\n<ul>\n<li>Dimensiones del producto    22 x 12,5 x 3 cm<\/li>\n<li>Peso del producto    351 gram<\/li>\n<li>Di\u00e1metro interno    3cm<\/li>\n<li>A prueba de salpicaduras    S\u00ed<\/li>\n<li>Materiales    Stainless Steel\n\t <\/li>\n<\/ul>\n","protected":false},"excerpt":{"rendered":"<p>PINWHEELS COMBO SET \u00bfA ti o a tu pareja les encanta la sensaci\u00f3n punzante que solo puede proporcionar el molinete<\/p>\n","protected":false},"featured_media":11859,"comment_status":"open","ping_status":"open","template":"","meta":[],"product_cat":[287],"product_tag":[283],"class_list":["post-11858","product","type-product","status-publish","has-post-thumbnail","hentry","product_cat-extreme-bdsm","product_tag-triune"],"bundled_by":[],"bundle_stock_status":"instock","bundle_stock_quantity":1,"bundle_virtual":false,"bundle_layout":"","bundle_add_to_cart_form_location":"","bundle_editable_in_cart":false,"bundle_sold_individually_context":"","bundle_item_grouping":"","bundle_min_size":"","bundle_max_size":"","bundled_items":[],"yoast_head":"<!-- This site is optimized with the Yoast SEO plugin v20.6 - https:\/\/yoast.com\/wordpress\/plugins\/seo\/ -->\n<title>SET DE CAMBINADO DE MOLINETES - Tienda Er\u00f3tica<\/title>\n<meta name=\"robots\" content=\"noindex, follow, max-snippet:-1, max-image-preview:large, max-video-preview:-1\" \/>\n<meta property=\"og:locale\" content=\"es_ES\" \/>\n<meta property=\"og:type\" content=\"article\" \/>\n<meta property=\"og:title\" content=\"SET DE CAMBINADO DE MOLINETES - Tienda Er\u00f3tica\" \/>\n<meta property=\"og:description\" content=\"PINWHEELS COMBO SET \u00bfA ti o a tu pareja les encanta la sensaci\u00f3n punzante que solo puede proporcionar el molinete\" \/>\n<meta property=\"og:url\" content=\"https:\/\/demoweb.info\/sexshop001\/producto\/set-de-cambinado-de-molinetes\/\" \/>\n<meta property=\"og:site_name\" content=\"Tienda Er\u00f3tica\" \/>\n<meta property=\"article:modified_time\" content=\"2022-01-22T09:01:37+00:00\" \/>\n<meta property=\"og:image\" content=\"https:\/\/demoweb.info\/sexshop001\/wp-content\/uploads\/2022\/01\/SET-DE-CAMBINADO-DE-MOLINETES.jpg\" \/>\n\t<meta property=\"og:image:width\" content=\"550\" \/>\n\t<meta property=\"og:image:height\" content=\"550\" \/>\n\t<meta property=\"og:image:type\" content=\"image\/jpeg\" \/>\n<meta name=\"twitter:card\" content=\"summary_large_image\" \/>\n<meta name=\"twitter:label1\" content=\"Tiempo de lectura\" \/>\n\t<meta name=\"twitter:data1\" content=\"1 minuto\" \/>\n<script type=\"application\/ld+json\" class=\"yoast-schema-graph\">{\"@context\":\"https:\/\/schema.org\",\"@graph\":[{\"@type\":\"WebPage\",\"@id\":\"https:\/\/demoweb.info\/sexshop001\/producto\/set-de-cambinado-de-molinetes\/\",\"url\":\"https:\/\/demoweb.info\/sexshop001\/producto\/set-de-cambinado-de-molinetes\/\",\"name\":\"SET DE CAMBINADO DE MOLINETES - Tienda Er\u00f3tica\",\"isPartOf\":{\"@id\":\"https:\/\/demoweb.info\/sexshop001\/#website\"},\"datePublished\":\"2022-01-22T09:01:34+00:00\",\"dateModified\":\"2022-01-22T09:01:37+00:00\",\"breadcrumb\":{\"@id\":\"https:\/\/demoweb.info\/sexshop001\/producto\/set-de-cambinado-de-molinetes\/#breadcrumb\"},\"inLanguage\":\"es\",\"potentialAction\":[{\"@type\":\"ReadAction\",\"target\":[\"https:\/\/demoweb.info\/sexshop001\/producto\/set-de-cambinado-de-molinetes\/\"]}]},{\"@type\":\"BreadcrumbList\",\"@id\":\"https:\/\/demoweb.info\/sexshop001\/producto\/set-de-cambinado-de-molinetes\/#breadcrumb\",\"itemListElement\":[{\"@type\":\"ListItem\",\"position\":1,\"name\":\"Portada\",\"item\":\"https:\/\/demoweb.info\/sexshop001\/\"},{\"@type\":\"ListItem\",\"position\":2,\"name\":\"Tienda\",\"item\":\"https:\/\/demoweb.info\/sexshop001\/tienda\/\"},{\"@type\":\"ListItem\",\"position\":3,\"name\":\"SET DE CAMBINADO DE MOLINETES\"}]},{\"@type\":\"WebSite\",\"@id\":\"https:\/\/demoweb.info\/sexshop001\/#website\",\"url\":\"https:\/\/demoweb.info\/sexshop001\/\",\"name\":\"Tienda Er\u00f3tica\",\"description\":\"DEMOWEB SL\",\"potentialAction\":[{\"@type\":\"SearchAction\",\"target\":{\"@type\":\"EntryPoint\",\"urlTemplate\":\"https:\/\/demoweb.info\/sexshop001\/?s={search_term_string}\"},\"query-input\":\"required name=search_term_string\"}],\"inLanguage\":\"es\"}]}<\/script>\n<!-- \/ Yoast SEO plugin. -->","yoast_head_json":{"title":"SET DE CAMBINADO DE MOLINETES - Tienda Er\u00f3tica","robots":{"index":"noindex","follow":"follow","max-snippet":"max-snippet:-1","max-image-preview":"max-image-preview:large","max-video-preview":"max-video-preview:-1"},"og_locale":"es_ES","og_type":"article","og_title":"SET DE CAMBINADO DE MOLINETES - Tienda Er\u00f3tica","og_description":"PINWHEELS COMBO SET \u00bfA ti o a tu pareja les encanta la sensaci\u00f3n punzante que solo puede proporcionar el molinete","og_url":"https:\/\/demoweb.info\/sexshop001\/producto\/set-de-cambinado-de-molinetes\/","og_site_name":"Tienda Er\u00f3tica","article_modified_time":"2022-01-22T09:01:37+00:00","og_image":[{"width":550,"height":550,"url":"https:\/\/demoweb.info\/sexshop001\/wp-content\/uploads\/2022\/01\/SET-DE-CAMBINADO-DE-MOLINETES.jpg","type":"image\/jpeg"}],"twitter_card":"summary_large_image","twitter_misc":{"Tiempo de lectura":"1 minuto"},"schema":{"@context":"https:\/\/schema.org","@graph":[{"@type":"WebPage","@id":"https:\/\/demoweb.info\/sexshop001\/producto\/set-de-cambinado-de-molinetes\/","url":"https:\/\/demoweb.info\/sexshop001\/producto\/set-de-cambinado-de-molinetes\/","name":"SET DE CAMBINADO DE MOLINETES - Tienda Er\u00f3tica","isPartOf":{"@id":"https:\/\/demoweb.info\/sexshop001\/#website"},"datePublished":"2022-01-22T09:01:34+00:00","dateModified":"2022-01-22T09:01:37+00:00","breadcrumb":{"@id":"https:\/\/demoweb.info\/sexshop001\/producto\/set-de-cambinado-de-molinetes\/#breadcrumb"},"inLanguage":"es","potentialAction":[{"@type":"ReadAction","target":["https:\/\/demoweb.info\/sexshop001\/producto\/set-de-cambinado-de-molinetes\/"]}]},{"@type":"BreadcrumbList","@id":"https:\/\/demoweb.info\/sexshop001\/producto\/set-de-cambinado-de-molinetes\/#breadcrumb","itemListElement":[{"@type":"ListItem","position":1,"name":"Portada","item":"https:\/\/demoweb.info\/sexshop001\/"},{"@type":"ListItem","position":2,"name":"Tienda","item":"https:\/\/demoweb.info\/sexshop001\/tienda\/"},{"@type":"ListItem","position":3,"name":"SET DE CAMBINADO DE MOLINETES"}]},{"@type":"WebSite","@id":"https:\/\/demoweb.info\/sexshop001\/#website","url":"https:\/\/demoweb.info\/sexshop001\/","name":"Tienda Er\u00f3tica","description":"DEMOWEB SL","potentialAction":[{"@type":"SearchAction","target":{"@type":"EntryPoint","urlTemplate":"https:\/\/demoweb.info\/sexshop001\/?s={search_term_string}"},"query-input":"required name=search_term_string"}],"inLanguage":"es"}]}},"_links":{"self":[{"href":"https:\/\/demoweb.info\/sexshop001\/wp-json\/wp\/v3\/product\/11858","targetHints":{"allow":["GET"]}}],"collection":[{"href":"https:\/\/demoweb.info\/sexshop001\/wp-json\/wp\/v3\/product"}],"about":[{"href":"https:\/\/demoweb.info\/sexshop001\/wp-json\/wp\/v2\/types\/product"}],"replies":[{"embeddable":true,"href":"https:\/\/demoweb.info\/sexshop001\/wp-json\/wp\/v2\/comments?post=11858"}],"wp:featuredmedia":[{"embeddable":true,"href":"https:\/\/demoweb.info\/sexshop001\/wp-json\/wp\/v2\/media\/11859"}],"wp:attachment":[{"href":"https:\/\/demoweb.info\/sexshop001\/wp-json\/wp\/v2\/media?parent=11858"}],"wp:term":[{"taxonomy":"product_cat","embeddable":true,"href":"https:\/\/demoweb.info\/sexshop001\/wp-json\/wp\/v2\/product_cat?post=11858"},{"taxonomy":"product_tag","embeddable":true,"href":"https:\/\/demoweb.info\/sexshop001\/wp-json\/wp\/v2\/product_tag?post=11858"}],"curies":[{"name":"wp","href":"https:\/\/api.w.org\/{rel}","templated":true}]}}