{"id":11779,"date":"2022-01-22T10:00:58","date_gmt":"2022-01-22T09:00:58","guid":{"rendered":"https:\/\/demoweb.info\/sexshop001\/producto\/shiatsu-placer-de-lujo-morado\/"},"modified":"2022-01-22T10:00:59","modified_gmt":"2022-01-22T09:00:59","slug":"shiatsu-placer-de-lujo-morado","status":"publish","type":"product","link":"https:\/\/demoweb.info\/sexshop001\/producto\/shiatsu-placer-de-lujo-morado\/","title":{"rendered":"SHIATSU &#8211; PLACER DE LUJO &#8211; MORADO"},"content":{"rendered":"<p><strong>SHIATSU &#8211; PURPLE<\/strong><\/p>\n<p>vive es un fen\u00f3meno nuevo en el mundo de los productos de lujo para adultos.<\/p>\n<p>El Shiatsu tiene un dise\u00f1o fabuloso, lo que lo convierte en un juguete muy deseable y su forma te har\u00e1 sentir nuevas sensaciones de placer.<\/p>\n<p>Los dos motores que se colocan en la cabeza y la parte inferior del juguete tienen 10 patrones de vibraci\u00f3n diferentes.<\/p>\n<p>Cada motor se puede encender individualmente o simult\u00e1neamente para la m\u00e1xima experiencia.<\/p>\n<p>La nueva tecnolog\u00eda recargable e innovadora hace de este un juguete muy poderoso.<\/p>\n<p>La cabeza flexible de tacto suave se ha dise\u00f1ado con 24 puntos de presi\u00f3n para una estimulaci\u00f3n \u00f3ptima.<\/p>\n<p>La parte inferior de este juguete ofrece una experiencia de penetraci\u00f3n incre\u00edble y est\u00e1 hecha de silicona antipolvo impermeable de alta calidad.<\/p>\n<p>Con el Shiatsu te sentir\u00e1s incre\u00edble.<\/p>\n<ul>\n<li>Di\u00e1metro del producto    6,5 cm<\/li>\n<li>Longitud insertable    9,5 cm<\/li>\n<li>Cantidad de motores    2<\/li>\n<li>Rotaciones    15500 RPM<\/li>\n<li>Consejo acerca de la vibraci\u00f3n de rotaci\u00f3n    29500 RPM<\/li>\n<li>Tipos de velocidad    10<\/li>\n<li>Nivel de ruido    50 dB<\/li>\n<li>Recargable    S\u00ed<\/li>\n<li>Tiempo de recarga    120 min<\/li>\n<li>Vida de la recarga de las bater\u00edas    100 min<\/li>\n<li>A prueba de agua    S\u00ed<\/li>\n<li>A prueba de salpicaduras    S\u00ed<\/li>\n<li>Libre de ftalato    S\u00ed<\/li>\n<li>Presupuesto    Insertable diameter: 3 cm<\/li>\n<li>Materiales    Silicone, ABS<\/li>\n<\/ul>\n","protected":false},"excerpt":{"rendered":"<p>SHIATSU &#8211; PURPLE vive es un fen\u00f3meno nuevo en el mundo de los productos de lujo para adultos. El Shiatsu<\/p>\n","protected":false},"featured_media":11780,"comment_status":"open","ping_status":"open","template":"","meta":[],"product_cat":[502],"product_tag":[302,640],"class_list":["post-11779","product","type-product","status-publish","has-post-thumbnail","hentry","product_cat-luxury","product_tag-shots","product_tag-vive"],"bundled_by":[],"bundle_stock_status":"instock","bundle_stock_quantity":4,"bundle_virtual":false,"bundle_layout":"","bundle_add_to_cart_form_location":"","bundle_editable_in_cart":false,"bundle_sold_individually_context":"","bundle_item_grouping":"","bundle_min_size":"","bundle_max_size":"","bundled_items":[],"yoast_head":"<!-- This site is optimized with the Yoast SEO plugin v20.6 - https:\/\/yoast.com\/wordpress\/plugins\/seo\/ -->\n<title>SHIATSU - PLACER DE LUJO - MORADO - Tienda Er\u00f3tica<\/title>\n<meta name=\"robots\" content=\"noindex, follow, max-snippet:-1, max-image-preview:large, max-video-preview:-1\" \/>\n<meta property=\"og:locale\" content=\"es_ES\" \/>\n<meta property=\"og:type\" content=\"article\" \/>\n<meta property=\"og:title\" content=\"SHIATSU - PLACER DE LUJO - MORADO - Tienda Er\u00f3tica\" \/>\n<meta property=\"og:description\" content=\"SHIATSU &#8211; PURPLE vive es un fen\u00f3meno nuevo en el mundo de los productos de lujo para adultos. El Shiatsu\" \/>\n<meta property=\"og:url\" content=\"https:\/\/demoweb.info\/sexshop001\/producto\/shiatsu-placer-de-lujo-morado\/\" \/>\n<meta property=\"og:site_name\" content=\"Tienda Er\u00f3tica\" \/>\n<meta property=\"article:modified_time\" content=\"2022-01-22T09:00:59+00:00\" \/>\n<meta property=\"og:image\" content=\"https:\/\/demoweb.info\/sexshop001\/wp-content\/uploads\/2022\/01\/SHIATSU-PLACER-DE-LUJO-MORADO.jpg\" \/>\n\t<meta property=\"og:image:width\" content=\"550\" \/>\n\t<meta property=\"og:image:height\" content=\"550\" \/>\n\t<meta property=\"og:image:type\" content=\"image\/jpeg\" \/>\n<meta name=\"twitter:card\" content=\"summary_large_image\" \/>\n<meta name=\"twitter:label1\" content=\"Tiempo de lectura\" \/>\n\t<meta name=\"twitter:data1\" content=\"1 minuto\" \/>\n<script type=\"application\/ld+json\" class=\"yoast-schema-graph\">{\"@context\":\"https:\/\/schema.org\",\"@graph\":[{\"@type\":\"WebPage\",\"@id\":\"https:\/\/demoweb.info\/sexshop001\/producto\/shiatsu-placer-de-lujo-morado\/\",\"url\":\"https:\/\/demoweb.info\/sexshop001\/producto\/shiatsu-placer-de-lujo-morado\/\",\"name\":\"SHIATSU - PLACER DE LUJO - MORADO - Tienda Er\u00f3tica\",\"isPartOf\":{\"@id\":\"https:\/\/demoweb.info\/sexshop001\/#website\"},\"datePublished\":\"2022-01-22T09:00:58+00:00\",\"dateModified\":\"2022-01-22T09:00:59+00:00\",\"breadcrumb\":{\"@id\":\"https:\/\/demoweb.info\/sexshop001\/producto\/shiatsu-placer-de-lujo-morado\/#breadcrumb\"},\"inLanguage\":\"es\",\"potentialAction\":[{\"@type\":\"ReadAction\",\"target\":[\"https:\/\/demoweb.info\/sexshop001\/producto\/shiatsu-placer-de-lujo-morado\/\"]}]},{\"@type\":\"BreadcrumbList\",\"@id\":\"https:\/\/demoweb.info\/sexshop001\/producto\/shiatsu-placer-de-lujo-morado\/#breadcrumb\",\"itemListElement\":[{\"@type\":\"ListItem\",\"position\":1,\"name\":\"Portada\",\"item\":\"https:\/\/demoweb.info\/sexshop001\/\"},{\"@type\":\"ListItem\",\"position\":2,\"name\":\"Tienda\",\"item\":\"https:\/\/demoweb.info\/sexshop001\/tienda\/\"},{\"@type\":\"ListItem\",\"position\":3,\"name\":\"SHIATSU &#8211; PLACER DE LUJO &#8211; MORADO\"}]},{\"@type\":\"WebSite\",\"@id\":\"https:\/\/demoweb.info\/sexshop001\/#website\",\"url\":\"https:\/\/demoweb.info\/sexshop001\/\",\"name\":\"Tienda Er\u00f3tica\",\"description\":\"DEMOWEB SL\",\"potentialAction\":[{\"@type\":\"SearchAction\",\"target\":{\"@type\":\"EntryPoint\",\"urlTemplate\":\"https:\/\/demoweb.info\/sexshop001\/?s={search_term_string}\"},\"query-input\":\"required name=search_term_string\"}],\"inLanguage\":\"es\"}]}<\/script>\n<!-- \/ Yoast SEO plugin. -->","yoast_head_json":{"title":"SHIATSU - PLACER DE LUJO - MORADO - Tienda Er\u00f3tica","robots":{"index":"noindex","follow":"follow","max-snippet":"max-snippet:-1","max-image-preview":"max-image-preview:large","max-video-preview":"max-video-preview:-1"},"og_locale":"es_ES","og_type":"article","og_title":"SHIATSU - PLACER DE LUJO - MORADO - Tienda Er\u00f3tica","og_description":"SHIATSU &#8211; PURPLE vive es un fen\u00f3meno nuevo en el mundo de los productos de lujo para adultos. El Shiatsu","og_url":"https:\/\/demoweb.info\/sexshop001\/producto\/shiatsu-placer-de-lujo-morado\/","og_site_name":"Tienda Er\u00f3tica","article_modified_time":"2022-01-22T09:00:59+00:00","og_image":[{"width":550,"height":550,"url":"https:\/\/demoweb.info\/sexshop001\/wp-content\/uploads\/2022\/01\/SHIATSU-PLACER-DE-LUJO-MORADO.jpg","type":"image\/jpeg"}],"twitter_card":"summary_large_image","twitter_misc":{"Tiempo de lectura":"1 minuto"},"schema":{"@context":"https:\/\/schema.org","@graph":[{"@type":"WebPage","@id":"https:\/\/demoweb.info\/sexshop001\/producto\/shiatsu-placer-de-lujo-morado\/","url":"https:\/\/demoweb.info\/sexshop001\/producto\/shiatsu-placer-de-lujo-morado\/","name":"SHIATSU - PLACER DE LUJO - MORADO - Tienda Er\u00f3tica","isPartOf":{"@id":"https:\/\/demoweb.info\/sexshop001\/#website"},"datePublished":"2022-01-22T09:00:58+00:00","dateModified":"2022-01-22T09:00:59+00:00","breadcrumb":{"@id":"https:\/\/demoweb.info\/sexshop001\/producto\/shiatsu-placer-de-lujo-morado\/#breadcrumb"},"inLanguage":"es","potentialAction":[{"@type":"ReadAction","target":["https:\/\/demoweb.info\/sexshop001\/producto\/shiatsu-placer-de-lujo-morado\/"]}]},{"@type":"BreadcrumbList","@id":"https:\/\/demoweb.info\/sexshop001\/producto\/shiatsu-placer-de-lujo-morado\/#breadcrumb","itemListElement":[{"@type":"ListItem","position":1,"name":"Portada","item":"https:\/\/demoweb.info\/sexshop001\/"},{"@type":"ListItem","position":2,"name":"Tienda","item":"https:\/\/demoweb.info\/sexshop001\/tienda\/"},{"@type":"ListItem","position":3,"name":"SHIATSU &#8211; PLACER DE LUJO &#8211; MORADO"}]},{"@type":"WebSite","@id":"https:\/\/demoweb.info\/sexshop001\/#website","url":"https:\/\/demoweb.info\/sexshop001\/","name":"Tienda Er\u00f3tica","description":"DEMOWEB SL","potentialAction":[{"@type":"SearchAction","target":{"@type":"EntryPoint","urlTemplate":"https:\/\/demoweb.info\/sexshop001\/?s={search_term_string}"},"query-input":"required name=search_term_string"}],"inLanguage":"es"}]}},"_links":{"self":[{"href":"https:\/\/demoweb.info\/sexshop001\/wp-json\/wp\/v3\/product\/11779","targetHints":{"allow":["GET"]}}],"collection":[{"href":"https:\/\/demoweb.info\/sexshop001\/wp-json\/wp\/v3\/product"}],"about":[{"href":"https:\/\/demoweb.info\/sexshop001\/wp-json\/wp\/v2\/types\/product"}],"replies":[{"embeddable":true,"href":"https:\/\/demoweb.info\/sexshop001\/wp-json\/wp\/v2\/comments?post=11779"}],"wp:featuredmedia":[{"embeddable":true,"href":"https:\/\/demoweb.info\/sexshop001\/wp-json\/wp\/v2\/media\/11780"}],"wp:attachment":[{"href":"https:\/\/demoweb.info\/sexshop001\/wp-json\/wp\/v2\/media?parent=11779"}],"wp:term":[{"taxonomy":"product_cat","embeddable":true,"href":"https:\/\/demoweb.info\/sexshop001\/wp-json\/wp\/v2\/product_cat?post=11779"},{"taxonomy":"product_tag","embeddable":true,"href":"https:\/\/demoweb.info\/sexshop001\/wp-json\/wp\/v2\/product_tag?post=11779"}],"curies":[{"name":"wp","href":"https:\/\/api.w.org\/{rel}","templated":true}]}}