{"id":11525,"date":"2022-01-22T09:58:46","date_gmt":"2022-01-22T08:58:46","guid":{"rendered":"https:\/\/demoweb.info\/sexshop001\/producto\/taboom-my-favorite-vibrador-mariposa-lila\/"},"modified":"2022-01-22T09:58:49","modified_gmt":"2022-01-22T08:58:49","slug":"taboom-my-favorite-vibrador-mariposa-lila","status":"publish","type":"product","link":"https:\/\/demoweb.info\/sexshop001\/producto\/taboom-my-favorite-vibrador-mariposa-lila\/","title":{"rendered":"TABOOM MY FAVORITE VIBRADOR MARIPOSA LILA"},"content":{"rendered":"<p><font size=&quot;1&quot;><\/p>\n<p align=&quot;justify&quot;><B>TABOOM MY FAVORITE BUTTERFLY VIBRATOR PURPLE<\/B>.<\/p>\n<p>My favorite vibrador mariposa tiene una punta curva para la estimulaci\u00f3n selectiva perfecta. Elije entre 3 velocidades de rotaci\u00f3n y sus 7 modos de vibraci\u00f3n para estimular el cl\u00edtoris. El vibrador est\u00e1 fabricando a partir de silicona 100% de grado m\u00e9dico. Es resistente al agua tambi\u00e9n, as\u00ed que lo podr\u00e1s disfrutar en el ba\u00f1o o en la ducha!<\/p>\n<p>Medidas: 12,5 cm x 3 cm<\/p>\n<p>Funciona con 3 pilas <b>AAA<\/b> que no van incluidas.<br \/>\n<\/font><\/p>\n","protected":false},"excerpt":{"rendered":"<p>TABOOM MY FAVORITE BUTTERFLY VIBRATOR PURPLE. My favorite vibrador mariposa tiene una punta curva para la estimulaci\u00f3n selectiva perfecta. Elije<\/p>\n","protected":false},"featured_media":11526,"comment_status":"open","ping_status":"open","template":"","meta":[],"product_cat":[434],"product_tag":[620],"class_list":["post-11525","product","type-product","status-publish","has-post-thumbnail","hentry","product_cat-doble-estimulacion-vibradores-juguetes-xxx","product_tag-taboom"],"bundled_by":[],"bundle_stock_status":"outofstock","bundle_stock_quantity":0,"bundle_virtual":false,"bundle_layout":"","bundle_add_to_cart_form_location":"","bundle_editable_in_cart":false,"bundle_sold_individually_context":"","bundle_item_grouping":"","bundle_min_size":"","bundle_max_size":"","bundled_items":[],"yoast_head":"<!-- This site is optimized with the Yoast SEO plugin v20.6 - https:\/\/yoast.com\/wordpress\/plugins\/seo\/ -->\n<title>TABOOM MY FAVORITE VIBRADOR MARIPOSA LILA - Tienda Er\u00f3tica<\/title>\n<meta name=\"robots\" content=\"noindex, follow, max-snippet:-1, max-image-preview:large, max-video-preview:-1\" \/>\n<meta property=\"og:locale\" content=\"es_ES\" \/>\n<meta property=\"og:type\" content=\"article\" \/>\n<meta property=\"og:title\" content=\"TABOOM MY FAVORITE VIBRADOR MARIPOSA LILA - Tienda Er\u00f3tica\" \/>\n<meta property=\"og:description\" content=\"TABOOM MY FAVORITE BUTTERFLY VIBRATOR PURPLE. My favorite vibrador mariposa tiene una punta curva para la estimulaci\u00f3n selectiva perfecta. Elije\" \/>\n<meta property=\"og:url\" content=\"https:\/\/demoweb.info\/sexshop001\/producto\/taboom-my-favorite-vibrador-mariposa-lila\/\" \/>\n<meta property=\"og:site_name\" content=\"Tienda Er\u00f3tica\" \/>\n<meta property=\"article:modified_time\" content=\"2022-01-22T08:58:49+00:00\" \/>\n<meta property=\"og:image\" content=\"https:\/\/demoweb.info\/sexshop001\/wp-content\/uploads\/2022\/01\/TABOOM-MY-FAVORITE-VIBRADOR-MARIPOSA-LILA.jpg\" \/>\n\t<meta property=\"og:image:width\" content=\"550\" \/>\n\t<meta property=\"og:image:height\" content=\"550\" \/>\n\t<meta property=\"og:image:type\" content=\"image\/jpeg\" \/>\n<meta name=\"twitter:card\" content=\"summary_large_image\" \/>\n<script type=\"application\/ld+json\" class=\"yoast-schema-graph\">{\"@context\":\"https:\/\/schema.org\",\"@graph\":[{\"@type\":\"WebPage\",\"@id\":\"https:\/\/demoweb.info\/sexshop001\/producto\/taboom-my-favorite-vibrador-mariposa-lila\/\",\"url\":\"https:\/\/demoweb.info\/sexshop001\/producto\/taboom-my-favorite-vibrador-mariposa-lila\/\",\"name\":\"TABOOM MY FAVORITE VIBRADOR MARIPOSA LILA - Tienda Er\u00f3tica\",\"isPartOf\":{\"@id\":\"https:\/\/demoweb.info\/sexshop001\/#website\"},\"datePublished\":\"2022-01-22T08:58:46+00:00\",\"dateModified\":\"2022-01-22T08:58:49+00:00\",\"breadcrumb\":{\"@id\":\"https:\/\/demoweb.info\/sexshop001\/producto\/taboom-my-favorite-vibrador-mariposa-lila\/#breadcrumb\"},\"inLanguage\":\"es\",\"potentialAction\":[{\"@type\":\"ReadAction\",\"target\":[\"https:\/\/demoweb.info\/sexshop001\/producto\/taboom-my-favorite-vibrador-mariposa-lila\/\"]}]},{\"@type\":\"BreadcrumbList\",\"@id\":\"https:\/\/demoweb.info\/sexshop001\/producto\/taboom-my-favorite-vibrador-mariposa-lila\/#breadcrumb\",\"itemListElement\":[{\"@type\":\"ListItem\",\"position\":1,\"name\":\"Portada\",\"item\":\"https:\/\/demoweb.info\/sexshop001\/\"},{\"@type\":\"ListItem\",\"position\":2,\"name\":\"Tienda\",\"item\":\"https:\/\/demoweb.info\/sexshop001\/tienda\/\"},{\"@type\":\"ListItem\",\"position\":3,\"name\":\"TABOOM MY FAVORITE VIBRADOR MARIPOSA LILA\"}]},{\"@type\":\"WebSite\",\"@id\":\"https:\/\/demoweb.info\/sexshop001\/#website\",\"url\":\"https:\/\/demoweb.info\/sexshop001\/\",\"name\":\"Tienda Er\u00f3tica\",\"description\":\"DEMOWEB SL\",\"potentialAction\":[{\"@type\":\"SearchAction\",\"target\":{\"@type\":\"EntryPoint\",\"urlTemplate\":\"https:\/\/demoweb.info\/sexshop001\/?s={search_term_string}\"},\"query-input\":\"required name=search_term_string\"}],\"inLanguage\":\"es\"}]}<\/script>\n<!-- \/ Yoast SEO plugin. -->","yoast_head_json":{"title":"TABOOM MY FAVORITE VIBRADOR MARIPOSA LILA - Tienda Er\u00f3tica","robots":{"index":"noindex","follow":"follow","max-snippet":"max-snippet:-1","max-image-preview":"max-image-preview:large","max-video-preview":"max-video-preview:-1"},"og_locale":"es_ES","og_type":"article","og_title":"TABOOM MY FAVORITE VIBRADOR MARIPOSA LILA - Tienda Er\u00f3tica","og_description":"TABOOM MY FAVORITE BUTTERFLY VIBRATOR PURPLE. My favorite vibrador mariposa tiene una punta curva para la estimulaci\u00f3n selectiva perfecta. Elije","og_url":"https:\/\/demoweb.info\/sexshop001\/producto\/taboom-my-favorite-vibrador-mariposa-lila\/","og_site_name":"Tienda Er\u00f3tica","article_modified_time":"2022-01-22T08:58:49+00:00","og_image":[{"width":550,"height":550,"url":"https:\/\/demoweb.info\/sexshop001\/wp-content\/uploads\/2022\/01\/TABOOM-MY-FAVORITE-VIBRADOR-MARIPOSA-LILA.jpg","type":"image\/jpeg"}],"twitter_card":"summary_large_image","schema":{"@context":"https:\/\/schema.org","@graph":[{"@type":"WebPage","@id":"https:\/\/demoweb.info\/sexshop001\/producto\/taboom-my-favorite-vibrador-mariposa-lila\/","url":"https:\/\/demoweb.info\/sexshop001\/producto\/taboom-my-favorite-vibrador-mariposa-lila\/","name":"TABOOM MY FAVORITE VIBRADOR MARIPOSA LILA - Tienda Er\u00f3tica","isPartOf":{"@id":"https:\/\/demoweb.info\/sexshop001\/#website"},"datePublished":"2022-01-22T08:58:46+00:00","dateModified":"2022-01-22T08:58:49+00:00","breadcrumb":{"@id":"https:\/\/demoweb.info\/sexshop001\/producto\/taboom-my-favorite-vibrador-mariposa-lila\/#breadcrumb"},"inLanguage":"es","potentialAction":[{"@type":"ReadAction","target":["https:\/\/demoweb.info\/sexshop001\/producto\/taboom-my-favorite-vibrador-mariposa-lila\/"]}]},{"@type":"BreadcrumbList","@id":"https:\/\/demoweb.info\/sexshop001\/producto\/taboom-my-favorite-vibrador-mariposa-lila\/#breadcrumb","itemListElement":[{"@type":"ListItem","position":1,"name":"Portada","item":"https:\/\/demoweb.info\/sexshop001\/"},{"@type":"ListItem","position":2,"name":"Tienda","item":"https:\/\/demoweb.info\/sexshop001\/tienda\/"},{"@type":"ListItem","position":3,"name":"TABOOM MY FAVORITE VIBRADOR MARIPOSA LILA"}]},{"@type":"WebSite","@id":"https:\/\/demoweb.info\/sexshop001\/#website","url":"https:\/\/demoweb.info\/sexshop001\/","name":"Tienda Er\u00f3tica","description":"DEMOWEB SL","potentialAction":[{"@type":"SearchAction","target":{"@type":"EntryPoint","urlTemplate":"https:\/\/demoweb.info\/sexshop001\/?s={search_term_string}"},"query-input":"required name=search_term_string"}],"inLanguage":"es"}]}},"_links":{"self":[{"href":"https:\/\/demoweb.info\/sexshop001\/wp-json\/wp\/v3\/product\/11525","targetHints":{"allow":["GET"]}}],"collection":[{"href":"https:\/\/demoweb.info\/sexshop001\/wp-json\/wp\/v3\/product"}],"about":[{"href":"https:\/\/demoweb.info\/sexshop001\/wp-json\/wp\/v2\/types\/product"}],"replies":[{"embeddable":true,"href":"https:\/\/demoweb.info\/sexshop001\/wp-json\/wp\/v2\/comments?post=11525"}],"wp:featuredmedia":[{"embeddable":true,"href":"https:\/\/demoweb.info\/sexshop001\/wp-json\/wp\/v2\/media\/11526"}],"wp:attachment":[{"href":"https:\/\/demoweb.info\/sexshop001\/wp-json\/wp\/v2\/media?parent=11525"}],"wp:term":[{"taxonomy":"product_cat","embeddable":true,"href":"https:\/\/demoweb.info\/sexshop001\/wp-json\/wp\/v2\/product_cat?post=11525"},{"taxonomy":"product_tag","embeddable":true,"href":"https:\/\/demoweb.info\/sexshop001\/wp-json\/wp\/v2\/product_tag?post=11525"}],"curies":[{"name":"wp","href":"https:\/\/api.w.org\/{rel}","templated":true}]}}