{"id":11523,"date":"2022-01-22T09:58:46","date_gmt":"2022-01-22T08:58:46","guid":{"rendered":"https:\/\/demoweb.info\/sexshop001\/producto\/control-preservativos-non-stop-retard-12uds\/"},"modified":"2022-01-22T09:58:49","modified_gmt":"2022-01-22T08:58:49","slug":"control-preservativos-non-stop-retard-12uds","status":"publish","type":"product","link":"https:\/\/demoweb.info\/sexshop001\/producto\/control-preservativos-non-stop-retard-12uds\/","title":{"rendered":"CONTROL PRESERVATIVOS NON STOP RETARD 12UDS"},"content":{"rendered":"<p><strong>CONTROL NON STOP RETARD 12 UDS<\/strong><\/p>\n<p>Preservativos Control Non Stop Retard. El placer de tomarte tu tiempo.<\/p>\n<p>Para vivir de la mejor manera las relaciones \u00edntimas, hay que dedicarles todo el tiempo que se merecen. Retard es un preservativo lubricado en su interior con una sustancia retardante, la benzoca\u00edna, para favorecer relaciones m\u00e1s duraderas y prolongar la sensaci\u00f3n de placer.<\/p>\n<ul>\n<li>FORMATO: 12<\/li>\n<li>MATERIAL: L\u00e1tex natural<\/li>\n<li>COLOR: Transparente<\/li>\n<li>CARACTER\u00cdSTICAS: Con lubricaci\u00f3n interna<\/li>\n<li>EFECTO: Retardante<\/li>\n<li>LUBRICACI\u00d3N: Est\u00e1ndar, base silicona<\/li>\n<li>FORMA: Anat\u00f3mica Adapta<\/li>\n<li>GROSOR: 0,070 mm<\/li>\n<li>LARGO: 190 mm<\/li>\n<li>ANCHO: 54 mm<\/li>\n<\/ul>\n","protected":false},"excerpt":{"rendered":"<p>CONTROL NON STOP RETARD 12 UDS Preservativos Control Non Stop Retard. El placer de tomarte tu tiempo. Para vivir de<\/p>\n","protected":false},"featured_media":11524,"comment_status":"open","ping_status":"open","template":"","meta":[],"product_cat":[625],"product_tag":[604],"class_list":["post-11523","product","type-product","status-publish","has-post-thumbnail","hentry","product_cat-retardantes-preservativos","product_tag-control"],"bundled_by":[],"bundle_stock_status":"instock","bundle_stock_quantity":18,"bundle_virtual":false,"bundle_layout":"","bundle_add_to_cart_form_location":"","bundle_editable_in_cart":false,"bundle_sold_individually_context":"","bundle_item_grouping":"","bundle_min_size":"","bundle_max_size":"","bundled_items":[],"yoast_head":"<!-- This site is optimized with the Yoast SEO plugin v20.6 - https:\/\/yoast.com\/wordpress\/plugins\/seo\/ -->\n<title>CONTROL PRESERVATIVOS NON STOP RETARD 12UDS - Tienda Er\u00f3tica<\/title>\n<meta name=\"robots\" content=\"noindex, follow, max-snippet:-1, max-image-preview:large, max-video-preview:-1\" \/>\n<meta property=\"og:locale\" content=\"es_ES\" \/>\n<meta property=\"og:type\" content=\"article\" \/>\n<meta property=\"og:title\" content=\"CONTROL PRESERVATIVOS NON STOP RETARD 12UDS - Tienda Er\u00f3tica\" \/>\n<meta property=\"og:description\" content=\"CONTROL NON STOP RETARD 12 UDS Preservativos Control Non Stop Retard. El placer de tomarte tu tiempo. Para vivir de\" \/>\n<meta property=\"og:url\" content=\"https:\/\/demoweb.info\/sexshop001\/producto\/control-preservativos-non-stop-retard-12uds\/\" \/>\n<meta property=\"og:site_name\" content=\"Tienda Er\u00f3tica\" \/>\n<meta property=\"article:modified_time\" content=\"2022-01-22T08:58:49+00:00\" \/>\n<meta property=\"og:image\" content=\"https:\/\/demoweb.info\/sexshop001\/wp-content\/uploads\/2022\/01\/CONTROL-PRESERVATIVOS-NON-STOP-RETARD-12UDS.jpg\" \/>\n\t<meta property=\"og:image:width\" content=\"550\" \/>\n\t<meta property=\"og:image:height\" content=\"550\" \/>\n\t<meta property=\"og:image:type\" content=\"image\/jpeg\" \/>\n<meta name=\"twitter:card\" content=\"summary_large_image\" \/>\n<script type=\"application\/ld+json\" class=\"yoast-schema-graph\">{\"@context\":\"https:\/\/schema.org\",\"@graph\":[{\"@type\":\"WebPage\",\"@id\":\"https:\/\/demoweb.info\/sexshop001\/producto\/control-preservativos-non-stop-retard-12uds\/\",\"url\":\"https:\/\/demoweb.info\/sexshop001\/producto\/control-preservativos-non-stop-retard-12uds\/\",\"name\":\"CONTROL PRESERVATIVOS NON STOP RETARD 12UDS - Tienda Er\u00f3tica\",\"isPartOf\":{\"@id\":\"https:\/\/demoweb.info\/sexshop001\/#website\"},\"datePublished\":\"2022-01-22T08:58:46+00:00\",\"dateModified\":\"2022-01-22T08:58:49+00:00\",\"breadcrumb\":{\"@id\":\"https:\/\/demoweb.info\/sexshop001\/producto\/control-preservativos-non-stop-retard-12uds\/#breadcrumb\"},\"inLanguage\":\"es\",\"potentialAction\":[{\"@type\":\"ReadAction\",\"target\":[\"https:\/\/demoweb.info\/sexshop001\/producto\/control-preservativos-non-stop-retard-12uds\/\"]}]},{\"@type\":\"BreadcrumbList\",\"@id\":\"https:\/\/demoweb.info\/sexshop001\/producto\/control-preservativos-non-stop-retard-12uds\/#breadcrumb\",\"itemListElement\":[{\"@type\":\"ListItem\",\"position\":1,\"name\":\"Portada\",\"item\":\"https:\/\/demoweb.info\/sexshop001\/\"},{\"@type\":\"ListItem\",\"position\":2,\"name\":\"Tienda\",\"item\":\"https:\/\/demoweb.info\/sexshop001\/tienda\/\"},{\"@type\":\"ListItem\",\"position\":3,\"name\":\"CONTROL PRESERVATIVOS NON STOP RETARD 12UDS\"}]},{\"@type\":\"WebSite\",\"@id\":\"https:\/\/demoweb.info\/sexshop001\/#website\",\"url\":\"https:\/\/demoweb.info\/sexshop001\/\",\"name\":\"Tienda Er\u00f3tica\",\"description\":\"DEMOWEB SL\",\"potentialAction\":[{\"@type\":\"SearchAction\",\"target\":{\"@type\":\"EntryPoint\",\"urlTemplate\":\"https:\/\/demoweb.info\/sexshop001\/?s={search_term_string}\"},\"query-input\":\"required name=search_term_string\"}],\"inLanguage\":\"es\"}]}<\/script>\n<!-- \/ Yoast SEO plugin. -->","yoast_head_json":{"title":"CONTROL PRESERVATIVOS NON STOP RETARD 12UDS - Tienda Er\u00f3tica","robots":{"index":"noindex","follow":"follow","max-snippet":"max-snippet:-1","max-image-preview":"max-image-preview:large","max-video-preview":"max-video-preview:-1"},"og_locale":"es_ES","og_type":"article","og_title":"CONTROL PRESERVATIVOS NON STOP RETARD 12UDS - Tienda Er\u00f3tica","og_description":"CONTROL NON STOP RETARD 12 UDS Preservativos Control Non Stop Retard. El placer de tomarte tu tiempo. Para vivir de","og_url":"https:\/\/demoweb.info\/sexshop001\/producto\/control-preservativos-non-stop-retard-12uds\/","og_site_name":"Tienda Er\u00f3tica","article_modified_time":"2022-01-22T08:58:49+00:00","og_image":[{"width":550,"height":550,"url":"https:\/\/demoweb.info\/sexshop001\/wp-content\/uploads\/2022\/01\/CONTROL-PRESERVATIVOS-NON-STOP-RETARD-12UDS.jpg","type":"image\/jpeg"}],"twitter_card":"summary_large_image","schema":{"@context":"https:\/\/schema.org","@graph":[{"@type":"WebPage","@id":"https:\/\/demoweb.info\/sexshop001\/producto\/control-preservativos-non-stop-retard-12uds\/","url":"https:\/\/demoweb.info\/sexshop001\/producto\/control-preservativos-non-stop-retard-12uds\/","name":"CONTROL PRESERVATIVOS NON STOP RETARD 12UDS - Tienda Er\u00f3tica","isPartOf":{"@id":"https:\/\/demoweb.info\/sexshop001\/#website"},"datePublished":"2022-01-22T08:58:46+00:00","dateModified":"2022-01-22T08:58:49+00:00","breadcrumb":{"@id":"https:\/\/demoweb.info\/sexshop001\/producto\/control-preservativos-non-stop-retard-12uds\/#breadcrumb"},"inLanguage":"es","potentialAction":[{"@type":"ReadAction","target":["https:\/\/demoweb.info\/sexshop001\/producto\/control-preservativos-non-stop-retard-12uds\/"]}]},{"@type":"BreadcrumbList","@id":"https:\/\/demoweb.info\/sexshop001\/producto\/control-preservativos-non-stop-retard-12uds\/#breadcrumb","itemListElement":[{"@type":"ListItem","position":1,"name":"Portada","item":"https:\/\/demoweb.info\/sexshop001\/"},{"@type":"ListItem","position":2,"name":"Tienda","item":"https:\/\/demoweb.info\/sexshop001\/tienda\/"},{"@type":"ListItem","position":3,"name":"CONTROL PRESERVATIVOS NON STOP RETARD 12UDS"}]},{"@type":"WebSite","@id":"https:\/\/demoweb.info\/sexshop001\/#website","url":"https:\/\/demoweb.info\/sexshop001\/","name":"Tienda Er\u00f3tica","description":"DEMOWEB SL","potentialAction":[{"@type":"SearchAction","target":{"@type":"EntryPoint","urlTemplate":"https:\/\/demoweb.info\/sexshop001\/?s={search_term_string}"},"query-input":"required name=search_term_string"}],"inLanguage":"es"}]}},"_links":{"self":[{"href":"https:\/\/demoweb.info\/sexshop001\/wp-json\/wp\/v3\/product\/11523","targetHints":{"allow":["GET"]}}],"collection":[{"href":"https:\/\/demoweb.info\/sexshop001\/wp-json\/wp\/v3\/product"}],"about":[{"href":"https:\/\/demoweb.info\/sexshop001\/wp-json\/wp\/v2\/types\/product"}],"replies":[{"embeddable":true,"href":"https:\/\/demoweb.info\/sexshop001\/wp-json\/wp\/v2\/comments?post=11523"}],"wp:featuredmedia":[{"embeddable":true,"href":"https:\/\/demoweb.info\/sexshop001\/wp-json\/wp\/v2\/media\/11524"}],"wp:attachment":[{"href":"https:\/\/demoweb.info\/sexshop001\/wp-json\/wp\/v2\/media?parent=11523"}],"wp:term":[{"taxonomy":"product_cat","embeddable":true,"href":"https:\/\/demoweb.info\/sexshop001\/wp-json\/wp\/v2\/product_cat?post=11523"},{"taxonomy":"product_tag","embeddable":true,"href":"https:\/\/demoweb.info\/sexshop001\/wp-json\/wp\/v2\/product_tag?post=11523"}],"curies":[{"name":"wp","href":"https:\/\/api.w.org\/{rel}","templated":true}]}}