{"id":11366,"date":"2022-01-22T09:57:36","date_gmt":"2022-01-22T08:57:36","guid":{"rendered":"https:\/\/demoweb.info\/sexshop001\/producto\/dias-de-ira-noches-de-pasion-un-romance-en-londres-3\/"},"modified":"2022-01-22T09:57:39","modified_gmt":"2022-01-22T08:57:39","slug":"dias-de-ira-noches-de-pasion-un-romance-en-londres-3","status":"publish","type":"product","link":"https:\/\/demoweb.info\/sexshop001\/producto\/dias-de-ira-noches-de-pasion-un-romance-en-londres-3\/","title":{"rendered":"D\u00cdAS DE IRA, NOCHES DE PASI\u00d3N ( UN ROMANCE EN LONDRES 3)"},"content":{"rendered":"<p><strong>D\u00cdAS DE IRA, NOCHES DE PASI\u00d3N (UN ROMANCE EN LONDRES 3) <\/strong><\/p>\n<p>NIEVES HIDALGO<\/p>\n<p><strong>\u00c9l quiere desenmascarar a la que cre\u00eda una timadora.<\/strong><br \/>\n<strong>Ella se resiste a contarle su secreto.<\/strong><\/p>\n<p><strong>\u00bfQu\u00e9 camino tomar cuando la pasi\u00f3n se interpone? \u00bfSe puede traicionar al coraz\u00f3n?<\/strong><\/p>\n<p>Sabrina Klever nunca pens\u00f3 que, cuando todo le hab\u00eda dado la espalda, el conde de Lancashire la salvar\u00eda. Tampoco imagin\u00f3 que casi seis a\u00f1os despu\u00e9s se encontrar\u00eda, cara a cara, con el \u00faltimo hombre al que hubiera deseado volver a ver: el bar\u00f3n de Sheringham, que acaba de regresar de la guerra contra Napol\u00e9on.<\/p>\n<p>El bar\u00f3n de Sheringam ha regresado con el \u00fanico deseo de olvidar los horrores de la guerra. Lo \u00fanico que le ha mantenido cuerdo ha sido evocar unos ojos violetas que lo atan a un pasado feliz, antes de conocer la furia de un tiempo de sangre y muerte.<\/p>\n<p>Sin embargo, cuando encuentra a Sabrina viviendo en casa de su abuelo y a pesar de la profunda atracci\u00f3n que siente por ella, no est\u00e1 dispuesto a que manejen sus sentimientos. Su misi\u00f3n es otra: desenmascarar a la mujer que pretende quedarse con parte de su patrimonio. Aunque para ello tenga que renunciar a la pasi\u00f3n.<\/p>\n<ul>\n<li>336 p\u00e1ginas.<\/li>\n<li>Tapa blanda.<\/li>\n<li>A\u00f1o de edici\u00f3n: 2020<\/li>\n<\/ul>\n","protected":false},"excerpt":{"rendered":"<p>D\u00cdAS DE IRA, NOCHES DE PASI\u00d3N (UN ROMANCE EN LONDRES 3) NIEVES HIDALGO \u00c9l quiere desenmascarar a la que cre\u00eda<\/p>\n","protected":false},"featured_media":11367,"comment_status":"open","ping_status":"open","template":"","meta":[],"product_cat":[414],"product_tag":[415,608],"class_list":["post-11366","product","type-product","status-publish","has-post-thumbnail","hentry","product_cat-libros","product_tag-random-house","product_tag-vergara"],"bundled_by":[],"bundle_stock_status":"instock","bundle_stock_quantity":1,"bundle_virtual":false,"bundle_layout":"","bundle_add_to_cart_form_location":"","bundle_editable_in_cart":false,"bundle_sold_individually_context":"","bundle_item_grouping":"","bundle_min_size":"","bundle_max_size":"","bundled_items":[],"yoast_head":"<!-- This site is optimized with the Yoast SEO plugin v20.6 - https:\/\/yoast.com\/wordpress\/plugins\/seo\/ -->\n<title>D\u00cdAS DE IRA, NOCHES DE PASI\u00d3N ( UN ROMANCE EN LONDRES 3) - Tienda Er\u00f3tica<\/title>\n<meta name=\"robots\" content=\"noindex, follow, max-snippet:-1, max-image-preview:large, max-video-preview:-1\" \/>\n<meta property=\"og:locale\" content=\"es_ES\" \/>\n<meta property=\"og:type\" content=\"article\" \/>\n<meta property=\"og:title\" content=\"D\u00cdAS DE IRA, NOCHES DE PASI\u00d3N ( UN ROMANCE EN LONDRES 3) - Tienda Er\u00f3tica\" \/>\n<meta property=\"og:description\" content=\"D\u00cdAS DE IRA, NOCHES DE PASI\u00d3N (UN ROMANCE EN LONDRES 3) NIEVES HIDALGO \u00c9l quiere desenmascarar a la que cre\u00eda\" \/>\n<meta property=\"og:url\" content=\"https:\/\/demoweb.info\/sexshop001\/producto\/dias-de-ira-noches-de-pasion-un-romance-en-londres-3\/\" \/>\n<meta property=\"og:site_name\" content=\"Tienda Er\u00f3tica\" \/>\n<meta property=\"article:modified_time\" content=\"2022-01-22T08:57:39+00:00\" \/>\n<meta property=\"og:image\" content=\"https:\/\/demoweb.info\/sexshop001\/wp-content\/uploads\/2022\/01\/DIAS-DE-IRA-NOCHES-DE-PASION-UN-ROMANCE-EN-LONDRES-3.jpg\" \/>\n\t<meta property=\"og:image:width\" content=\"550\" \/>\n\t<meta property=\"og:image:height\" content=\"550\" \/>\n\t<meta property=\"og:image:type\" content=\"image\/jpeg\" \/>\n<meta name=\"twitter:card\" content=\"summary_large_image\" \/>\n<meta name=\"twitter:label1\" content=\"Tiempo de lectura\" \/>\n\t<meta name=\"twitter:data1\" content=\"1 minuto\" \/>\n<script type=\"application\/ld+json\" class=\"yoast-schema-graph\">{\"@context\":\"https:\/\/schema.org\",\"@graph\":[{\"@type\":\"WebPage\",\"@id\":\"https:\/\/demoweb.info\/sexshop001\/producto\/dias-de-ira-noches-de-pasion-un-romance-en-londres-3\/\",\"url\":\"https:\/\/demoweb.info\/sexshop001\/producto\/dias-de-ira-noches-de-pasion-un-romance-en-londres-3\/\",\"name\":\"D\u00cdAS DE IRA, NOCHES DE PASI\u00d3N ( UN ROMANCE EN LONDRES 3) - Tienda Er\u00f3tica\",\"isPartOf\":{\"@id\":\"https:\/\/demoweb.info\/sexshop001\/#website\"},\"datePublished\":\"2022-01-22T08:57:36+00:00\",\"dateModified\":\"2022-01-22T08:57:39+00:00\",\"breadcrumb\":{\"@id\":\"https:\/\/demoweb.info\/sexshop001\/producto\/dias-de-ira-noches-de-pasion-un-romance-en-londres-3\/#breadcrumb\"},\"inLanguage\":\"es\",\"potentialAction\":[{\"@type\":\"ReadAction\",\"target\":[\"https:\/\/demoweb.info\/sexshop001\/producto\/dias-de-ira-noches-de-pasion-un-romance-en-londres-3\/\"]}]},{\"@type\":\"BreadcrumbList\",\"@id\":\"https:\/\/demoweb.info\/sexshop001\/producto\/dias-de-ira-noches-de-pasion-un-romance-en-londres-3\/#breadcrumb\",\"itemListElement\":[{\"@type\":\"ListItem\",\"position\":1,\"name\":\"Portada\",\"item\":\"https:\/\/demoweb.info\/sexshop001\/\"},{\"@type\":\"ListItem\",\"position\":2,\"name\":\"Tienda\",\"item\":\"https:\/\/demoweb.info\/sexshop001\/tienda\/\"},{\"@type\":\"ListItem\",\"position\":3,\"name\":\"D\u00cdAS DE IRA, NOCHES DE PASI\u00d3N ( UN ROMANCE EN LONDRES 3)\"}]},{\"@type\":\"WebSite\",\"@id\":\"https:\/\/demoweb.info\/sexshop001\/#website\",\"url\":\"https:\/\/demoweb.info\/sexshop001\/\",\"name\":\"Tienda Er\u00f3tica\",\"description\":\"DEMOWEB SL\",\"potentialAction\":[{\"@type\":\"SearchAction\",\"target\":{\"@type\":\"EntryPoint\",\"urlTemplate\":\"https:\/\/demoweb.info\/sexshop001\/?s={search_term_string}\"},\"query-input\":\"required name=search_term_string\"}],\"inLanguage\":\"es\"}]}<\/script>\n<!-- \/ Yoast SEO plugin. -->","yoast_head_json":{"title":"D\u00cdAS DE IRA, NOCHES DE PASI\u00d3N ( UN ROMANCE EN LONDRES 3) - Tienda Er\u00f3tica","robots":{"index":"noindex","follow":"follow","max-snippet":"max-snippet:-1","max-image-preview":"max-image-preview:large","max-video-preview":"max-video-preview:-1"},"og_locale":"es_ES","og_type":"article","og_title":"D\u00cdAS DE IRA, NOCHES DE PASI\u00d3N ( UN ROMANCE EN LONDRES 3) - Tienda Er\u00f3tica","og_description":"D\u00cdAS DE IRA, NOCHES DE PASI\u00d3N (UN ROMANCE EN LONDRES 3) NIEVES HIDALGO \u00c9l quiere desenmascarar a la que cre\u00eda","og_url":"https:\/\/demoweb.info\/sexshop001\/producto\/dias-de-ira-noches-de-pasion-un-romance-en-londres-3\/","og_site_name":"Tienda Er\u00f3tica","article_modified_time":"2022-01-22T08:57:39+00:00","og_image":[{"width":550,"height":550,"url":"https:\/\/demoweb.info\/sexshop001\/wp-content\/uploads\/2022\/01\/DIAS-DE-IRA-NOCHES-DE-PASION-UN-ROMANCE-EN-LONDRES-3.jpg","type":"image\/jpeg"}],"twitter_card":"summary_large_image","twitter_misc":{"Tiempo de lectura":"1 minuto"},"schema":{"@context":"https:\/\/schema.org","@graph":[{"@type":"WebPage","@id":"https:\/\/demoweb.info\/sexshop001\/producto\/dias-de-ira-noches-de-pasion-un-romance-en-londres-3\/","url":"https:\/\/demoweb.info\/sexshop001\/producto\/dias-de-ira-noches-de-pasion-un-romance-en-londres-3\/","name":"D\u00cdAS DE IRA, NOCHES DE PASI\u00d3N ( UN ROMANCE EN LONDRES 3) - Tienda Er\u00f3tica","isPartOf":{"@id":"https:\/\/demoweb.info\/sexshop001\/#website"},"datePublished":"2022-01-22T08:57:36+00:00","dateModified":"2022-01-22T08:57:39+00:00","breadcrumb":{"@id":"https:\/\/demoweb.info\/sexshop001\/producto\/dias-de-ira-noches-de-pasion-un-romance-en-londres-3\/#breadcrumb"},"inLanguage":"es","potentialAction":[{"@type":"ReadAction","target":["https:\/\/demoweb.info\/sexshop001\/producto\/dias-de-ira-noches-de-pasion-un-romance-en-londres-3\/"]}]},{"@type":"BreadcrumbList","@id":"https:\/\/demoweb.info\/sexshop001\/producto\/dias-de-ira-noches-de-pasion-un-romance-en-londres-3\/#breadcrumb","itemListElement":[{"@type":"ListItem","position":1,"name":"Portada","item":"https:\/\/demoweb.info\/sexshop001\/"},{"@type":"ListItem","position":2,"name":"Tienda","item":"https:\/\/demoweb.info\/sexshop001\/tienda\/"},{"@type":"ListItem","position":3,"name":"D\u00cdAS DE IRA, NOCHES DE PASI\u00d3N ( UN ROMANCE EN LONDRES 3)"}]},{"@type":"WebSite","@id":"https:\/\/demoweb.info\/sexshop001\/#website","url":"https:\/\/demoweb.info\/sexshop001\/","name":"Tienda Er\u00f3tica","description":"DEMOWEB SL","potentialAction":[{"@type":"SearchAction","target":{"@type":"EntryPoint","urlTemplate":"https:\/\/demoweb.info\/sexshop001\/?s={search_term_string}"},"query-input":"required name=search_term_string"}],"inLanguage":"es"}]}},"_links":{"self":[{"href":"https:\/\/demoweb.info\/sexshop001\/wp-json\/wp\/v3\/product\/11366","targetHints":{"allow":["GET"]}}],"collection":[{"href":"https:\/\/demoweb.info\/sexshop001\/wp-json\/wp\/v3\/product"}],"about":[{"href":"https:\/\/demoweb.info\/sexshop001\/wp-json\/wp\/v2\/types\/product"}],"replies":[{"embeddable":true,"href":"https:\/\/demoweb.info\/sexshop001\/wp-json\/wp\/v2\/comments?post=11366"}],"wp:featuredmedia":[{"embeddable":true,"href":"https:\/\/demoweb.info\/sexshop001\/wp-json\/wp\/v2\/media\/11367"}],"wp:attachment":[{"href":"https:\/\/demoweb.info\/sexshop001\/wp-json\/wp\/v2\/media?parent=11366"}],"wp:term":[{"taxonomy":"product_cat","embeddable":true,"href":"https:\/\/demoweb.info\/sexshop001\/wp-json\/wp\/v2\/product_cat?post=11366"},{"taxonomy":"product_tag","embeddable":true,"href":"https:\/\/demoweb.info\/sexshop001\/wp-json\/wp\/v2\/product_tag?post=11366"}],"curies":[{"name":"wp","href":"https:\/\/api.w.org\/{rel}","templated":true}]}}