{"id":10417,"date":"2022-01-22T09:50:07","date_gmt":"2022-01-22T08:50:07","guid":{"rendered":"https:\/\/demoweb.info\/sexshop001\/producto\/pene-realsitico-safaree-samuels-anaconda-12-inch-ultraskyn-cock\/"},"modified":"2022-01-22T09:50:26","modified_gmt":"2022-01-22T08:50:26","slug":"pene-realsitico-safaree-samuels-anaconda-12-inch-ultraskyn-cock","status":"publish","type":"product","link":"https:\/\/demoweb.info\/sexshop001\/producto\/pene-realsitico-safaree-samuels-anaconda-12-inch-ultraskyn-cock\/","title":{"rendered":"PENE REALSITICO SAFAREE SAMUELS ANACONDA &#8211; 12 INCH ULTRASKYN COCK"},"content":{"rendered":"<p><strong>SAFAREE SAMUELS ANACONDA &#8211; 12 INCH ULTRASKYN COCK<\/strong><\/p>\n<p>\u00a1El pene de Safaree!<\/p>\n<p> La estrella de la realidad y artista de grabaci\u00f3n Safaree Samuels fue noticia cuando sus desnudos se filtraron infamemente al p\u00fablico, y sus fan\u00e1ticos han estado exigiendo un consolador realista Doc Johnson desde entonces.<\/p>\n<p>La espera ha terminado: esta r\u00e9plica perfecta de 12 est\u00e1 perfectamente hecha a mano en ULTRASKYN realista.<\/p>\n<p>Con vibraciones de m\u00faltiples velocidades para mayor estimulaci\u00f3n y una base de ventosa para diversi\u00f3n sin manos, Safaree&#39;s Signature Cock est\u00e1 listo para complacer.<\/p>\n<ul>\n<li>Peso del producto    666 gram<\/li>\n<li>Di\u00e1metro del producto    5,3 cm<\/li>\n<li>Longitud insertable    23,5 cm<\/li>\n<\/ul>\n","protected":false},"excerpt":{"rendered":"<p>SAFAREE SAMUELS ANACONDA &#8211; 12 INCH ULTRASKYN COCK \u00a1El pene de Safaree! La estrella de la realidad y artista de<\/p>\n","protected":false},"featured_media":10418,"comment_status":"open","ping_status":"open","template":"","meta":[],"product_cat":[545],"product_tag":[460,546],"class_list":["post-10417","product","type-product","status-publish","has-post-thumbnail","hentry","product_cat-de-actores","product_tag-doc-johnson","product_tag-signature-cocks"],"bundled_by":[],"bundle_stock_status":"outofstock","bundle_stock_quantity":0,"bundle_virtual":false,"bundle_layout":"","bundle_add_to_cart_form_location":"","bundle_editable_in_cart":false,"bundle_sold_individually_context":"","bundle_item_grouping":"","bundle_min_size":"","bundle_max_size":"","bundled_items":[],"yoast_head":"<!-- This site is optimized with the Yoast SEO plugin v20.6 - https:\/\/yoast.com\/wordpress\/plugins\/seo\/ -->\n<title>PENE REALSITICO SAFAREE SAMUELS ANACONDA - 12 INCH ULTRASKYN COCK - Tienda Er\u00f3tica<\/title>\n<meta name=\"robots\" content=\"noindex, follow, max-snippet:-1, max-image-preview:large, max-video-preview:-1\" \/>\n<meta property=\"og:locale\" content=\"es_ES\" \/>\n<meta property=\"og:type\" content=\"article\" \/>\n<meta property=\"og:title\" content=\"PENE REALSITICO SAFAREE SAMUELS ANACONDA - 12 INCH ULTRASKYN COCK - Tienda Er\u00f3tica\" \/>\n<meta property=\"og:description\" content=\"SAFAREE SAMUELS ANACONDA &#8211; 12 INCH ULTRASKYN COCK \u00a1El pene de Safaree! La estrella de la realidad y artista de\" \/>\n<meta property=\"og:url\" content=\"https:\/\/demoweb.info\/sexshop001\/producto\/pene-realsitico-safaree-samuels-anaconda-12-inch-ultraskyn-cock\/\" \/>\n<meta property=\"og:site_name\" content=\"Tienda Er\u00f3tica\" \/>\n<meta property=\"article:modified_time\" content=\"2022-01-22T08:50:26+00:00\" \/>\n<meta property=\"og:image\" content=\"https:\/\/demoweb.info\/sexshop001\/wp-content\/uploads\/2022\/01\/PENE-REALSITICO-SAFAREE-SAMUELS-ANACONDA-12-INCH-ULTRASKYN-COCK.jpg\" \/>\n\t<meta property=\"og:image:width\" content=\"550\" \/>\n\t<meta property=\"og:image:height\" content=\"550\" \/>\n\t<meta property=\"og:image:type\" content=\"image\/jpeg\" \/>\n<meta name=\"twitter:card\" content=\"summary_large_image\" \/>\n<meta name=\"twitter:label1\" content=\"Tiempo de lectura\" \/>\n\t<meta name=\"twitter:data1\" content=\"1 minuto\" \/>\n<script type=\"application\/ld+json\" class=\"yoast-schema-graph\">{\"@context\":\"https:\/\/schema.org\",\"@graph\":[{\"@type\":\"WebPage\",\"@id\":\"https:\/\/demoweb.info\/sexshop001\/producto\/pene-realsitico-safaree-samuels-anaconda-12-inch-ultraskyn-cock\/\",\"url\":\"https:\/\/demoweb.info\/sexshop001\/producto\/pene-realsitico-safaree-samuels-anaconda-12-inch-ultraskyn-cock\/\",\"name\":\"PENE REALSITICO SAFAREE SAMUELS ANACONDA - 12 INCH ULTRASKYN COCK - Tienda Er\u00f3tica\",\"isPartOf\":{\"@id\":\"https:\/\/demoweb.info\/sexshop001\/#website\"},\"datePublished\":\"2022-01-22T08:50:07+00:00\",\"dateModified\":\"2022-01-22T08:50:26+00:00\",\"breadcrumb\":{\"@id\":\"https:\/\/demoweb.info\/sexshop001\/producto\/pene-realsitico-safaree-samuels-anaconda-12-inch-ultraskyn-cock\/#breadcrumb\"},\"inLanguage\":\"es\",\"potentialAction\":[{\"@type\":\"ReadAction\",\"target\":[\"https:\/\/demoweb.info\/sexshop001\/producto\/pene-realsitico-safaree-samuels-anaconda-12-inch-ultraskyn-cock\/\"]}]},{\"@type\":\"BreadcrumbList\",\"@id\":\"https:\/\/demoweb.info\/sexshop001\/producto\/pene-realsitico-safaree-samuels-anaconda-12-inch-ultraskyn-cock\/#breadcrumb\",\"itemListElement\":[{\"@type\":\"ListItem\",\"position\":1,\"name\":\"Portada\",\"item\":\"https:\/\/demoweb.info\/sexshop001\/\"},{\"@type\":\"ListItem\",\"position\":2,\"name\":\"Tienda\",\"item\":\"https:\/\/demoweb.info\/sexshop001\/tienda\/\"},{\"@type\":\"ListItem\",\"position\":3,\"name\":\"PENE REALSITICO SAFAREE SAMUELS ANACONDA &#8211; 12 INCH ULTRASKYN COCK\"}]},{\"@type\":\"WebSite\",\"@id\":\"https:\/\/demoweb.info\/sexshop001\/#website\",\"url\":\"https:\/\/demoweb.info\/sexshop001\/\",\"name\":\"Tienda Er\u00f3tica\",\"description\":\"DEMOWEB SL\",\"potentialAction\":[{\"@type\":\"SearchAction\",\"target\":{\"@type\":\"EntryPoint\",\"urlTemplate\":\"https:\/\/demoweb.info\/sexshop001\/?s={search_term_string}\"},\"query-input\":\"required name=search_term_string\"}],\"inLanguage\":\"es\"}]}<\/script>\n<!-- \/ Yoast SEO plugin. -->","yoast_head_json":{"title":"PENE REALSITICO SAFAREE SAMUELS ANACONDA - 12 INCH ULTRASKYN COCK - Tienda Er\u00f3tica","robots":{"index":"noindex","follow":"follow","max-snippet":"max-snippet:-1","max-image-preview":"max-image-preview:large","max-video-preview":"max-video-preview:-1"},"og_locale":"es_ES","og_type":"article","og_title":"PENE REALSITICO SAFAREE SAMUELS ANACONDA - 12 INCH ULTRASKYN COCK - Tienda Er\u00f3tica","og_description":"SAFAREE SAMUELS ANACONDA &#8211; 12 INCH ULTRASKYN COCK \u00a1El pene de Safaree! La estrella de la realidad y artista de","og_url":"https:\/\/demoweb.info\/sexshop001\/producto\/pene-realsitico-safaree-samuels-anaconda-12-inch-ultraskyn-cock\/","og_site_name":"Tienda Er\u00f3tica","article_modified_time":"2022-01-22T08:50:26+00:00","og_image":[{"width":550,"height":550,"url":"https:\/\/demoweb.info\/sexshop001\/wp-content\/uploads\/2022\/01\/PENE-REALSITICO-SAFAREE-SAMUELS-ANACONDA-12-INCH-ULTRASKYN-COCK.jpg","type":"image\/jpeg"}],"twitter_card":"summary_large_image","twitter_misc":{"Tiempo de lectura":"1 minuto"},"schema":{"@context":"https:\/\/schema.org","@graph":[{"@type":"WebPage","@id":"https:\/\/demoweb.info\/sexshop001\/producto\/pene-realsitico-safaree-samuels-anaconda-12-inch-ultraskyn-cock\/","url":"https:\/\/demoweb.info\/sexshop001\/producto\/pene-realsitico-safaree-samuels-anaconda-12-inch-ultraskyn-cock\/","name":"PENE REALSITICO SAFAREE SAMUELS ANACONDA - 12 INCH ULTRASKYN COCK - Tienda Er\u00f3tica","isPartOf":{"@id":"https:\/\/demoweb.info\/sexshop001\/#website"},"datePublished":"2022-01-22T08:50:07+00:00","dateModified":"2022-01-22T08:50:26+00:00","breadcrumb":{"@id":"https:\/\/demoweb.info\/sexshop001\/producto\/pene-realsitico-safaree-samuels-anaconda-12-inch-ultraskyn-cock\/#breadcrumb"},"inLanguage":"es","potentialAction":[{"@type":"ReadAction","target":["https:\/\/demoweb.info\/sexshop001\/producto\/pene-realsitico-safaree-samuels-anaconda-12-inch-ultraskyn-cock\/"]}]},{"@type":"BreadcrumbList","@id":"https:\/\/demoweb.info\/sexshop001\/producto\/pene-realsitico-safaree-samuels-anaconda-12-inch-ultraskyn-cock\/#breadcrumb","itemListElement":[{"@type":"ListItem","position":1,"name":"Portada","item":"https:\/\/demoweb.info\/sexshop001\/"},{"@type":"ListItem","position":2,"name":"Tienda","item":"https:\/\/demoweb.info\/sexshop001\/tienda\/"},{"@type":"ListItem","position":3,"name":"PENE REALSITICO SAFAREE SAMUELS ANACONDA &#8211; 12 INCH ULTRASKYN COCK"}]},{"@type":"WebSite","@id":"https:\/\/demoweb.info\/sexshop001\/#website","url":"https:\/\/demoweb.info\/sexshop001\/","name":"Tienda Er\u00f3tica","description":"DEMOWEB SL","potentialAction":[{"@type":"SearchAction","target":{"@type":"EntryPoint","urlTemplate":"https:\/\/demoweb.info\/sexshop001\/?s={search_term_string}"},"query-input":"required name=search_term_string"}],"inLanguage":"es"}]}},"_links":{"self":[{"href":"https:\/\/demoweb.info\/sexshop001\/wp-json\/wp\/v3\/product\/10417","targetHints":{"allow":["GET"]}}],"collection":[{"href":"https:\/\/demoweb.info\/sexshop001\/wp-json\/wp\/v3\/product"}],"about":[{"href":"https:\/\/demoweb.info\/sexshop001\/wp-json\/wp\/v2\/types\/product"}],"replies":[{"embeddable":true,"href":"https:\/\/demoweb.info\/sexshop001\/wp-json\/wp\/v2\/comments?post=10417"}],"wp:featuredmedia":[{"embeddable":true,"href":"https:\/\/demoweb.info\/sexshop001\/wp-json\/wp\/v2\/media\/10418"}],"wp:attachment":[{"href":"https:\/\/demoweb.info\/sexshop001\/wp-json\/wp\/v2\/media?parent=10417"}],"wp:term":[{"taxonomy":"product_cat","embeddable":true,"href":"https:\/\/demoweb.info\/sexshop001\/wp-json\/wp\/v2\/product_cat?post=10417"},{"taxonomy":"product_tag","embeddable":true,"href":"https:\/\/demoweb.info\/sexshop001\/wp-json\/wp\/v2\/product_tag?post=10417"}],"curies":[{"name":"wp","href":"https:\/\/api.w.org\/{rel}","templated":true}]}}